{"id":3690,"date":"2017-12-18T18:34:24","date_gmt":"2017-12-18T18:34:24","guid":{"rendered":"http:\/\/biblian.is\/gudbrandsbiblia\/siraksbok-3-kafli\/"},"modified":"2020-12-22T17:02:41","modified_gmt":"2020-12-22T17:02:41","slug":"siraksbok-3-kafli","status":"publish","type":"page","link":"https:\/\/biblian.is\/gudbrandsbiblia\/siraksbok-3-kafli\/","title":{"rendered":"S\u00edraksb\u00f3k 3. kafli"},"content":{"rendered":"<p>\u00dev\u00ed mi\u00f0ur vantar umritun \u00e1 3. kafla S\u00edraksb\u00f3kar. H\u00e6gt er a\u00f0 n\u00e1lgast lj\u00f3sprent af kaflanum me\u00f0 gotnesku letri \u00e1 sl\u00f3\u00f0inni <a href=\"http:\/\/baekur.is\/bok\/000036975\/2\/1\/Biblia_thad_er_oll_heilog\/?iabr=on#page\/Bla%C3%B0s%C3%AD%C3%B0a+%5B288%5D++(288+\/+388)\/mode\/2up\">http:\/\/baekur.is\/bok\/000036975\/2\/1\/Biblia_thad_er_oll_heilog\/?iabr=on#page\/Bla%C3%B0s%C3%AD%C3%B0a+%5B288%5D++(288+\/+388)\/mode\/2up<\/a>.<\/p>\n","protected":false},"excerpt":{"rendered":"<p>\u00dev\u00ed mi\u00f0ur vantar umritun \u00e1 3. kafla S\u00edraksb\u00f3kar. H\u00e6gt er a\u00f0 n\u00e1lgast lj\u00f3sprent af kaflanum me\u00f0 gotnesku letri \u00e1 sl\u00f3\u00f0inni http:\/\/baekur.is\/bok\/000036975\/2\/1\/Biblia_thad_er_oll_heilog\/?iabr=on#page\/Bla%C3%B0s%C3%AD%C3%B0a+%5B288%5D++(288+\/+388)\/mode\/2up.<\/p>\n","protected":false},"author":1,"featured_media":0,"parent":0,"menu_order":0,"comment_status":"open","ping_status":"open","template":"bibliukaflar.php","meta":{"footnotes":""},"class_list":["post-3690","page","type-page","status-publish","hentry"],"_links":{"self":[{"href":"https:\/\/biblian.is\/gudbrandsbiblia\/wp-json\/wp\/v2\/pages\/3690","targetHints":{"allow":["GET"]}}],"collection":[{"href":"https:\/\/biblian.is\/gudbrandsbiblia\/wp-json\/wp\/v2\/pages"}],"about":[{"href":"https:\/\/biblian.is\/gudbrandsbiblia\/wp-json\/wp\/v2\/types\/page"}],"author":[{"embeddable":true,"href":"https:\/\/biblian.is\/gudbrandsbiblia\/wp-json\/wp\/v2\/users\/1"}],"replies":[{"embeddable":true,"href":"https:\/\/biblian.is\/gudbrandsbiblia\/wp-json\/wp\/v2\/comments?post=3690"}],"version-history":[{"count":0,"href":"https:\/\/biblian.is\/gudbrandsbiblia\/wp-json\/wp\/v2\/pages\/3690\/revisions"}],"wp:attachment":[{"href":"https:\/\/biblian.is\/gudbrandsbiblia\/wp-json\/wp\/v2\/media?parent=3690"}],"curies":[{"name":"wp","href":"https:\/\/api.w.org\/{rel}","templated":true}]}}