{"id":3684,"date":"2017-12-18T18:34:24","date_gmt":"2017-12-18T18:34:24","guid":{"rendered":"http:\/\/biblian.is\/gudbrandsbiblia\/speki-salomons-16-kafli\/"},"modified":"2017-12-18T18:34:24","modified_gmt":"2017-12-18T18:34:24","slug":"speki-salomons-16-kafli","status":"publish","type":"page","link":"https:\/\/biblian.is\/gudbrandsbiblia\/speki-salomons-16-kafli\/","title":{"rendered":"Speki Sal\u00f3mons 16. kafli"},"content":{"rendered":"<p>XVI.<\/p>\n<p>\u00dear fyrir ur\u00f0u \u00feeir og tilheyrilega me\u00f0 sl\u00edku pl\u00e1ga\u00f0ir og ur\u00f0u p\u00edndir af fj\u00f6lda illra orma. <span class=\"athugasemd\" title=\"Num. xv.\">[<\/span> \u00cd m\u00f3ti hverri pl\u00e1gu \u00fe\u00fa gj\u00f6r\u00f0ir \u00fe\u00ednu f\u00f3lki gott og tilbj\u00f3st \u00feeim eina n\u00fdja f\u00e6\u00f0u, sem er coturnices, \u00feeim til n\u00e6ringar, eftir hverjum \u00fe\u00e1 lysti, so a\u00f0 \u00feeir sem girnd h\u00f6f\u00f0u til sl\u00edks matar skyldu og so l\u00e6ra af \u00feessum gefnum fuglum a\u00f0 stilla n\u00e1tt\u00farlega nau\u00f0\u00feurft. En \u00feeir a\u00f0rir sem um litla stund nau\u00f0 li\u00f0u skyldu og eta n\u00fdjan mat. \u00dev\u00ed a\u00f0 \u00fea\u00f0 \u00e1tti so til a\u00f0 ganga a\u00f0 sl\u00edk ney\u00f0 sem ekki kunni a\u00f0 hindrast h\u00fan skyldi koma yfir \u00fe\u00e1 a\u00f0ra sem ranglega h\u00f6ndlu\u00f0u en \u00feessum skyldi \u00fea\u00f0 vera a\u00f0eins ein undirv\u00edsun hvernin \u00feeirra \u00f3vinir yr\u00f0u pl\u00e1ga\u00f0ir.<\/p>\n<p>\tSannlega \u00fear komu og vond, \u00f3lm d\u00fdr yfir \u00feessa og \u00feeir ur\u00f0u bitnir og fordjarfa\u00f0ir af bj\u00fagum h\u00f6ggormum. \u00de\u00f3 var\u00f0i s\u00fa rei\u00f0i eigi til enda heldur ur\u00f0u \u00feeir um stundarsakir hr\u00e6ddir til vi\u00f0v\u00f6runar. <span class=\"athugasemd\" title=\"Num. xxi.\">[<\/span> \u00dev\u00ed \u00feeir h\u00f6f\u00f0u eitt hj\u00e1lparteikn so a\u00f0 \u00feeir skyldu hugsa upp \u00e1 bo\u00f0or\u00f0i\u00f0 \u00fe\u00edns l\u00f6gm\u00e1ls. \u00dev\u00ed a\u00f0 hverir sem sneru s\u00e9r a\u00f0 \u00fev\u00ed teikni \u00feeir ur\u00f0u heilbrig\u00f0ir, ekki fyrir \u00fea\u00f0 \u00e1 hvert \u00feeir horf\u00f0u heldur fyrir \u00feig, \u00fe\u00fa hj\u00e1lpari allra, og \u00fear me\u00f0 au\u00f0s\u00fdndir \u00fe\u00fa vorum \u00f3vinum a\u00f0 \u00fe\u00fa ert s\u00e1 sem frelsar fr\u00e1 \u00f6llu illu.<\/p>\n<p>\tEn hinir ur\u00f0u rifnir \u00ed hel af engisprettum og fuglum og kunnu eigi neina l\u00edfshj\u00e1lp a\u00f0 finna \u00fev\u00ed a\u00f0 \u00feeir voru \u00feeirrar pl\u00e1gu maklegir. En \u00fe\u00e6r eiturlegu drekatennur kunnu ekki a\u00f0 ska\u00f0a \u00fe\u00edn b\u00f6rn \u00fev\u00ed a\u00f0 \u00fe\u00edn miskunnsemi var\u00f0veitti \u00feau og gj\u00f6r\u00f0i \u00feau heilbrig\u00f0. \u00dev\u00ed a\u00f0 \u00feau voru \u00fear fyrir str\u00f6ffu\u00f0 og strax aftur l\u00e6knu\u00f0 so a\u00f0 \u00feeir skyldu l\u00e6ra a\u00f0 hugsa upp \u00e1 \u00feitt or\u00f0 og falla ekki ofdj\u00fapt \u00ed gleymskuna heldur vera \u00f3sn\u00faanlegir fr\u00e1 \u00fe\u00ednum velgj\u00f6rningum. <span class=\"athugasemd\" title=\"Exo. viii. x. \/ Apoc. ix.\">[<\/span> \u00dev\u00ed a\u00f0 hverki jurtir n\u00e9 plaster l\u00e6kna\u00f0i \u00fe\u00e1 heldur \u00feitt or\u00f0, Drottinn, sem l\u00e6knar alla hluti. \u00dev\u00ed \u00fe\u00fa hefur magt b\u00e6\u00f0i yfir l\u00edfinu og yfir dau\u00f0anum og \u00fe\u00fa lei\u00f0ir ni\u00f0ur til helv\u00edtisporta og \u00fe\u00fa lei\u00f0ir burt \u00fea\u00f0an aftur. En \u00fear sem nokkur ma\u00f0ur vegur annan af sinni illsku \u00fe\u00e1 kann hann ekki \u00feann \u00fatfarna anda aftur a\u00f0 f\u00e6ra og eigi \u00fe\u00e1 fr\u00e1skildu s\u00e1l aftur a\u00f0 lei\u00f0a. <\/p>\n<p>\tEn \u00f3m\u00f6gulegt er a\u00f0 komast undan \u00feinni hendi \u00fev\u00ed a\u00f0 \u00feeir \u00f3gu\u00f0legu sem ei vildu \u00feekkja \u00feig \u00feeir ur\u00f0u str\u00fdktir fyrir \u00feinn megtuga armlegg \u00fe\u00e1 \u00feeir voru yfirfallnir me\u00f0 f\u00e1heyr\u00f0u regni, hagli, \u00f3ve\u00f0ri, so \u00feeir kunnu ei undan a\u00f0 komast og ur\u00f0u af eldinum uppetnir. Og \u00fea\u00f0 var mest fur\u00f0andi a\u00f0 eldurinn brann mest \u00ed vatninu hvert e\u00f0 \u00fe\u00f3 \u00fatsl\u00f6kkur alla hluti \u00fev\u00ed a\u00f0 ver\u00f6ldin str\u00edddi fyrir \u00fe\u00e1 r\u00e9ttl\u00e1tu. <span class=\"athugasemd\" title=\"Exo. ix.\">[<\/span> Stundum stillti login sig so a\u00f0 hann ekki uppbrenndi \u00feau d\u00fdr sem send voru \u00e1 me\u00f0al \u00feeirra \u00f3gu\u00f0legu heldur a\u00f0 \u00feeir sj\u00e1lfir skyldu kunna a\u00f0 sj\u00e1 hvernin \u00feeir ur\u00f0u fyrir Gu\u00f0s d\u00f3m svo pl\u00e1ga\u00f0ir. En stundum loga\u00f0i eldurinn \u00ed <span class=\"athugasemd\" title=\"a \/ Vatni) \/ \u00ed felliregninu\">[<\/span> vatninu m\u00f3ti eldsins e\u00f0li so a\u00f0 hann \u00ed ey\u00f0i leg\u00f0i \u00fe\u00e1 rangl\u00e1tu.<\/p>\n<p>\t\u00dear \u00ed m\u00f3t f\u00e6ddir \u00fe\u00fa \u00feitt f\u00f3lk me\u00f0 englaf\u00e6\u00f0u og sendir \u00feeim tilb\u00fai\u00f0 brau\u00f0 af himninum \u00e1n erfi\u00f0is, hvert a\u00f0 alla l\u00edfslysting veitt gat og var s\u00e9rhverjum eftir s\u00ednum smakki (\u00fev\u00ed a\u00f0 ef a\u00f0 menn b\u00ed\u00f0a eftir \u00fe\u00e9r \u00fe\u00e1 opinberar \u00fe\u00fa \u00fe\u00ednum b\u00f6rnum hversu s\u00e6tur \u00fe\u00fa ert) \u00fev\u00ed a\u00f0 hver gj\u00f6r\u00f0i \u00fear af hva\u00f0 hann vildi eftir \u00fev\u00ed sem hann f\u00e9kk lysting til a\u00f0 smakka, svo e\u00f0ur svo. <span class=\"athugasemd\" title=\"Exo. xiii. \/ Num. xi.\">[<\/span> En \u00fear var snj\u00f3r og hagl \u00ed eldinum og smeltist ekki so a\u00f0 \u00feeir skyldu vita hvernin a\u00f0 eldurinn sem og einnin brann \u00ed haglinu og l\u00fdsti \u00ed regninu fordjarfa\u00f0i \u00f3vinanna \u00e1v\u00f6xtu.<\/p>\n<p>\tS\u00e1 sami eldur hlaut a\u00f0 gleyma s\u00ednum eigin krafti upp \u00e1 \u00fea\u00f0 a\u00f0 \u00feeir r\u00e9ttl\u00e1tu skyldu sn\u00faa s\u00e9r. <span class=\"athugasemd\" title=\"Skepnurnar \u00fe\u00e9na Gu\u00f0i\">[<\/span> \u00dev\u00ed a\u00f0 skepnan s\u00fa sem \u00fe\u00e9r \u00fej\u00f3nar sem s\u00ednum skapara er rei\u00f0ub\u00fain a\u00f0 pl\u00e1ga \u00fe\u00e1 rangl\u00e1tu og h\u00fan m\u00fdkist til a\u00f0 gj\u00f6ra \u00feeim gott sem treysta upp \u00e1 \u00feig. \u00dear fyrir l\u00e9t h\u00fan og umbreyta s\u00e9r alla vegana \u00e1 \u00feeim t\u00edma og \u00fej\u00f3na\u00f0i \u00feeirri g\u00e1fu sem f\u00e6ddi alla, hvern eftir s\u00ednum vilja sem hann me\u00f0\u00feurfti, so a\u00f0 \u00fe\u00edn b\u00f6rn skyldu l\u00e6ra, hver \u00fe\u00fa elskar, Drottinn, a\u00f0 vaxinn \u00e1v\u00f6xtur f\u00e6\u00f0ir ekki manninn heldur \u00feitt or\u00f0 uppheldur \u00feeim sem tr\u00fair \u00e1 \u00feig. \u00dev\u00ed a\u00f0 \u00fea\u00f0 sem ekki foreyddist af eldinum \u00fea\u00f0 var\u00f0 strax heitt af litlu s\u00f3lskini og br\u00e1\u00f0na\u00f0i so \u00fea\u00f0 yr\u00f0i heyrumkunnigt a\u00f0 menn \u00e6ttu a\u00f0 \u00feakka \u00fe\u00e9r \u00e1\u00f0ur en s\u00f3lin uppgekk og koma fram fyrir \u00feig \u00feegar lj\u00f3si\u00f0 gekk upp. <span class=\"athugasemd\" title=\"Deut. viii. \/ Matth. iiii.\">[<\/span> \u00dev\u00ed a\u00f0 von hins \u00f3\u00feakkl\u00e1ta skal forganga sem hr\u00edmfrost \u00e1 vetri og burt renna sem gagnlaust vatn.<\/p>\n","protected":false},"excerpt":{"rendered":"<p>XVI. \u00dear fyrir ur\u00f0u \u00feeir og tilheyrilega me\u00f0 sl\u00edku pl\u00e1ga\u00f0ir og ur\u00f0u p\u00edndir af fj\u00f6lda illra orma. [ \u00cd m\u00f3ti hverri pl\u00e1gu \u00fe\u00fa gj\u00f6r\u00f0ir \u00fe\u00ednu f\u00f3lki gott og tilbj\u00f3st \u00feeim eina n\u00fdja f\u00e6\u00f0u, sem er coturnices, \u00feeim til n\u00e6ringar, eftir hverjum \u00fe\u00e1 lysti, so a\u00f0 \u00feeir sem girnd h\u00f6f\u00f0u til sl\u00edks matar skyldu og so l\u00e6ra af \u00feessum gefnum fuglum a\u00f0 stilla n\u00e1tt\u00farlega nau\u00f0\u00feurft. En \u00feeir a\u00f0rir sem um litla stund nau\u00f0 li\u00f0u skyldu og eta n\u00fdjan mat. \u00dev\u00ed a\u00f0 \u00fea\u00f0 \u00e1tti so til a\u00f0 ganga a\u00f0 sl\u00edk ney\u00f0 sem ekki kunni a\u00f0 hindrast h\u00fan skyldi koma yfir \u00fe\u00e1 a\u00f0ra <a href=\"https:\/\/biblian.is\/gudbrandsbiblia\/speki-salomons-16-kafli\/\"> [&#8230;]<\/a><\/p>\n","protected":false},"author":1,"featured_media":0,"parent":0,"menu_order":0,"comment_status":"open","ping_status":"open","template":"bibliukaflar.php","meta":{"footnotes":""},"class_list":["post-3684","page","type-page","status-publish","hentry"],"_links":{"self":[{"href":"https:\/\/biblian.is\/gudbrandsbiblia\/wp-json\/wp\/v2\/pages\/3684","targetHints":{"allow":["GET"]}}],"collection":[{"href":"https:\/\/biblian.is\/gudbrandsbiblia\/wp-json\/wp\/v2\/pages"}],"about":[{"href":"https:\/\/biblian.is\/gudbrandsbiblia\/wp-json\/wp\/v2\/types\/page"}],"author":[{"embeddable":true,"href":"https:\/\/biblian.is\/gudbrandsbiblia\/wp-json\/wp\/v2\/users\/1"}],"replies":[{"embeddable":true,"href":"https:\/\/biblian.is\/gudbrandsbiblia\/wp-json\/wp\/v2\/comments?post=3684"}],"version-history":[{"count":0,"href":"https:\/\/biblian.is\/gudbrandsbiblia\/wp-json\/wp\/v2\/pages\/3684\/revisions"}],"wp:attachment":[{"href":"https:\/\/biblian.is\/gudbrandsbiblia\/wp-json\/wp\/v2\/media?parent=3684"}],"curies":[{"name":"wp","href":"https:\/\/api.w.org\/{rel}","templated":true}]}}