{"id":3676,"date":"2017-12-18T18:34:20","date_gmt":"2017-12-18T18:34:20","guid":{"rendered":"http:\/\/biblian.is\/gudbrandsbiblia\/speki-salomons-8-kafli\/"},"modified":"2017-12-18T18:34:20","modified_gmt":"2017-12-18T18:34:20","slug":"speki-salomons-8-kafli","status":"publish","type":"page","link":"https:\/\/biblian.is\/gudbrandsbiblia\/speki-salomons-8-kafli\/","title":{"rendered":"Speki Sal\u00f3mons 8. kafli"},"content":{"rendered":"<p>VIII.<\/p>\n<p>\u00deessa hef eg elska\u00f0 og eftir henni leita\u00f0 fr\u00e1 m\u00ednum barnd\u00f3mi og eg hugsa\u00f0i a\u00f0 taka hana m\u00e9r til br\u00fa\u00f0ur \u00fev\u00ed eg hefi fengi\u00f0 \u00e1st til hennar v\u00e6nleika. <span class=\"athugasemd\" title=\"Spekin\">[<\/span> H\u00fan er mj\u00f6g \u00e6ttg\u00f6fug \u00fev\u00ed a\u00f0 hennar umgengni er hj\u00e1 Gu\u00f0i og Drottinn allra hluta elskar hana. H\u00fan er \u00fea\u00f0 heimuglega r\u00e1\u00f0 \u00ed Gu\u00f0s vi\u00f0urkenningu og framkv\u00e6mir hans verk. Er r\u00edkd\u00f3murinn \u00e1g\u00e6tur hlutur \u00feessa l\u00edfs? Hva\u00f0 er r\u00edkara en spekin sem skapar alla hluti? Gj\u00f6rir \u00fea\u00f0 viskan? Hver er merkilegri meistari \u00e1 me\u00f0al allra en h\u00fan? En elskar nokkur r\u00e9ttv\u00edsina? Hennar erfi\u00f0i er ekkert utan mannkostirnir \u00fev\u00ed h\u00fan kennir h\u00e6vesku, hyggindi, r\u00e9ttv\u00edsi og styrkleika, hverjir hlutir nytsamlegastir eru \u00feessa l\u00edfs. Ef girnist nokkur margt a\u00f0 vita \u00fe\u00e1 kann hann a\u00f0 hitta upp \u00e1 b\u00e6\u00f0i \u00fea\u00f0 umli\u00f0na og \u00f3komna. H\u00fan skilur dj\u00fapar r\u00e6\u00f0ur og kann a\u00f0 leysa \u00far myrkum r\u00e1\u00f0g\u00e1tum. H\u00fan veit teikn og st\u00f3rmerki fyrir fram og hvernin \u00fea\u00f0 mun tilganga \u00e1 hverri stund og t\u00edma.<\/p>\n<p>\tEg haf\u00f0i huga\u00f0 m\u00e9r a\u00f0 taka hana m\u00e9r til samlags \u00fev\u00ed a\u00f0 eg veit a\u00f0 h\u00fan mun vera m\u00e9r g\u00f3\u00f0ur r\u00e1\u00f0gjafi og huggun \u00ed sorg og m\u00f3tgangi. Fyrir hana hefur yngisma\u00f0urinn pr\u00eds \u00e1 me\u00f0al f\u00f3lksins og hei\u00f0ur hj\u00e1 \u00feeim g\u00f6mlu. Eg mun finnast snarpvitur \u00ed d\u00f3minum og hj\u00e1 \u00feeim voldugu skulu menn fur\u00f0a um mig. \u00de\u00e1 eg \u00feegi \u00fe\u00e1 munu \u00feeir b\u00ed\u00f0a m\u00edn, \u00fe\u00e1 eg tala munu \u00feeir \u00fea\u00f0 athuga, \u00fe\u00e1 eg framsegi m\u00edn or\u00f0 \u00fe\u00e1 munu \u00feeir leggja hendur \u00e1 sinn munn. Eg mun f\u00e1 \u00f3dau\u00f0legt nafn af henni og l\u00e1ta eftir mig eil\u00edflega minning hj\u00e1 m\u00ednum eftirkomendum. Eg skal stj\u00f3rna f\u00f3lkinu og \u00feeir hei\u00f0nu munu ver\u00f0a m\u00e9r undirgefnir. Grimmir t\u00fdrannar skulu ver\u00f0a hr\u00e6ddir \u00fe\u00e1 \u00feeir heyra til m\u00edn og eg mun finnast \u00e1 me\u00f0al f\u00f3lksins g\u00f3\u00f0s\u00f6m og \u00ed bardaganum ein hetja. \u00de\u00e1 eg er heima \u00fe\u00e1 hefi eg una\u00f0semd af henni \u00fev\u00ed \u00fea\u00f0 er ei lei\u00f0isamlegt a\u00f0 hafa umgengni me\u00f0 henni, eigi heldur lei\u00f0ilegt a\u00f0 vera hj\u00e1 henni me\u00f0 lyst og gle\u00f0i. Um sl\u00edkt hugsa\u00f0i eg og lag\u00f0i \u00fea\u00f0 \u00e1 hjarta\u00f0. \u00dev\u00ed a\u00f0 \u00feeir sem henni tilheyra \u00feeir hafa eil\u00edfa veru og \u00feeir sem hennar vinir eru \u00feeir hafa hreinfer\u00f0uga lysting. \u00dear kemur \u00f3\u00ferotnandi r\u00edkd\u00f3mur af erfi\u00f0i hennar handa og hyggindi af hennar samvistum og r\u00e6\u00f0um og einn g\u00f3\u00f0ur lofst\u00edr af hennar umgengni og vi\u00f0r\u00e6\u00f0u. Eg gekk um kring a\u00f0 leita hennar so a\u00f0 eg n\u00e6\u00f0i henni.<\/p>\n<p>\t\u00dev\u00ed eg var eitt barn g\u00f3\u00f0rar n\u00e1tt\u00faru og f\u00e9kk fagra s\u00e1l. En \u00fe\u00e1 eg var uppf\u00e6ddur \u00f3x eg og var\u00f0 \u00f3saurga\u00f0ur l\u00edkami. En \u00fe\u00e1 eg merkta a\u00f0 eg kunni ekki me\u00f0 \u00f6\u00f0ru m\u00f3ti kurteis a\u00f0 ver\u00f0a utan Gu\u00f0 g\u00e6ri m\u00e9r \u00fea\u00f0 (og \u00fea\u00f0 kenndi einnin skilnings, a\u00f0 vita hvers n\u00e1\u00f0 \u00fea\u00f0 er) \u00fe\u00e1 gekk eg fyrir Drottin og ba\u00f0 hann og sag\u00f0i af \u00f6llu m\u00ednu hjarta:<\/p>\n","protected":false},"excerpt":{"rendered":"<p>VIII. \u00deessa hef eg elska\u00f0 og eftir henni leita\u00f0 fr\u00e1 m\u00ednum barnd\u00f3mi og eg hugsa\u00f0i a\u00f0 taka hana m\u00e9r til br\u00fa\u00f0ur \u00fev\u00ed eg hefi fengi\u00f0 \u00e1st til hennar v\u00e6nleika. [ H\u00fan er mj\u00f6g \u00e6ttg\u00f6fug \u00fev\u00ed a\u00f0 hennar umgengni er hj\u00e1 Gu\u00f0i og Drottinn allra hluta elskar hana. H\u00fan er \u00fea\u00f0 heimuglega r\u00e1\u00f0 \u00ed Gu\u00f0s vi\u00f0urkenningu og framkv\u00e6mir hans verk. Er r\u00edkd\u00f3murinn \u00e1g\u00e6tur hlutur \u00feessa l\u00edfs? Hva\u00f0 er r\u00edkara en spekin sem skapar alla hluti? Gj\u00f6rir \u00fea\u00f0 viskan? Hver er merkilegri meistari \u00e1 me\u00f0al allra en h\u00fan? En elskar nokkur r\u00e9ttv\u00edsina? Hennar erfi\u00f0i er ekkert utan mannkostirnir \u00fev\u00ed h\u00fan kennir h\u00e6vesku, <a href=\"https:\/\/biblian.is\/gudbrandsbiblia\/speki-salomons-8-kafli\/\"> [&#8230;]<\/a><\/p>\n","protected":false},"author":1,"featured_media":0,"parent":0,"menu_order":0,"comment_status":"open","ping_status":"open","template":"bibliukaflar.php","meta":{"footnotes":""},"class_list":["post-3676","page","type-page","status-publish","hentry"],"_links":{"self":[{"href":"https:\/\/biblian.is\/gudbrandsbiblia\/wp-json\/wp\/v2\/pages\/3676","targetHints":{"allow":["GET"]}}],"collection":[{"href":"https:\/\/biblian.is\/gudbrandsbiblia\/wp-json\/wp\/v2\/pages"}],"about":[{"href":"https:\/\/biblian.is\/gudbrandsbiblia\/wp-json\/wp\/v2\/types\/page"}],"author":[{"embeddable":true,"href":"https:\/\/biblian.is\/gudbrandsbiblia\/wp-json\/wp\/v2\/users\/1"}],"replies":[{"embeddable":true,"href":"https:\/\/biblian.is\/gudbrandsbiblia\/wp-json\/wp\/v2\/comments?post=3676"}],"version-history":[{"count":0,"href":"https:\/\/biblian.is\/gudbrandsbiblia\/wp-json\/wp\/v2\/pages\/3676\/revisions"}],"wp:attachment":[{"href":"https:\/\/biblian.is\/gudbrandsbiblia\/wp-json\/wp\/v2\/media?parent=3676"}],"curies":[{"name":"wp","href":"https:\/\/api.w.org\/{rel}","templated":true}]}}