{"id":3642,"date":"2017-12-18T18:34:16","date_gmt":"2017-12-18T18:34:16","guid":{"rendered":"http:\/\/biblian.is\/gudbrandsbiblia\/tobitsbok-14-kafli\/"},"modified":"2017-12-18T18:34:16","modified_gmt":"2017-12-18T18:34:16","slug":"tobitsbok-14-kafli","status":"publish","type":"page","link":"https:\/\/biblian.is\/gudbrandsbiblia\/tobitsbok-14-kafli\/","title":{"rendered":"T\u00f3b\u00edtsb\u00f3k 14. kafli"},"content":{"rendered":"<p>XIIII.<\/p>\n<p>Eftir \u00feetta, \u00fe\u00e1 e\u00f0 T\u00f3b\u00edas haf\u00f0i fengi\u00f0 aftur s\u00edna s\u00fdn, \u00fe\u00e1 lif\u00f0i hann \u00fea\u00f0an fj\u00f6rut\u00edgi og tv\u00f6 \u00e1r og s\u00e1 barnab\u00f6rn s\u00edn. Og \u00fe\u00e1 hann var n\u00fa hundra\u00f0 \u00e1ra gamall og tv\u00f6 betur var hann hei\u00f0ursamlega greftra\u00f0ur \u00ed N\u00edn\u00edveborg. \u00dev\u00ed a\u00f0 \u00fe\u00e1 hann var fimmt\u00edgi og sex \u00e1ra a\u00f0 aldri var\u00f0 hann sj\u00f3nlaus en \u00e1 sextuganda \u00e1ri f\u00e9kk hann s\u00fdn s\u00edna aftur. Og \u00fea\u00f0 eftir var hans aldurs lif\u00f0i hann \u00ed gle\u00f0i og \u00fer\u00f3a\u00f0ist \u00ed Gu\u00f0s \u00f3tta og anda\u00f0ist \u00ed g\u00f3\u00f0um fri\u00f0i.<\/p>\n<p>\tEn fyrir andl\u00e1t sitt kalla\u00f0i hann son sinn T\u00f3b\u00edas til s\u00edn og \u00fe\u00e1 sj\u00f6 ungu sveina, sonarsonu s\u00edna, og tala\u00f0i til \u00feeirra: &#8222;Innan skamms mun N\u00edn\u00edve fyrirfarast \u00fev\u00ed or\u00f0 Drottins mun ei breg\u00f0ast. En \u00ed r\u00edki Medorum mun enn \u00fe\u00e1 um nokkurn t\u00edma fri\u00f0ur vera. Og br\u00e6\u00f0ur vorir sem af Israelis j\u00f6r\u00f0u eru dreif\u00f0ir munu \u00feanga\u00f0 aftur hverfa og vor \u00e6ttj\u00f6r\u00f0 er n\u00fa liggur \u00ed ey\u00f0i mun alls sta\u00f0ar bygg\u00f0 ver\u00f0a og \u00fea\u00f0 Gu\u00f0s h\u00fas sem brennt var skal upp \u00e1 n\u00fdtt ver\u00f0a uppbyggt og allir \u00feeir sem gu\u00f0hr\u00e6ddir eru munu \u00feanga\u00f0 aftur koma. Og hei\u00f0nir menn munu fyrirl\u00e1ta s\u00edn sk\u00fargo\u00f0 og koma til Jer\u00fasalem og \u00fear b\u00faa. Og allar \u00fej\u00f3\u00f0ir og konungar munu \u00ed henni fagna og Israelis Gu\u00f0 tilbi\u00f0ja.<\/p>\n<p>\tSo heyri\u00f0 n\u00fa, synir m\u00ednir, f\u00f6\u00f0ur y\u00f0arn. \u00dej\u00f3ni \u00fe\u00e9r Drottni \u00ed sannleika og haldi\u00f0 y\u00f0ur til hans r\u00e9ttfer\u00f0uglega. Gj\u00f6ri\u00f0 hva\u00f0 hann hefur bo\u00f0i\u00f0 og kenni\u00f0 sl\u00edkt y\u00f0rum b\u00f6rnum og a\u00f0 \u00feau gefi \u00f6lm\u00f6sur. \u00d3ttist Gu\u00f0 \u00e6t\u00ed\u00f0 og treysti\u00f0 \u00e1 hann af \u00f6llu hjarta. Heyri\u00f0 mig n\u00fa, k\u00e6ri synir, og bl\u00edfi\u00f0 h\u00e9r ekki \u00ed N\u00edn\u00edve heldur \u00feegar \u00fe\u00e9r hafi\u00f0 einnin afleyst a\u00f0 greftra m\u00f6\u00f0ur y\u00f0ar hj\u00e1 m\u00e9r \u00ed s\u00f6mu gr\u00f6f, eftir \u00fea\u00f0 taki\u00f0 y\u00f0ur upp og fari\u00f0 h\u00e9\u00f0an. \u00dev\u00ed a\u00f0 eg s\u00e9 a\u00f0 syndir N\u00edn\u00edve gj\u00f6ra \u00fat af vi\u00f0 hana.&#8220;<\/p>\n<p>\t\u00deegar jafnsnart eftir andl\u00e1t m\u00f3\u00f0ur sinnar f\u00f3r T\u00f3b\u00edas \u00ed burtu \u00far N\u00edn\u00edve me\u00f0 h\u00fasfr\u00fa sinni, b\u00f6rnum og barnab\u00f6rnum og hvarf aftur til sinna m\u00e1ga og fr\u00e6nda konu sinnar og hitti \u00fe\u00e1 alla heila og hrausta \u00ed g\u00f3\u00f0ri elli. Veitti hann \u00feeim forsj\u00e1. Og \u00feegar \u00feeir \u00f6ndu\u00f0ust veitti hann \u00feeim n\u00e1bjargir og t\u00f3k svo vi\u00f0 \u00f6llum arfi og au\u00f0\u00e6fum Raguelis og lif\u00f0i allt fram \u00ed fimmtu \u00e6ttkv\u00edsl og s\u00e1 s\u00edn b\u00f6rn og barnab\u00f6rn. Og er hann var n\u00edu og n\u00edut\u00edgir \u00e1ra gamall, sem hann haf\u00f0i lifa\u00f0 \u00ed Gu\u00f0s \u00f3tta me\u00f0 fagna\u00f0i, gr\u00f3fu fr\u00e6ndur hans hann. Og allt hans afkv\u00e6mi bleif \u00ed heil\u00f6gum lifna\u00f0i og umgengni svo a\u00f0 \u00feeir voru b\u00e6\u00f0i Gu\u00f0i og m\u00f6nnum \u00feekkir og \u00f6llum \u00feeim er bygg\u00f0u \u00ed \u00fev\u00ed landi. <\/p>\n<p>Ending b\u00f3kar Tobie<\/p>\n","protected":false},"excerpt":{"rendered":"<p>XIIII. Eftir \u00feetta, \u00fe\u00e1 e\u00f0 T\u00f3b\u00edas haf\u00f0i fengi\u00f0 aftur s\u00edna s\u00fdn, \u00fe\u00e1 lif\u00f0i hann \u00fea\u00f0an fj\u00f6rut\u00edgi og tv\u00f6 \u00e1r og s\u00e1 barnab\u00f6rn s\u00edn. Og \u00fe\u00e1 hann var n\u00fa hundra\u00f0 \u00e1ra gamall og tv\u00f6 betur var hann hei\u00f0ursamlega greftra\u00f0ur \u00ed N\u00edn\u00edveborg. \u00dev\u00ed a\u00f0 \u00fe\u00e1 hann var fimmt\u00edgi og sex \u00e1ra a\u00f0 aldri var\u00f0 hann sj\u00f3nlaus en \u00e1 sextuganda \u00e1ri f\u00e9kk hann s\u00fdn s\u00edna aftur. Og \u00fea\u00f0 eftir var hans aldurs lif\u00f0i hann \u00ed gle\u00f0i og \u00fer\u00f3a\u00f0ist \u00ed Gu\u00f0s \u00f3tta og anda\u00f0ist \u00ed g\u00f3\u00f0um fri\u00f0i. En fyrir andl\u00e1t sitt kalla\u00f0i hann son sinn T\u00f3b\u00edas til s\u00edn og \u00fe\u00e1 sj\u00f6 ungu sveina, sonarsonu <a href=\"https:\/\/biblian.is\/gudbrandsbiblia\/tobitsbok-14-kafli\/\"> [&#8230;]<\/a><\/p>\n","protected":false},"author":1,"featured_media":0,"parent":0,"menu_order":0,"comment_status":"open","ping_status":"open","template":"bibliukaflar.php","meta":{"footnotes":""},"class_list":["post-3642","page","type-page","status-publish","hentry"],"_links":{"self":[{"href":"https:\/\/biblian.is\/gudbrandsbiblia\/wp-json\/wp\/v2\/pages\/3642","targetHints":{"allow":["GET"]}}],"collection":[{"href":"https:\/\/biblian.is\/gudbrandsbiblia\/wp-json\/wp\/v2\/pages"}],"about":[{"href":"https:\/\/biblian.is\/gudbrandsbiblia\/wp-json\/wp\/v2\/types\/page"}],"author":[{"embeddable":true,"href":"https:\/\/biblian.is\/gudbrandsbiblia\/wp-json\/wp\/v2\/users\/1"}],"replies":[{"embeddable":true,"href":"https:\/\/biblian.is\/gudbrandsbiblia\/wp-json\/wp\/v2\/comments?post=3642"}],"version-history":[{"count":0,"href":"https:\/\/biblian.is\/gudbrandsbiblia\/wp-json\/wp\/v2\/pages\/3642\/revisions"}],"wp:attachment":[{"href":"https:\/\/biblian.is\/gudbrandsbiblia\/wp-json\/wp\/v2\/media?parent=3642"}],"curies":[{"name":"wp","href":"https:\/\/api.w.org\/{rel}","templated":true}]}}