{"id":3641,"date":"2017-12-18T18:34:16","date_gmt":"2017-12-18T18:34:16","guid":{"rendered":"http:\/\/biblian.is\/gudbrandsbiblia\/tobitsbok-13-kafli\/"},"modified":"2017-12-18T18:34:16","modified_gmt":"2017-12-18T18:34:16","slug":"tobitsbok-13-kafli","status":"publish","type":"page","link":"https:\/\/biblian.is\/gudbrandsbiblia\/tobitsbok-13-kafli\/","title":{"rendered":"T\u00f3b\u00edtsb\u00f3k 13. kafli"},"content":{"rendered":"<p>XIII.<\/p>\n<p>En T\u00f3b\u00edas lauk upp s\u00ednum munni, lofa\u00f0i Gu\u00f0, svo segjandi: <\/p>\n<p>\t&#8222;Drottinn, \u00fe\u00fa ert einn mikill, styrkur Gu\u00f0 og \u00feitt r\u00edki endist a\u00f0 eil\u00edfu.<\/p>\n<p>\t\u00de\u00fa flengir og huggar aftur, \u00fe\u00fa kannt ofan a\u00f0 hrinda til helv\u00edtis og aftur \u00ed burtu \u00fea\u00f0an a\u00f0 lei\u00f0a og engi er s\u00e1 a\u00f0 undan megi fl\u00fdja \u00fe\u00ednu valdi.<\/p>\n<p>\t\u00de\u00e9r \u00cdsraelssynir, lofi \u00fe\u00e9r Drottin og d\u00fdrki\u00f0 hann \u00ed bland hei\u00f0ingjanna.<\/p>\n<p>\t\u00dev\u00ed \u00fear fyrir hefur hann y\u00f0ur dreift \u00e1 me\u00f0al hei\u00f0ingjanna a\u00f0 enginn er Gu\u00f0 alm\u00e1ttugur utan hann einn. <span class=\"athugasemd\" title=\"Hvar fyrir \u00cdsrael s\u00e9 dreif\u00f0ur \u00fat \u00e1 milli hei\u00f0ingjanna\">[<\/span><\/p>\n<p>\tHann hefur tytta\u00f0 oss fyrir sakir synda vorra og af sinni g\u00e6sku hj\u00e1lpar hann oss a\u00f0 n\u00fdju. <\/p>\n<p>\tSj\u00e1i\u00f0 hva\u00f0 hann hefur gj\u00f6rt vi\u00f0 oss. Lofi\u00f0 hann \u00ed s\u00ednum verkum me\u00f0 \u00f3tta og skelfingu og vegsami\u00f0 \u00feann sem a\u00f0 eil\u00edfu drottnar.<\/p>\n<p>\tOg einnin eg vil g\u00f6fga hann \u00ed \u00feessu landi \u00fear v\u00e9r erum herteknir \u00fea\u00f0 hann hefur s\u00fdnt s\u00edna d\u00e1semd yfir einum syndugum l\u00fd\u00f0.<\/p>\n<p>\tSn\u00faist \u00fe\u00e9r \u00fear fyrir, \u00fe\u00e9r syndugir, og gj\u00f6ri\u00f0 gott fyrir Gu\u00f0i og tr\u00fai\u00f0 \u00fev\u00ed \u00fea\u00f0 hann s\u00fdnir y\u00f0ur g\u00f3\u00f0a hluti.<\/p>\n<p>\tOg n\u00fa vil eg af hjarta fagna \u00ed Gu\u00f0i. Lofi\u00f0 Drottin, \u00fe\u00e9r hans \u00fatvaldir, haldi\u00f0 fagna\u00f0arh\u00e1t\u00ed\u00f0ir og d\u00fdrki\u00f0 hann.<\/p>\n<p>\tJer\u00fasalem, \u00fe\u00fa Gu\u00f0s sta\u00f0ur, Drottinn mun tytta \u00feig fyrir \u00fe\u00edn verk en \u00fe\u00f3 mun hann \u00fe\u00e9r miskunn veita a\u00f0 n\u00fdju.<\/p>\n<p>\tLofa \u00fe\u00fa Drottin fyrir s\u00ednar g\u00e1fur og blessa \u00feeim eil\u00edfa Gu\u00f0i so a\u00f0 hann upp aftur byggi \u00fe\u00ednar tjaldb\u00fa\u00f0ir<\/p>\n<p>\tog aftur til \u00fe\u00edn kalli alla \u00fe\u00edna hertekna so a\u00f0 \u00fe\u00fa megir gle\u00f0ja \u00feig um aldir alda.<\/p>\n<p>\t\u00de\u00fa munt l\u00fdsa sem sk\u00ednandi birta og \u00f6ll jar\u00f0r\u00edkis endim\u00f6rk munu \u00feig vegsama.<\/p>\n<p>\tAf fjarl\u00e6gum l\u00f6ndum munu menn til \u00fe\u00edn s\u00e6kja og \u00fe\u00e9r gjafir gefa.<\/p>\n<p>\t\u00cd \u00fe\u00e9r munu \u00feeir Drottin vegsama og muntu helgid\u00f3mur kallast \u00fev\u00ed a\u00f0 \u00feeir munu \u00fea\u00f0 mikla nafn \u00ed \u00fe\u00e9r Drottins \u00e1kalla.<\/p>\n<p>\tB\u00f6lva\u00f0ir ver\u00f0i allir \u00feeir sem \u00feig forsm\u00e1 og fyrird\u00e6mdir \u00feeir allir sem \u00feig lasta. Blessa\u00f0ir munu vera \u00feeir allir er \u00feig uppbyggja. <span class=\"athugasemd\" title=\"Gen. xii.\">[<\/span><\/p>\n<p>\t\u00de\u00fa munt fagna yfir \u00fe\u00ednum b\u00f6rnum \u00fev\u00ed \u00feau munu \u00f6ll blessu\u00f0 ver\u00f0a og til Drottins samans\u00f6fnu\u00f0. S\u00e6lir eru \u00feeir sem \u00feig elska og \u00feeir sem \u00e6skja a\u00f0 \u00fe\u00e9r vel gangi. <\/p>\n<p>\tM\u00edn s\u00e1la lofi Drottin \u00fev\u00ed a\u00f0 Gu\u00f0 Drottinn vor mun borgina Jer\u00fasalem frelsa af allri hennar kv\u00f6l.<\/p>\n<p>\tS\u00e6ll er eg ef a\u00f0 \u00feeir sem eftirkoma af m\u00ednu s\u00e6\u00f0i sj\u00e1 Jer\u00fasalem \u00ed sinni d\u00fdr\u00f0.<\/p>\n<p>\tJer\u00fasalems borgarhli\u00f0 skulu ver\u00f0a af saphirus og smaragdus sm\u00ed\u00f0u\u00f0 og allir hennar m\u00farveggir allt um kring af d\u00fdrum steinum. <span class=\"athugasemd\" title=\"Apoc. xxi.\">[<\/span> <\/p>\n<p>\tMe\u00f0 hv\u00edtum og f\u00f6grum marmarasteini munu \u00f6ll hennar str\u00e6ti l\u00f6g\u00f0 og \u00e1 \u00f6llum hennar g\u00f6tum mun halel\u00faja sungi\u00f0 ver\u00f0a.<\/p>\n<p>\tBlessa\u00f0ur s\u00e9 Gu\u00f0 sem hana hefur b\u00e6nheyrt og vari hans r\u00edki yfir henni a\u00f0 eil\u00edfu. Amen.&#8220;<\/p>\n","protected":false},"excerpt":{"rendered":"<p>XIII. En T\u00f3b\u00edas lauk upp s\u00ednum munni, lofa\u00f0i Gu\u00f0, svo segjandi: &#8222;Drottinn, \u00fe\u00fa ert einn mikill, styrkur Gu\u00f0 og \u00feitt r\u00edki endist a\u00f0 eil\u00edfu. \u00de\u00fa flengir og huggar aftur, \u00fe\u00fa kannt ofan a\u00f0 hrinda til helv\u00edtis og aftur \u00ed burtu \u00fea\u00f0an a\u00f0 lei\u00f0a og engi er s\u00e1 a\u00f0 undan megi fl\u00fdja \u00fe\u00ednu valdi. \u00de\u00e9r \u00cdsraelssynir, lofi \u00fe\u00e9r Drottin og d\u00fdrki\u00f0 hann \u00ed bland hei\u00f0ingjanna. \u00dev\u00ed \u00fear fyrir hefur hann y\u00f0ur dreift \u00e1 me\u00f0al hei\u00f0ingjanna a\u00f0 enginn er Gu\u00f0 alm\u00e1ttugur utan hann einn. [ Hann hefur tytta\u00f0 oss fyrir sakir synda vorra og af sinni g\u00e6sku hj\u00e1lpar hann oss a\u00f0 n\u00fdju. <a href=\"https:\/\/biblian.is\/gudbrandsbiblia\/tobitsbok-13-kafli\/\"> [&#8230;]<\/a><\/p>\n","protected":false},"author":1,"featured_media":0,"parent":0,"menu_order":0,"comment_status":"open","ping_status":"open","template":"bibliukaflar.php","meta":{"footnotes":""},"class_list":["post-3641","page","type-page","status-publish","hentry"],"_links":{"self":[{"href":"https:\/\/biblian.is\/gudbrandsbiblia\/wp-json\/wp\/v2\/pages\/3641","targetHints":{"allow":["GET"]}}],"collection":[{"href":"https:\/\/biblian.is\/gudbrandsbiblia\/wp-json\/wp\/v2\/pages"}],"about":[{"href":"https:\/\/biblian.is\/gudbrandsbiblia\/wp-json\/wp\/v2\/types\/page"}],"author":[{"embeddable":true,"href":"https:\/\/biblian.is\/gudbrandsbiblia\/wp-json\/wp\/v2\/users\/1"}],"replies":[{"embeddable":true,"href":"https:\/\/biblian.is\/gudbrandsbiblia\/wp-json\/wp\/v2\/comments?post=3641"}],"version-history":[{"count":0,"href":"https:\/\/biblian.is\/gudbrandsbiblia\/wp-json\/wp\/v2\/pages\/3641\/revisions"}],"wp:attachment":[{"href":"https:\/\/biblian.is\/gudbrandsbiblia\/wp-json\/wp\/v2\/media?parent=3641"}],"curies":[{"name":"wp","href":"https:\/\/api.w.org\/{rel}","templated":true}]}}