{"id":3638,"date":"2017-12-18T18:34:16","date_gmt":"2017-12-18T18:34:16","guid":{"rendered":"http:\/\/biblian.is\/gudbrandsbiblia\/tobitsbok-10-kafli\/"},"modified":"2017-12-18T18:34:16","modified_gmt":"2017-12-18T18:34:16","slug":"tobitsbok-10-kafli","status":"publish","type":"page","link":"https:\/\/biblian.is\/gudbrandsbiblia\/tobitsbok-10-kafli\/","title":{"rendered":"T\u00f3b\u00edtsb\u00f3k 10. kafli"},"content":{"rendered":"<p>X.<\/p>\n<p>\u00de\u00e1 n\u00fa a\u00f0 inum unga T\u00f3b\u00edas dvaldist so lengi \u00ed burtu sakir br\u00fa\u00f0kaups s\u00edns t\u00f3k fa\u00f0ir hans, hinn gamli T\u00f3b\u00edas, mj\u00f6g \u00e1hyggjufullur a\u00f0 vera og segir so: <span class=\"athugasemd\" title=\"Gamli T\u00f3b\u00edas er hugsj\u00fakur um sinn son\">[<\/span> &#8222;Hva\u00f0 mun valda a\u00f0 sonur minn er so lengi \u00ed burtu e\u00f0a hva\u00f0 mun hann tefja? Jafnv\u00edst a\u00f0 Gabel s\u00e9 anda\u00f0ur og enginn vilji \u00fe\u00e1 grei\u00f0a honum peningana.&#8220; Og ur\u00f0u \u00fe\u00e1 mj\u00f6g hrygg b\u00e6\u00f0i T\u00f3b\u00edas og Hanna h\u00fasfr\u00fa hans og gr\u00e9tu b\u00e6\u00f0i saman a\u00f0 sonur \u00feeirra kom ei heim aftur \u00ed \u00e1kve\u00f0inn t\u00edma.<\/p>\n<p>\tOg m\u00f3\u00f0ir hans bar sig og mj\u00f6g l\u00edtt svo a\u00f0 h\u00fan vildi sig eigi hugga l\u00e1ta og m\u00e6lti: <span class=\"athugasemd\" title=\"Hanna m\u00f3\u00f0ir hins unga T\u00f3b\u00edas\">[<\/span> &#8222;\u00d3 sonur minn, sonur minn! Hvar fyrir h\u00f6fum vi\u00f0 \u00feig \u00ed burt sent fr\u00e1 okkur sem ert einnsaman okkar gle\u00f0i og yndi l\u00edfs okkar \u00ed vorri elli, hjarta okkart og erfingi! Vi\u00f0 hef\u00f0um n\u00f3ga peninga haft hef\u00f0um vi\u00f0  ekki l\u00e1ti\u00f0 \u00ed \u00feig \u00ed burt fr\u00e1 okkur fara.&#8220; \u00de\u00e1 tala\u00f0i T\u00f3b\u00edas til hennar: &#8222;\u00deegi \u00fe\u00fa og gef \u00feig til fri\u00f0s. Syni okkrun gengur vel me\u00f0 Gu\u00f0s vilja. Hann hefur einn tr\u00faan stallbr\u00f3\u00f0ur me\u00f0 s\u00e9r.&#8220; En h\u00fan kunni \u00f6ngvanegin a\u00f0 huggast og daglega var h\u00fan \u00e1 farins f\u00e6ti og leit \u00e1 allar \u00fej\u00f3\u00f0brautir \u00fear sem hans var a\u00f0 v\u00e6nta og vildi vita hvort h\u00fan kynni ei v\u00f6r vi\u00f0 hann a\u00f0 ver\u00f0a.<\/p>\n<p>\tEn Rag\u00fael talar \u00fe\u00e1 vi\u00f0 d\u00f3tturmann sinn T\u00f3b\u00edas: &#8222;Vertu kyrr h\u00e9r hj\u00e1 oss og vil eg senda mann til T\u00f3b\u00edas f\u00f6\u00f0ur \u00fe\u00edns og kunngj\u00f6ra honum a\u00f0 \u00fe\u00fa m\u00e1tt vel.&#8220; \u00de\u00e1 svarar T\u00f3b\u00edas: &#8222;Eg veit a\u00f0 fa\u00f0ir minn og m\u00f3\u00f0ir reikna n\u00fa alla daga og stundir og eru mj\u00f6g \u00e1hyggjufull fyrir s\u00f6kum m\u00edn.&#8220; Og svo sem Rag\u00fael ba\u00f0 Tobiam me\u00f0 m\u00f6rgum or\u00f0um en hann vildi \u00fev\u00ed ekki me\u00f0 nokkru m\u00f3ti sam\u00feykkjast b\u00edfala\u00f0i hann honum \u00ed vald Sara og gaf honum helming allrar eigu sinnar \u00ed \u00fer\u00e6lum og amb\u00e1ttum, b\u00fasmala, \u00falf\u00f6ldum og yxnum og miki\u00f0 f\u00e9 anna\u00f0 og l\u00e9t hann heilan og fagnandi fr\u00e1 s\u00e9r fara, segjandi: &#8222;Heilagur engill Drottins s\u00e9 \u00ed fer\u00f0 me\u00f0 \u00fe\u00e9r og lei\u00f0i \u00feig heilbrig\u00f0an aftur heim \u00ed \u00feitt f\u00f6\u00f0urs h\u00fas svo a\u00f0 \u00fe\u00fa finnir heila \u00fe\u00edna foreldra. Og Gu\u00f0 gefi a\u00f0 m\u00e9r ver\u00f0i au\u00f0i\u00f0 a\u00f0 sj\u00e1 ykkar b\u00f6rn me\u00f0 m\u00ednum augum \u00e1\u00f0ur en eg deyi.&#8220;<\/p>\n<p>\tOg foreldrarnir kv\u00f6ddu d\u00f3ttur s\u00edna og kysstu hana og skildu vi\u00f0 hana, gj\u00f6randi henni \u00e1minning a\u00f0 h\u00fan skyldi s\u00edns manns foreldra \u00ed hei\u00f0ri hafa so sem s\u00edna eigin foreldra, elska b\u00f3nda sinn, me\u00f0 athygli sj\u00e1 fyrir s\u00ednum hj\u00faum og halda sig sj\u00e1lfa h\u00e6versklega. <span class=\"athugasemd\" title=\"Foreldranna \u00e1minning til sinnar d\u00f3ttur\">[<\/span><\/p>\n","protected":false},"excerpt":{"rendered":"<p>X. \u00de\u00e1 n\u00fa a\u00f0 inum unga T\u00f3b\u00edas dvaldist so lengi \u00ed burtu sakir br\u00fa\u00f0kaups s\u00edns t\u00f3k fa\u00f0ir hans, hinn gamli T\u00f3b\u00edas, mj\u00f6g \u00e1hyggjufullur a\u00f0 vera og segir so: [ &#8222;Hva\u00f0 mun valda a\u00f0 sonur minn er so lengi \u00ed burtu e\u00f0a hva\u00f0 mun hann tefja? Jafnv\u00edst a\u00f0 Gabel s\u00e9 anda\u00f0ur og enginn vilji \u00fe\u00e1 grei\u00f0a honum peningana.&#8220; Og ur\u00f0u \u00fe\u00e1 mj\u00f6g hrygg b\u00e6\u00f0i T\u00f3b\u00edas og Hanna h\u00fasfr\u00fa hans og gr\u00e9tu b\u00e6\u00f0i saman a\u00f0 sonur \u00feeirra kom ei heim aftur \u00ed \u00e1kve\u00f0inn t\u00edma. Og m\u00f3\u00f0ir hans bar sig og mj\u00f6g l\u00edtt svo a\u00f0 h\u00fan vildi sig eigi hugga l\u00e1ta og m\u00e6lti: <a href=\"https:\/\/biblian.is\/gudbrandsbiblia\/tobitsbok-10-kafli\/\"> [&#8230;]<\/a><\/p>\n","protected":false},"author":1,"featured_media":0,"parent":0,"menu_order":0,"comment_status":"open","ping_status":"open","template":"bibliukaflar.php","meta":{"footnotes":""},"class_list":["post-3638","page","type-page","status-publish","hentry"],"_links":{"self":[{"href":"https:\/\/biblian.is\/gudbrandsbiblia\/wp-json\/wp\/v2\/pages\/3638","targetHints":{"allow":["GET"]}}],"collection":[{"href":"https:\/\/biblian.is\/gudbrandsbiblia\/wp-json\/wp\/v2\/pages"}],"about":[{"href":"https:\/\/biblian.is\/gudbrandsbiblia\/wp-json\/wp\/v2\/types\/page"}],"author":[{"embeddable":true,"href":"https:\/\/biblian.is\/gudbrandsbiblia\/wp-json\/wp\/v2\/users\/1"}],"replies":[{"embeddable":true,"href":"https:\/\/biblian.is\/gudbrandsbiblia\/wp-json\/wp\/v2\/comments?post=3638"}],"version-history":[{"count":0,"href":"https:\/\/biblian.is\/gudbrandsbiblia\/wp-json\/wp\/v2\/pages\/3638\/revisions"}],"wp:attachment":[{"href":"https:\/\/biblian.is\/gudbrandsbiblia\/wp-json\/wp\/v2\/media?parent=3638"}],"curies":[{"name":"wp","href":"https:\/\/api.w.org\/{rel}","templated":true}]}}