{"id":3632,"date":"2017-12-18T18:34:13","date_gmt":"2017-12-18T18:34:13","guid":{"rendered":"http:\/\/biblian.is\/gudbrandsbiblia\/tobitsbok-4-kafli\/"},"modified":"2017-12-18T18:34:13","modified_gmt":"2017-12-18T18:34:13","slug":"tobitsbok-4-kafli","status":"publish","type":"page","link":"https:\/\/biblian.is\/gudbrandsbiblia\/tobitsbok-4-kafli\/","title":{"rendered":"T\u00f3b\u00edtsb\u00f3k 4. kafli"},"content":{"rendered":"<p>IIII.<\/p>\n<p>\u00deegar n\u00fa sem T\u00f3b\u00edas hugsa\u00f0i a\u00f0 s\u00edn b\u00e6n v\u00e6ri heyr\u00f0, \u00ed svo m\u00e1ta a\u00f0 hann mundi deyja, kallar hann til s\u00edn son sinn, so til hans talandi: &#8222;Son minn elskulegur, heyr \u00fe\u00fa m\u00edn or\u00f0 og hir\u00f0 \u00feau sem skrifu\u00f0 \u00ed hjarta \u00fe\u00ednu. <span class=\"athugasemd\" title=\"Skipanir T\u00f3b\u00edas \/ Exo. xx.\">[<\/span><\/p>\n<p>\t&#8222;\u00deegar Gu\u00f0 tekur \u00ed burt m\u00edna \u00f6nd \u00fe\u00e1 graf \u00fe\u00fa minn l\u00edkama. Og hei\u00f0ra m\u00f3\u00f0ur \u00fe\u00edna alla \u00fe\u00edna l\u00edfdaga. Hugsa \u00fear upp \u00e1 \u00ed \u00fev\u00edl\u00edkum h\u00e1ska h\u00fan st\u00f3\u00f0 \u00fe\u00e1 h\u00fan bar \u00feig fyrir brj\u00f3sti s\u00e9r. og \u00feegar h\u00fan er \u00f6ndu\u00f0 graf\u00f0u hana hj\u00e1 m\u00e9r. <\/p>\n<p>\tOg haf Gu\u00f0 fyrir augum \u00fe\u00e9r alla \u00fe\u00edn l\u00edfdaga. For\u00f0ast \u00fe\u00fa a\u00f0 \u00fe\u00fa s\u00e9rt nokkurn t\u00edma sam\u00feykkur \u00ed nokkri synd og gj\u00f6rir \u00e1 m\u00f3ti Gu\u00f0s bo\u00f0i.<\/p>\n<p>\tAf fj\u00e1rhlutum \u00fe\u00ednum gj\u00f6r \u00fe\u00fa \u00f6lm\u00f6sur, hverf \u00fe\u00e9r ekki fr\u00e1 nokkrum f\u00e1t\u00e6kum manni, so mun Gu\u00f0 miskunnsamlega aftur til \u00fe\u00edn l\u00edta. <span class=\"athugasemd\" title=\"Luc. xiiii. \/ Proverb. iii. \/ S\u00edrak xxxv.\">[<\/span> Sem \u00fe\u00fa m\u00e1tt \u00fe\u00e1 veittu hj\u00e1lp nau\u00f0st\u00f6ddum. Hafir \u00fe\u00fa miki\u00f0 so veittu n\u00f3glega en ef \u00fe\u00fa hefur l\u00edti\u00f0 so veittu \u00fe\u00f3 af \u00fev\u00ed litlu me\u00f0 tr\u00fau hjarta. \u00dev\u00ed a\u00f0 \u00fe\u00fa munt safna \u00fe\u00e9r g\u00f3\u00f0ri aumbun \u00ed ney\u00f0inni. \u00dev\u00ed a\u00f0 \u00f6lm\u00f6sur frelsa menn fr\u00e1 allri synd og dau\u00f0a og l\u00e6tur hann ekki \u00ed ney\u00f0inni. \u00d6lm\u00f6san er traust miki\u00f0 fyrir hinum h\u00e6\u00f0sta Gu\u00f0i.<\/p>\n<p>\tFor\u00f0ast \u00fe\u00fa, son minn, allra handa saurl\u00edfi og halt \u00feig til \u00f6ngrar annarrar utan alleina vi\u00f0 \u00fe\u00edna h\u00fasfr\u00fa. <span class=\"athugasemd\" title=\"Deut. xxiiii. \/ ii. Tessa. iiii. \/ Math. vii.\">[<\/span><\/p>\n<p>\tDrambsemi l\u00e1ttu aldrei drottna, hvorki \u00ed \u00fe\u00ednu hjarta n\u00e9 \u00ed \u00fe\u00ednum or\u00f0um, \u00fev\u00ed a\u00f0 h\u00fan er upphaf allrar gl\u00f6tunar.<\/p>\n<p>\tEf ma\u00f0ur starfar e\u00f0ur vinnur fyrir \u00feig gjald \u00feeim skj\u00f3tlega ver\u00f0kaup og haltu ekki fyrir neinum manni ver\u00f0skuldu\u00f0um launum. Hva\u00f0 \u00fe\u00fa vilt menn gj\u00f6ri \u00fe\u00e9r gj\u00f6r\u00f0u \u00fea\u00f0 og \u00f6\u00f0rum.<\/p>\n<p>\tSkiptu brau\u00f0i \u00fe\u00ednu me\u00f0 hungru\u00f0um og hyl \u00fe\u00e1 n\u00f6ktu me\u00f0 kl\u00e6\u00f0um \u00fe\u00ednum. <span class=\"athugasemd\" title=\"Esa. lviii.\">[<\/span> Gef \u00fe\u00fa \u00f6lm\u00f6su af \u00fe\u00ednu brau\u00f0i og v\u00edni yfir greftri r\u00e9ttl\u00e1tra manna. Hirtu ekki a\u00f0 eta n\u00e9 drekka me\u00f0 syndugum. Leita allt\u00ed\u00f0 r\u00e1\u00f0a hj\u00e1 hyggnum m\u00f6nnum.<\/p>\n<p>\tOg gj\u00f6r allt\u00ed\u00f0 \u00feakkir Gu\u00f0i og bi\u00f0 hann a\u00f0 hann st\u00fdri \u00fe\u00e9r og a\u00f0 \u00fe\u00fa eftir fylgir hans or\u00f0i \u00ed \u00f6llu \u00fe\u00ednu upps\u00e1tri.  <\/p>\n<p>\tSo og skaltu vita, son minn, a\u00f0 \u00fe\u00e1 \u00fe\u00fa vart barn a\u00f0 aldri l\u00e1na\u00f0i eg t\u00edu pund silfurs einum manni \u00feeim er Gabel heitir \u00ed borg Medorum Rages og hans handskrift hefi eg hj\u00e1 m\u00e9r. <span class=\"athugasemd\" title=\"Gabel\">[<\/span> Og \u00fear fyrir hugsa\u00f0u a\u00f0 finna hann og krefja sl\u00edks fj\u00e1r og f\u00e1 honum aftur s\u00edna handskrift.<\/p>\n<p>\t\u00d3ttast ekki, son minn. Vi\u00f0 erum f\u00e1t\u00e6kir en vi\u00f0 munum miki\u00f0 gott hafa ef vi\u00f0 erum gu\u00f0hr\u00e6ddir, for\u00f0unst syndir og gj\u00f6rum gott.&#8220;<\/p>\n","protected":false},"excerpt":{"rendered":"<p>IIII. \u00deegar n\u00fa sem T\u00f3b\u00edas hugsa\u00f0i a\u00f0 s\u00edn b\u00e6n v\u00e6ri heyr\u00f0, \u00ed svo m\u00e1ta a\u00f0 hann mundi deyja, kallar hann til s\u00edn son sinn, so til hans talandi: &#8222;Son minn elskulegur, heyr \u00fe\u00fa m\u00edn or\u00f0 og hir\u00f0 \u00feau sem skrifu\u00f0 \u00ed hjarta \u00fe\u00ednu. [ &#8222;\u00deegar Gu\u00f0 tekur \u00ed burt m\u00edna \u00f6nd \u00fe\u00e1 graf \u00fe\u00fa minn l\u00edkama. Og hei\u00f0ra m\u00f3\u00f0ur \u00fe\u00edna alla \u00fe\u00edna l\u00edfdaga. Hugsa \u00fear upp \u00e1 \u00ed \u00fev\u00edl\u00edkum h\u00e1ska h\u00fan st\u00f3\u00f0 \u00fe\u00e1 h\u00fan bar \u00feig fyrir brj\u00f3sti s\u00e9r. og \u00feegar h\u00fan er \u00f6ndu\u00f0 graf\u00f0u hana hj\u00e1 m\u00e9r. Og haf Gu\u00f0 fyrir augum \u00fe\u00e9r alla \u00fe\u00edn l\u00edfdaga. For\u00f0ast \u00fe\u00fa a\u00f0 <a href=\"https:\/\/biblian.is\/gudbrandsbiblia\/tobitsbok-4-kafli\/\"> [&#8230;]<\/a><\/p>\n","protected":false},"author":1,"featured_media":0,"parent":0,"menu_order":0,"comment_status":"open","ping_status":"open","template":"bibliukaflar.php","meta":{"footnotes":""},"class_list":["post-3632","page","type-page","status-publish","hentry"],"_links":{"self":[{"href":"https:\/\/biblian.is\/gudbrandsbiblia\/wp-json\/wp\/v2\/pages\/3632","targetHints":{"allow":["GET"]}}],"collection":[{"href":"https:\/\/biblian.is\/gudbrandsbiblia\/wp-json\/wp\/v2\/pages"}],"about":[{"href":"https:\/\/biblian.is\/gudbrandsbiblia\/wp-json\/wp\/v2\/types\/page"}],"author":[{"embeddable":true,"href":"https:\/\/biblian.is\/gudbrandsbiblia\/wp-json\/wp\/v2\/users\/1"}],"replies":[{"embeddable":true,"href":"https:\/\/biblian.is\/gudbrandsbiblia\/wp-json\/wp\/v2\/comments?post=3632"}],"version-history":[{"count":0,"href":"https:\/\/biblian.is\/gudbrandsbiblia\/wp-json\/wp\/v2\/pages\/3632\/revisions"}],"wp:attachment":[{"href":"https:\/\/biblian.is\/gudbrandsbiblia\/wp-json\/wp\/v2\/media?parent=3632"}],"curies":[{"name":"wp","href":"https:\/\/api.w.org\/{rel}","templated":true}]}}