{"id":3630,"date":"2017-12-18T18:34:13","date_gmt":"2017-12-18T18:34:13","guid":{"rendered":"http:\/\/biblian.is\/gudbrandsbiblia\/tobitsbok-2-kafli\/"},"modified":"2017-12-18T18:34:13","modified_gmt":"2017-12-18T18:34:13","slug":"tobitsbok-2-kafli","status":"publish","type":"page","link":"https:\/\/biblian.is\/gudbrandsbiblia\/tobitsbok-2-kafli\/","title":{"rendered":"T\u00f3b\u00edtsb\u00f3k 2. kafli"},"content":{"rendered":"<p>II.<\/p>\n<p>Eftir \u00fea\u00f0, a\u00f0 h\u00e1t\u00ed\u00f0ardegi Drottins, \u00fe\u00e1 T\u00f3b\u00edas haf\u00f0i mikinn sn\u00e6\u00f0ing \u00ed h\u00fasi s\u00ednu tilreitt, tala\u00f0i hann til sonar s\u00edns: &#8222;Far \u00fe\u00fa og kalla \u00e1 gu\u00f0hr\u00e6dda menn af vorri \u00e6tt a\u00f0 \u00feeir eti me\u00f0 oss.&#8220; Og svo sem hann kom aftur sag\u00f0i hann f\u00f6\u00f0ur s\u00ednum T\u00f3b\u00edas a\u00f0 hann fann liggjandi mann dau\u00f0an \u00e1 str\u00e6tinu. \u00deegar jafnsnart st\u00f3\u00f0 T\u00f3b\u00edas upp fr\u00e1 bor\u00f0inu, fyrir m\u00e1lt\u00ed\u00f0ina, og gekk til \u00feess dau\u00f0a l\u00edkama, t\u00f3k hann upp og bar leynilega heim \u00ed h\u00fas s\u00edn svo a\u00f0 hann gr\u00e6fi hann leynilega \u00e1 n\u00e1ttar\u00feeli. Og sem hann haf\u00f0i fali\u00f0 l\u00edki\u00f0 leynilega \u00e1t hann sitt brau\u00f0 me\u00f0 sorg og hugsa\u00f0i til or\u00f0s \u00feess er Drottinn haf\u00f0i m\u00e6lt fyrir Amos sp\u00e1mann: &#8222;H\u00e1t\u00ed\u00f0ir y\u00f0ar skulu sn\u00faast \u00ed sorgardaga.&#8220; <span class=\"athugasemd\" title=\"Amos viii.\">[<\/span> Og \u00e1 \u00feeirri n\u00f3tt f\u00f3r hann til og gr\u00f3f hinn dau\u00f0a.<\/p>\n<p>\tEn hans vinir og br\u00e6\u00f0ur \u00e1s\u00f6ku\u00f0u hann allir, so segjandi: &#8222;K\u00f3ngurinn hefur n\u00fa fyrir stuttu skipa\u00f0 a\u00f0 drepa \u00feig fyrir \u00feessa s\u00f6k og komstu naumlega undan. <span class=\"athugasemd\" title=\"Supra i.\">[<\/span> \u00de\u00f3 grefur \u00fe\u00fa enn dau\u00f0a menn.&#8220; En T\u00f3b\u00edas \u00f3tta\u00f0ist Gu\u00f0 meir en k\u00f3nginn og bar \u00fe\u00e1 saman leynilega er drepnir voru og leyndi \u00ed h\u00fasi s\u00ednu en \u00e1 n\u00e6tur gr\u00f3f hann l\u00edkami \u00feeirra.<\/p>\n<p>\tSo bar til \u00e1 einum degi a\u00f0 hann kom heim mj\u00f6g m\u00e6ddur af \u00feessu verki a\u00f0 grafa dau\u00f0a menn. Kasta\u00f0i hann s\u00e9r ni\u00f0ur vi\u00f0 vegginn \u00ed h\u00fasinu og sofna\u00f0i. Og ein svala dreit \u00far hrei\u00f0ri s\u00ednu. \u00dea\u00f0 kom so heitt \u00ed hans augu, \u00fear af var\u00f0 hann sj\u00f3nlaus. En svoddan hrygg\u00f0 l\u00e9t Gu\u00f0 yfir hann koma til \u00feess a\u00f0 eftirkomendurnir hef\u00f0i \u00feolinm\u00e6\u00f0innar eftird\u00e6mi svo sem \u00e1 hinum heilaga Job. <span class=\"athugasemd\" title=\"\u00deolinm\u00e6\u00f0innar eftird\u00e6mi\">[<\/span> Og af \u00fev\u00ed a\u00f0 hann haf\u00f0i af \u00e6skualdri \u00f3ttast Gu\u00f0 og haldi\u00f0 hans bo\u00f0or\u00f0 reiddist hann hverki n\u00e9 m\u00f6gla\u00f0i \u00ed m\u00f3ti Gu\u00f0i fyrir \u00fea\u00f0 hann l\u00e9t hann blindan ver\u00f0a heldur st\u00f3\u00f0 hann st\u00f6\u00f0ugur \u00ed Gu\u00f0s \u00f3tta og gj\u00f6r\u00f0i Gu\u00f0i \u00feakkir \u00e1 \u00f6llum d\u00f6gum l\u00edfs s\u00edns.<\/p>\n<p>\tOg l\u00edka sem k\u00f3ngarnir h\u00e6ddu a\u00f0 hinum heilaga Job, so komu og eigin fr\u00e6ndur T\u00f3b\u00edas og spottu\u00f0u hann, so segjandi: <span class=\"athugasemd\" title=\"Job\">[<\/span> &#8222;Hvar er n\u00fa \u00feitt traust \u00fear fyrir a\u00f0 \u00fe\u00fa hefur \u00fe\u00ednar \u00f6lm\u00f6sur gefi\u00f0 og so marga dau\u00f0a menn grafi\u00f0?&#8220; En T\u00f3b\u00edas \u00e1v\u00edta\u00f0i \u00fe\u00e1 og svara\u00f0i: &#8222;Tali\u00f0 eigi so \u00fev\u00ed a\u00f0 v\u00e9r erum synir heilagra manna og v\u00e6ntum \u00feess l\u00edfs sem Gu\u00f0 mun gefa \u00feeim er \u00ed tr\u00fanni standa sterkir og st\u00f6\u00f0ugir \u00ed hans augliti. <\/p>\n<p>\tEn Hanna kona hans vann \u00ferifsamlega me\u00f0 s\u00ednum h\u00f6ndum og n\u00e6r\u00f0i hann me\u00f0 s\u00ednum spuna. So ske\u00f0i og a\u00f0 h\u00fan bar einn ki\u00f0ling heim \u00ed h\u00fas s\u00edn. Og \u00fe\u00e1 b\u00f3ndi hennar T\u00f3b\u00edas heyr\u00f0i hann jarma sag\u00f0i hann: &#8222;Sj\u00e1i\u00f0 til a\u00f0 ki\u00f0lingurinn s\u00e9 eigi stolinn og fari\u00f0 sem skj\u00f3tast a\u00f0 gjalda \u00feeim aftur sem \u00e1. \u00dev\u00ed a\u00f0 ei er oss lofa\u00f0 a\u00f0 eta stoli\u00f0 e\u00f0ur \u00fea\u00f0 sama a\u00f0 snerta.&#8220; Vi\u00f0 \u00feessi or\u00f0 reiddist h\u00fasfr\u00fa hans, svara\u00f0i og sag\u00f0i: &#8222;\u00dear mega menn sj\u00e1 a\u00f0 \u00feitt traust er einskisvert og a\u00f0 \u00f6lm\u00f6sur \u00fe\u00ednar eru glata\u00f0ar.&#8220; Me\u00f0 \u00feessum or\u00f0um og \u00f6\u00f0rum \u00fev\u00edl\u00edkum br\u00edgsla\u00f0i h\u00fan honum um s\u00edna eymd.<\/p>\n","protected":false},"excerpt":{"rendered":"<p>II. Eftir \u00fea\u00f0, a\u00f0 h\u00e1t\u00ed\u00f0ardegi Drottins, \u00fe\u00e1 T\u00f3b\u00edas haf\u00f0i mikinn sn\u00e6\u00f0ing \u00ed h\u00fasi s\u00ednu tilreitt, tala\u00f0i hann til sonar s\u00edns: &#8222;Far \u00fe\u00fa og kalla \u00e1 gu\u00f0hr\u00e6dda menn af vorri \u00e6tt a\u00f0 \u00feeir eti me\u00f0 oss.&#8220; Og svo sem hann kom aftur sag\u00f0i hann f\u00f6\u00f0ur s\u00ednum T\u00f3b\u00edas a\u00f0 hann fann liggjandi mann dau\u00f0an \u00e1 str\u00e6tinu. \u00deegar jafnsnart st\u00f3\u00f0 T\u00f3b\u00edas upp fr\u00e1 bor\u00f0inu, fyrir m\u00e1lt\u00ed\u00f0ina, og gekk til \u00feess dau\u00f0a l\u00edkama, t\u00f3k hann upp og bar leynilega heim \u00ed h\u00fas s\u00edn svo a\u00f0 hann gr\u00e6fi hann leynilega \u00e1 n\u00e1ttar\u00feeli. Og sem hann haf\u00f0i fali\u00f0 l\u00edki\u00f0 leynilega \u00e1t hann sitt brau\u00f0 me\u00f0 sorg <a href=\"https:\/\/biblian.is\/gudbrandsbiblia\/tobitsbok-2-kafli\/\"> [&#8230;]<\/a><\/p>\n","protected":false},"author":1,"featured_media":0,"parent":0,"menu_order":0,"comment_status":"open","ping_status":"open","template":"bibliukaflar.php","meta":{"footnotes":""},"class_list":["post-3630","page","type-page","status-publish","hentry"],"_links":{"self":[{"href":"https:\/\/biblian.is\/gudbrandsbiblia\/wp-json\/wp\/v2\/pages\/3630","targetHints":{"allow":["GET"]}}],"collection":[{"href":"https:\/\/biblian.is\/gudbrandsbiblia\/wp-json\/wp\/v2\/pages"}],"about":[{"href":"https:\/\/biblian.is\/gudbrandsbiblia\/wp-json\/wp\/v2\/types\/page"}],"author":[{"embeddable":true,"href":"https:\/\/biblian.is\/gudbrandsbiblia\/wp-json\/wp\/v2\/users\/1"}],"replies":[{"embeddable":true,"href":"https:\/\/biblian.is\/gudbrandsbiblia\/wp-json\/wp\/v2\/comments?post=3630"}],"version-history":[{"count":0,"href":"https:\/\/biblian.is\/gudbrandsbiblia\/wp-json\/wp\/v2\/pages\/3630\/revisions"}],"wp:attachment":[{"href":"https:\/\/biblian.is\/gudbrandsbiblia\/wp-json\/wp\/v2\/media?parent=3630"}],"curies":[{"name":"wp","href":"https:\/\/api.w.org\/{rel}","templated":true}]}}