{"id":3606,"date":"2017-12-18T18:34:09","date_gmt":"2017-12-18T18:34:09","guid":{"rendered":"http:\/\/biblian.is\/gudbrandsbiblia\/sefania-1-kafli\/"},"modified":"2017-12-18T18:34:09","modified_gmt":"2017-12-18T18:34:09","slug":"sefania-1-kafli","status":"publish","type":"page","link":"https:\/\/biblian.is\/gudbrandsbiblia\/sefania-1-kafli\/","title":{"rendered":"Sefan\u00eda 1. kafli"},"content":{"rendered":"<p>Prophetinn Zephonias<\/p>\n<p>I. <\/p>\n<p>\u00deetta er \u00fea\u00f0 or\u00f0 Drottins sem ske\u00f0i til Zephonias K\u00fas\u00edsonar, Gedaljasonar, Amarjasonar, Ezechiesonar, \u00e1 d\u00f6gum J\u00f3s\u00eda Amm\u00f3nsonar sem var k\u00f3ngur J\u00fada. <span class=\"athugasemd\" title=\"Fyrir hinga\u00f0bur\u00f0 Christi dcx \u00e1r\">[<\/span><\/p>\n<p>\tEg vil taka alla hluti \u00ed burt af landinu, segir Drottinn. Eg vil \u00ed burt taka b\u00e6\u00f0i menn og f\u00e9na\u00f0, b\u00e6\u00f0i fuglana undir himninum og fiskana \u00ed sj\u00f3num, me\u00f0 \u00feeim hneykslunum og \u00e1samt \u00feeim \u00f3gu\u00f0legu. J\u00e1, eg vil f\u00f3lki\u00f0 \u00fatreka af landinu, segir Drottinn. Eg vil \u00fatr\u00e9tta m\u00edna h\u00f6nd yfir J\u00fada og yfir alla \u00fe\u00e1 sem b\u00faa \u00ed Jer\u00fasalem. So vil eg og uppr\u00e6ta \u00fev\u00ed sem eftir er af Baal, \u00fear me\u00f0 nafni\u00f0 <span class=\"athugasemd\" title=\"a \/ Kamar\u00edm) \/ \u00deeir sem \u00fe\u00f3ttust fyrir einf\u00f6ldum prestum\">[<\/span> Kamar\u00edm og prestanna n\u00f6fn, af \u00feessum sta\u00f0, og \u00fe\u00e1 sem upp \u00e1 \u00feekjunum \u00e1kalla himinsins herskap, \u00feeir sem tilbi\u00f0ja \u00fea\u00f0 og sverja \u00fe\u00f3 vi\u00f0 Drottin og undir eins vi\u00f0 <span class=\"athugasemd\" title=\"b \/ Malk\u00f3n) \/ Var afgu\u00f0 Amm\u00f3nsona\">[<\/span> Malk\u00f3n og \u00fe\u00e1 sem falla fr\u00e1 Drottni og \u00fe\u00e1 sem ekki hir\u00f0a um Drottin og ei akta hann.<\/p>\n<p>\tVeri\u00f0 kyrrir fyrir Drottni Drottni \u00fev\u00ed Drottinns dagur er \u00ed n\u00e1nd. \u00dev\u00ed Drottinn hefur tilreitt sitt sl\u00e1trunaroffur og bo\u00f0i\u00f0 s\u00ednum gestum \u00fear til. Og \u00e1 Drottins sl\u00e1trunaroffursdegi vil eg heims\u00e6kja h\u00f6f\u00f0ingjana og k\u00f3ngsins b\u00f6rn og alla \u00fe\u00e1 sem bera \u00fatlenskan kl\u00e6\u00f0na\u00f0. Og \u00e1 \u00feeim sama t\u00edma vil eg heims\u00e6kja \u00fe\u00e1 sem st\u00f6kkva yfir \u00fer\u00f6sk\u00f6ldu og fylla sinna herra h\u00fas me\u00f0 r\u00e1ni og rangindum.<\/p>\n<p>\t\u00c1 sama t\u00edma, segir Drottinn, skal \u00fear uppkoma eitt h\u00e1tt kall fr\u00e1 Fiskaportinu og einn gr\u00e1tur fr\u00e1 \u00fev\u00ed \u00f6\u00f0ru portinu og ein mikil eymd \u00e1 h\u00e6\u00f0unum. \u00ddli, \u00fe\u00e9r sem b\u00faa \u00ed mylnuh\u00fasunum, \u00fev\u00ed allt kaupmannaf\u00f3lki\u00f0 er \u00ed burtu og \u00feeir allir sem safna peningum eru \u00ed burt reknir.<\/p>\n<p>\t\u00c1 sama t\u00edma vil eg rannsaka Jer\u00fasalem me\u00f0 skri\u00f0lj\u00f3sum og eg vil heims\u00e6kja \u00fea\u00f0 f\u00f3lk sem liggur \u00e1 s\u00ednum <span class=\"athugasemd\" title=\"c \/ Dreggjum) \/ Eru athugalausir og skeyta \u00f6ngvum \u00f3gnunum og l\u00e1ta ekki af syndunum\">[<\/span> dreggjum og segir \u00ed s\u00ednu hjarta: &#8222;Drottinn mun hvorki gj\u00f6ra vont n\u00e9 gott.&#8220; Og \u00feeirra g\u00f3ss skal ver\u00f0a a\u00f0 herfangi og \u00feeirra h\u00fas \u00ed ey\u00f0i. \u00deeir skulu byggja h\u00fas og ei b\u00faa \u00ed \u00feeim, \u00feeir skulu planta v\u00edngar\u00f0a og ekkert v\u00edn drekka af \u00feeim. <span class=\"athugasemd\" title=\"Amos v.\">[<\/span><\/p>\n<p>\t\u00dev\u00ed a\u00f0 s\u00e1 mikli dagur Drottins er \u00ed n\u00e1nd, hann er n\u00e6rri og fl\u00fdtir s\u00e9r. \u00de\u00e1 rykti\u00f0 kemur um Drottins dag \u00fe\u00e1 skulu \u00feeir inu s\u00f6mu sterku beisklega hr\u00f3pa. \u00dev\u00ed \u00feessi dagur er rei\u00f0innar dagur, dagur h\u00f6rmungar og eymdar, dagur storms og vindar, dagur myrkurs og dimmu, dagur sk\u00fdja og \u00feoku, dagur l\u00fa\u00f0ranna og b\u00e1s\u00fananna, m\u00f3t \u00feeim sterku borgum og h\u00e1vu slotum. Eg vil gj\u00f6ra f\u00f3lki\u00f0 so hugsj\u00fakt a\u00f0 \u00feeir skulu ganga \u00ed kring sem blindir menn af \u00fev\u00ed \u00feeir hafa syndgast \u00ed m\u00f3t Drottni. \u00deeirra bl\u00f3\u00f0 skal \u00fathellast l\u00edka sem v\u00e6ri \u00fea\u00f0 duft og \u00feeirra l\u00edkamir so sem \u00fea\u00f0 v\u00e6ri \u00f3hreinindi. \u00deeirra silfur og gull skal ekki hj\u00e1lpa \u00feeim \u00e1 \u00feeim rei\u00f0innar degi, segir Drottinn, heldur allt landi\u00f0 skal ey\u00f0ast vi\u00f0 hans vandl\u00e6tingareld. \u00dev\u00ed hann skal gj\u00f6ra einn flj\u00f3tan enda me\u00f0 alla \u00fe\u00e1 sem b\u00faa \u00ed landinu.<\/p>\n","protected":false},"excerpt":{"rendered":"<p>Prophetinn Zephonias I. \u00deetta er \u00fea\u00f0 or\u00f0 Drottins sem ske\u00f0i til Zephonias K\u00fas\u00edsonar, Gedaljasonar, Amarjasonar, Ezechiesonar, \u00e1 d\u00f6gum J\u00f3s\u00eda Amm\u00f3nsonar sem var k\u00f3ngur J\u00fada. [ Eg vil taka alla hluti \u00ed burt af landinu, segir Drottinn. Eg vil \u00ed burt taka b\u00e6\u00f0i menn og f\u00e9na\u00f0, b\u00e6\u00f0i fuglana undir himninum og fiskana \u00ed sj\u00f3num, me\u00f0 \u00feeim hneykslunum og \u00e1samt \u00feeim \u00f3gu\u00f0legu. J\u00e1, eg vil f\u00f3lki\u00f0 \u00fatreka af landinu, segir Drottinn. Eg vil \u00fatr\u00e9tta m\u00edna h\u00f6nd yfir J\u00fada og yfir alla \u00fe\u00e1 sem b\u00faa \u00ed Jer\u00fasalem. So vil eg og uppr\u00e6ta \u00fev\u00ed sem eftir er af Baal, \u00fear me\u00f0 nafni\u00f0 [ Kamar\u00edm <a href=\"https:\/\/biblian.is\/gudbrandsbiblia\/sefania-1-kafli\/\"> [&#8230;]<\/a><\/p>\n","protected":false},"author":1,"featured_media":0,"parent":0,"menu_order":0,"comment_status":"open","ping_status":"open","template":"bibliukaflar.php","meta":{"footnotes":""},"class_list":["post-3606","page","type-page","status-publish","hentry"],"_links":{"self":[{"href":"https:\/\/biblian.is\/gudbrandsbiblia\/wp-json\/wp\/v2\/pages\/3606","targetHints":{"allow":["GET"]}}],"collection":[{"href":"https:\/\/biblian.is\/gudbrandsbiblia\/wp-json\/wp\/v2\/pages"}],"about":[{"href":"https:\/\/biblian.is\/gudbrandsbiblia\/wp-json\/wp\/v2\/types\/page"}],"author":[{"embeddable":true,"href":"https:\/\/biblian.is\/gudbrandsbiblia\/wp-json\/wp\/v2\/users\/1"}],"replies":[{"embeddable":true,"href":"https:\/\/biblian.is\/gudbrandsbiblia\/wp-json\/wp\/v2\/comments?post=3606"}],"version-history":[{"count":0,"href":"https:\/\/biblian.is\/gudbrandsbiblia\/wp-json\/wp\/v2\/pages\/3606\/revisions"}],"wp:attachment":[{"href":"https:\/\/biblian.is\/gudbrandsbiblia\/wp-json\/wp\/v2\/media?parent=3606"}],"curies":[{"name":"wp","href":"https:\/\/api.w.org\/{rel}","templated":true}]}}