{"id":3600,"date":"2017-12-18T18:34:09","date_gmt":"2017-12-18T18:34:09","guid":{"rendered":"http:\/\/biblian.is\/gudbrandsbiblia\/nahum-3-kafli\/"},"modified":"2017-12-18T18:34:09","modified_gmt":"2017-12-18T18:34:09","slug":"nahum-3-kafli","status":"publish","type":"page","link":"https:\/\/biblian.is\/gudbrandsbiblia\/nahum-3-kafli\/","title":{"rendered":"Nah\u00fam 3. kafli"},"content":{"rendered":"<p>III.<\/p>\n<p>Vei \u00feeim manndr\u00e1pasta\u00f0, hver fullur er af <span class=\"athugasemd\" title=\"a \/ Lygum) \/ \u00dea\u00f0 er, afgu\u00f0ad\u00fdrkun, hverja hann kallar t\u00f6fra og h\u00f3ruskap\">[<\/span> lygum og r\u00e1ni og vill \u00fe\u00f3 ekki l\u00e1ta af s\u00ednum r\u00e1nskap! \u00dev\u00ed \u00fear skulu menn heyra svipurnar hlj\u00f3ma og hj\u00f3lin hrikta, hestana hneggja og vagnana braka. Hann f\u00e6rir riddarana upp me\u00f0 skygg\u00f0um sver\u00f0um og sk\u00ednandi spj\u00f3tum. \u00dear liggja margir \u00ed hel slegnir og mikill fj\u00f6ldi dau\u00f0ra manna so enginn getur tali\u00f0 \u00fe\u00e1 og menn detta um \u00fe\u00e1 inu dau\u00f0u. \u00dea\u00f0 sker allt saman fyrir \u00feann st\u00f3ra h\u00f3ruskap \u00feeirrar f\u00f6gru h\u00f3ru hver a\u00f0 fj\u00f6lkynngi hefur me\u00f0 h\u00f6nd og hei\u00f0ingjana hefur me\u00f0 s\u00ednum h\u00f3rd\u00f3mi en l\u00f6nd og l\u00fd\u00f0i hefur me\u00f0 s\u00ednum g\u00f6ldrum \u00fatvega\u00f0.<\/p>\n<p>\tSj\u00e1 \u00fe\u00fa, eg vil \u00fe\u00e9r \u00ed m\u00f3t, segir s\u00e1 Drottinn Seba\u00f3t, eg vil uppfletta faldi \u00feinna kl\u00e6\u00f0a fyrir \u00fe\u00ednu augliti og eg vil gj\u00f6ra \u00feig nakinn fyrir hei\u00f0ingum og s\u00fdna \u00fe\u00edna sm\u00e1n k\u00f3ngar\u00edkjunum. Eg vil gj\u00f6ra \u00feig mj\u00f6g hr\u00e6\u00f0ilega og skamma \u00feig og gj\u00f6ra \u00feig a\u00f0 einu sko\u00f0unarspili so a\u00f0 allir \u00feeir sem \u00feig sj\u00e1 skulu fl\u00fdja fyrir \u00fe\u00e9r og segja so: &#8222;N\u00edn\u00edve er foreydd! Hver vill samharma me\u00f0 henni?&#8220; Og hvert skal eg leita \u00fe\u00e9r a\u00f0 huggara?<\/p>\n<p>\tMeinar \u00fe\u00fa a\u00f0 \u00fe\u00fa s\u00e9rt betri en s\u00e1 stj\u00f3rnarasta\u00f0urinn <span class=\"athugasemd\" title=\"N\u00f3\">[<\/span> N\u00f3 s\u00e1 e\u00f0 l\u00e1 hj\u00e1 vatninu og haf\u00f0i vatni\u00f0 allt um kring, hvers m\u00farar og festingar a\u00f0 sj\u00f3rinn var? Bl\u00e1land og Egyptaland voru hennar \u00f3segjanleg magt, P\u00fat og L\u00edb\u00eda voru \u00fe\u00edn hj\u00e1lp. Hann var\u00f0 \u00fe\u00f3 fordjarfa\u00f0ur og var\u00f0 fanginn a\u00f0 r\u00fdma \u00ed burt og hans b\u00f6rn voru \u00ed hel slegin \u00e1 \u00f6llum str\u00e6tum og menn k\u00f6stu\u00f0u hluti um hans e\u00f0laborin b\u00f6rn og allir hans magtarmenn voru bundnir hlekkjum og settir \u00ed fj\u00f6tur.<\/p>\n<p>\tSo skaltu og ver\u00f0a drukkin og fela \u00feig og leita \u00fe\u00e9r hl\u00edf\u00f0ar fyrir \u00fe\u00ednum \u00f3vinum. Allir \u00fe\u00ednir sterkustu sta\u00f0ir eru sem f\u00edkjutr\u00e9 me\u00f0 fullv\u00f6xnum f\u00edkjum n\u00e6r mann hristir \u00feau \u00fe\u00e1 falla \u00fe\u00e6r \u00feeim \u00ed munn sem \u00fe\u00e6r vill eta. Sj\u00e1, \u00feitt f\u00f3lk skal ver\u00f0a a\u00f0 <span class=\"athugasemd\" title=\"a \/ Konum) \/ \u00dea\u00f0 er, ragir og huglausir\">[<\/span> konum \u00ed \u00fe\u00e9r og dyr \u00fe\u00edns lands skulu uppl\u00e1tast fyrir \u00fe\u00ednum \u00f3vinum og eldurinn skal ey\u00f0a \u00fe\u00ednum j\u00e1rngrindum.<\/p>\n<p>\tDrag \u00fe\u00e9r vatn \u00fev\u00ed \u00fe\u00fa skalt ver\u00f0a umkringd. B\u00e6ttu upp \u00fe\u00edna kastala. Far til leirs, hno\u00f0a hann og gj\u00f6r \u00fe\u00e9r sterka t\u00edgulsteina. En eldurinn skal uppeta \u00feig og sver\u00f0 skal \u00ed hel sl\u00e1 \u00feig, \u00fea\u00f0 skal uppeta \u00feig l\u00edka sem k\u00e1lormur, \u00fea\u00f0 skal yfirfalla \u00feig sem k\u00e1lormur, \u00fea\u00f0 skal ofurfalla \u00feig sem engisprettur. <span class=\"athugasemd\" title=\"Brucus \/ Locuste\">[<\/span> \u00de\u00fa hefur fleiri kaupmenn en stj\u00f6rnur eru \u00e1 himnum en n\u00fa skulu \u00feeir \u00fatbrei\u00f0a sig sem k\u00e1lormar og flj\u00faga \u00ed burt. \u00de\u00ednir herrar eru svo margir sem engisprettur og \u00fe\u00ednir h\u00f6f\u00f0ingjar sem k\u00e1lormar sem sig leggja hj\u00e1 g\u00f6r\u00f0unum \u00e1 \u00feeim kalda deginum. En \u00feegar s\u00f3lin uppkemur \u00fe\u00e1 fl\u00fdja \u00feeir burt \u00fea\u00f0an so enginn veit hva\u00f0 af \u00feeim ver\u00f0ur.<\/p>\n<p>\t\u00de\u00ednir hir\u00f0arar skulu sofa, \u00fe\u00fa k\u00f3ngur \u00ed Assyria, \u00fe\u00ednir magtarmenn skulu leggja sig og \u00feitt f\u00f3lk skal \u00ed sundurdreifast \u00e1 fj\u00f6llunum og enginn safnar \u00feeim saman. Enginn skal harma \u00feinn ska\u00f0a, engi heldur hryggjast vegna \u00feinnar pl\u00e1gu heldur allir \u00feeir sem heyra soddan um \u00feig skulu saman klappa s\u00ednum h\u00f6ndum yfir \u00fe\u00e9r \u00fev\u00ed yfir hvern er ekki \u00fe\u00edn illska \u00ed s\u00edfellu komin? <\/p>\n<p>Ending prophetans Nah\u00fam<\/p>\n","protected":false},"excerpt":{"rendered":"<p>III. Vei \u00feeim manndr\u00e1pasta\u00f0, hver fullur er af [ lygum og r\u00e1ni og vill \u00fe\u00f3 ekki l\u00e1ta af s\u00ednum r\u00e1nskap! \u00dev\u00ed \u00fear skulu menn heyra svipurnar hlj\u00f3ma og hj\u00f3lin hrikta, hestana hneggja og vagnana braka. Hann f\u00e6rir riddarana upp me\u00f0 skygg\u00f0um sver\u00f0um og sk\u00ednandi spj\u00f3tum. \u00dear liggja margir \u00ed hel slegnir og mikill fj\u00f6ldi dau\u00f0ra manna so enginn getur tali\u00f0 \u00fe\u00e1 og menn detta um \u00fe\u00e1 inu dau\u00f0u. \u00dea\u00f0 sker allt saman fyrir \u00feann st\u00f3ra h\u00f3ruskap \u00feeirrar f\u00f6gru h\u00f3ru hver a\u00f0 fj\u00f6lkynngi hefur me\u00f0 h\u00f6nd og hei\u00f0ingjana hefur me\u00f0 s\u00ednum h\u00f3rd\u00f3mi en l\u00f6nd og l\u00fd\u00f0i hefur me\u00f0 s\u00ednum g\u00f6ldrum \u00fatvega\u00f0. <a href=\"https:\/\/biblian.is\/gudbrandsbiblia\/nahum-3-kafli\/\"> [&#8230;]<\/a><\/p>\n","protected":false},"author":1,"featured_media":0,"parent":0,"menu_order":0,"comment_status":"open","ping_status":"open","template":"bibliukaflar.php","meta":{"footnotes":""},"class_list":["post-3600","page","type-page","status-publish","hentry"],"_links":{"self":[{"href":"https:\/\/biblian.is\/gudbrandsbiblia\/wp-json\/wp\/v2\/pages\/3600","targetHints":{"allow":["GET"]}}],"collection":[{"href":"https:\/\/biblian.is\/gudbrandsbiblia\/wp-json\/wp\/v2\/pages"}],"about":[{"href":"https:\/\/biblian.is\/gudbrandsbiblia\/wp-json\/wp\/v2\/types\/page"}],"author":[{"embeddable":true,"href":"https:\/\/biblian.is\/gudbrandsbiblia\/wp-json\/wp\/v2\/users\/1"}],"replies":[{"embeddable":true,"href":"https:\/\/biblian.is\/gudbrandsbiblia\/wp-json\/wp\/v2\/comments?post=3600"}],"version-history":[{"count":0,"href":"https:\/\/biblian.is\/gudbrandsbiblia\/wp-json\/wp\/v2\/pages\/3600\/revisions"}],"wp:attachment":[{"href":"https:\/\/biblian.is\/gudbrandsbiblia\/wp-json\/wp\/v2\/media?parent=3600"}],"curies":[{"name":"wp","href":"https:\/\/api.w.org\/{rel}","templated":true}]}}