{"id":3589,"date":"2017-12-18T18:34:06","date_gmt":"2017-12-18T18:34:06","guid":{"rendered":"http:\/\/biblian.is\/gudbrandsbiblia\/jonas-3-kafli\/"},"modified":"2017-12-18T18:34:06","modified_gmt":"2017-12-18T18:34:06","slug":"jonas-3-kafli","status":"publish","type":"page","link":"https:\/\/biblian.is\/gudbrandsbiblia\/jonas-3-kafli\/","title":{"rendered":"J\u00f3nas 3. kafli"},"content":{"rendered":"<p>III.<\/p>\n<p>Og or\u00f0 Drottins ske\u00f0i \u00ed anna\u00f0 sinn til J\u00f3nas og sag\u00f0i: &#8222;Stattu upp og far \u00ed \u00feann st\u00f3ra sta\u00f0 N\u00edn\u00edve og pr\u00e9dika fyrir \u00feeim \u00fe\u00e1 pr\u00e9dikun sem eg segi \u00fe\u00e9r.&#8220; \u00de\u00e1 reis J\u00f3nas upp og fer\u00f0a\u00f0ist til N\u00edn\u00edve sem Drottinn haf\u00f0i sagt. En N\u00edn\u00edve var Gu\u00f0s sta\u00f0ur, \u00feriggja dagfer\u00f0a st\u00f3r. Og sem J\u00f3nas t\u00f3k til a\u00f0 ganga \u00ed sta\u00f0inn og var kominn eina dagsreisu pr\u00e9dika\u00f0i hann og sag\u00f0i: &#8222;Enn n\u00fa eru fj\u00f6rut\u00edgu dagar \u00fear til a\u00f0 N\u00edn\u00edveborg skal s\u00f6kkva.&#8220; \u00de\u00e1 tr\u00fa\u00f0i f\u00f3lki\u00f0 N\u00edn\u00edve \u00e1 G\u00f0u og l\u00e9tu bj\u00f3\u00f0a f\u00f6stu og \u00feeir kl\u00e6ddust sekkjum, b\u00e6\u00f0i st\u00f3rir og sm\u00e1ir. <span class=\"athugasemd\" title=\"Math. xii. \/ Luc. ix.\">[<\/span><\/p>\n<p>\tOg sem \u00feetta kom fyrir k\u00f3nginn \u00ed N\u00edn\u00edve st\u00f3\u00f0 hann upp af s\u00ednu tignars\u00e6ti og afskr\u00fdddi sig s\u00ednum purpura og sveipa\u00f0i um sig einum sekk og settist \u00ed \u00f6sku og l\u00e9t eitt bo\u00f0 \u00fatganga og segja \u00ed sta\u00f0num eftir skipun k\u00f3ngsins og hans magtarmanna: &#8222;\u00dear skal hverki menn n\u00e9 d\u00fdr, ekki naut n\u00e9 sau\u00f0ir, n\u00f6kku\u00f0 smakka og enginn skal \u00feeim nokku\u00f0 \u00e6tt gefa, ekki heldur l\u00e1ta \u00feau drekka vatn. <span class=\"athugasemd\" title=\"Eitt i\u00f0ranar eftird\u00e6mi\">[<\/span> Og menn og d\u00fdr skulu sveipa sig sekkjum og hr\u00f3pa til Gu\u00f0s alvarlega og hver skal sn\u00faa s\u00e9r fr\u00e1 s\u00ednum vonda vegi og fr\u00e1 illsku sinna handa. <span class=\"athugasemd\" title=\"J\u00f3el ii.\">[<\/span> Hver veit nema Gu\u00f0 umvendi s\u00e9r og hann angri \u00fea\u00f0 og sn\u00fai s\u00e9r fr\u00e1 sinni grimmdarrei\u00f0i so v\u00e9r fordjarfunst ekki?&#8220;<\/p>\n<p>\tOg sem Gu\u00f0 s\u00e1 \u00feeirra verk a\u00f0 \u00feeir sneru s\u00e9r fr\u00e1 s\u00ednum vonda vegi angra\u00f0i hann \u00fea\u00f0 vonda sem hann haf\u00f0i sagt a\u00f0 hann vildi gj\u00f6ra \u00feeim og gj\u00f6r\u00f0i \u00fea\u00f0 ekki.<\/p>\n","protected":false},"excerpt":{"rendered":"<p>III. Og or\u00f0 Drottins ske\u00f0i \u00ed anna\u00f0 sinn til J\u00f3nas og sag\u00f0i: &#8222;Stattu upp og far \u00ed \u00feann st\u00f3ra sta\u00f0 N\u00edn\u00edve og pr\u00e9dika fyrir \u00feeim \u00fe\u00e1 pr\u00e9dikun sem eg segi \u00fe\u00e9r.&#8220; \u00de\u00e1 reis J\u00f3nas upp og fer\u00f0a\u00f0ist til N\u00edn\u00edve sem Drottinn haf\u00f0i sagt. En N\u00edn\u00edve var Gu\u00f0s sta\u00f0ur, \u00feriggja dagfer\u00f0a st\u00f3r. Og sem J\u00f3nas t\u00f3k til a\u00f0 ganga \u00ed sta\u00f0inn og var kominn eina dagsreisu pr\u00e9dika\u00f0i hann og sag\u00f0i: &#8222;Enn n\u00fa eru fj\u00f6rut\u00edgu dagar \u00fear til a\u00f0 N\u00edn\u00edveborg skal s\u00f6kkva.&#8220; \u00de\u00e1 tr\u00fa\u00f0i f\u00f3lki\u00f0 N\u00edn\u00edve \u00e1 G\u00f0u og l\u00e9tu bj\u00f3\u00f0a f\u00f6stu og \u00feeir kl\u00e6ddust sekkjum, b\u00e6\u00f0i st\u00f3rir og sm\u00e1ir. [ Og <a href=\"https:\/\/biblian.is\/gudbrandsbiblia\/jonas-3-kafli\/\"> [&#8230;]<\/a><\/p>\n","protected":false},"author":1,"featured_media":0,"parent":0,"menu_order":0,"comment_status":"open","ping_status":"open","template":"bibliukaflar.php","meta":{"footnotes":""},"class_list":["post-3589","page","type-page","status-publish","hentry"],"_links":{"self":[{"href":"https:\/\/biblian.is\/gudbrandsbiblia\/wp-json\/wp\/v2\/pages\/3589","targetHints":{"allow":["GET"]}}],"collection":[{"href":"https:\/\/biblian.is\/gudbrandsbiblia\/wp-json\/wp\/v2\/pages"}],"about":[{"href":"https:\/\/biblian.is\/gudbrandsbiblia\/wp-json\/wp\/v2\/types\/page"}],"author":[{"embeddable":true,"href":"https:\/\/biblian.is\/gudbrandsbiblia\/wp-json\/wp\/v2\/users\/1"}],"replies":[{"embeddable":true,"href":"https:\/\/biblian.is\/gudbrandsbiblia\/wp-json\/wp\/v2\/comments?post=3589"}],"version-history":[{"count":0,"href":"https:\/\/biblian.is\/gudbrandsbiblia\/wp-json\/wp\/v2\/pages\/3589\/revisions"}],"wp:attachment":[{"href":"https:\/\/biblian.is\/gudbrandsbiblia\/wp-json\/wp\/v2\/media?parent=3589"}],"curies":[{"name":"wp","href":"https:\/\/api.w.org\/{rel}","templated":true}]}}