{"id":3588,"date":"2017-12-18T18:34:06","date_gmt":"2017-12-18T18:34:06","guid":{"rendered":"http:\/\/biblian.is\/gudbrandsbiblia\/jonas-2-kafli\/"},"modified":"2017-12-18T18:34:06","modified_gmt":"2017-12-18T18:34:06","slug":"jonas-2-kafli","status":"publish","type":"page","link":"https:\/\/biblian.is\/gudbrandsbiblia\/jonas-2-kafli\/","title":{"rendered":"J\u00f3nas 2. kafli"},"content":{"rendered":"<p>II.<\/p>\n<p>Og J\u00f3nas ba\u00f0 til Drottins Gu\u00f0s s\u00edns \u00ed kvi\u00f0i fisksins og sag\u00f0i: <\/p>\n<p>\tEg kalla\u00f0i til Drottins \u00ed minni ney\u00f0 og hann svara\u00f0i m\u00e9r. Eg hr\u00f3pa\u00f0i \u00far kvi\u00f0i helv\u00edtis og \u00fe\u00fa heyr\u00f0ir m\u00edna b\u00e6n.<\/p>\n<p>\t\u00de\u00fa varpa\u00f0ir m\u00e9r mitt \u00ed sj\u00e1vardj\u00fapi\u00f0 og vatni\u00f0 umkringdi mig. Allar \u00fe\u00ednar b\u00e1rur og bylgjur gengu yfir mig.<\/p>\n<p>\tSo eg \u00feenkta a\u00f0 eg mundi \u00ed burt drifinn fr\u00e1 \u00fe\u00ednum augum, a\u00f0 eg \u00e6tta ekki h\u00e9r eftir a\u00f0 sj\u00e1 \u00feitt heilagt musteri.<\/p>\n<p>\tVatni\u00f0 umkringdi mig allt til m\u00edns l\u00edfs, dj\u00fapi\u00f0 gaf sig um mig, \u00feangi\u00f0 huldi mitt h\u00f6fu\u00f0.<\/p>\n<p>\tEg s\u00f6kk allt ni\u00f0ur \u00ed undirdj\u00fapi\u00f0, j\u00f6r\u00f0in haf\u00f0i l\u00e6st mig \u00e6vinlega, en \u00fe\u00fa, Drottinn minn Gu\u00f0, f\u00e6r\u00f0ir mitt l\u00edf fr\u00e1 gl\u00f6tuninni.<\/p>\n<p>\tOg \u00fe\u00e1 m\u00edn s\u00e1la \u00f6rvilna\u00f0ist me\u00f0ur m\u00e9r \u00fe\u00e1 minntist eg \u00e1 Drottin og m\u00edn b\u00e6n kom til \u00fe\u00edn \u00ed \u00feitt heilaga musteri.<\/p>\n<p>\t\u00deeir sem halda s\u00e9r vi\u00f0 \u00fea\u00f0 sem einkist er vert \u00feeir forl\u00e1ta \u00feeirra n\u00e1\u00f0.<\/p>\n<p>\tEn eg vil me\u00f0 \u00feakkl\u00e6tisoffri og mitt heit vil eg m\u00ednum Drottni gjalda \u00fea\u00f0 hann m\u00e9r hj\u00e1lpa\u00f0 hefur.<\/p>\n<p>\tOg Drottinn sag\u00f0i til fisksins og s\u00e1 sami fiskur spj\u00f3 Jona \u00far s\u00e9r upp \u00e1 eitt \u00feurrt land.<\/p>\n","protected":false},"excerpt":{"rendered":"<p>II. Og J\u00f3nas ba\u00f0 til Drottins Gu\u00f0s s\u00edns \u00ed kvi\u00f0i fisksins og sag\u00f0i: Eg kalla\u00f0i til Drottins \u00ed minni ney\u00f0 og hann svara\u00f0i m\u00e9r. Eg hr\u00f3pa\u00f0i \u00far kvi\u00f0i helv\u00edtis og \u00fe\u00fa heyr\u00f0ir m\u00edna b\u00e6n. \u00de\u00fa varpa\u00f0ir m\u00e9r mitt \u00ed sj\u00e1vardj\u00fapi\u00f0 og vatni\u00f0 umkringdi mig. Allar \u00fe\u00ednar b\u00e1rur og bylgjur gengu yfir mig. So eg \u00feenkta a\u00f0 eg mundi \u00ed burt drifinn fr\u00e1 \u00fe\u00ednum augum, a\u00f0 eg \u00e6tta ekki h\u00e9r eftir a\u00f0 sj\u00e1 \u00feitt heilagt musteri. Vatni\u00f0 umkringdi mig allt til m\u00edns l\u00edfs, dj\u00fapi\u00f0 gaf sig um mig, \u00feangi\u00f0 huldi mitt h\u00f6fu\u00f0. Eg s\u00f6kk allt ni\u00f0ur \u00ed undirdj\u00fapi\u00f0, j\u00f6r\u00f0in haf\u00f0i l\u00e6st <a href=\"https:\/\/biblian.is\/gudbrandsbiblia\/jonas-2-kafli\/\"> [&#8230;]<\/a><\/p>\n","protected":false},"author":1,"featured_media":0,"parent":0,"menu_order":0,"comment_status":"open","ping_status":"open","template":"bibliukaflar.php","meta":{"footnotes":""},"class_list":["post-3588","page","type-page","status-publish","hentry"],"_links":{"self":[{"href":"https:\/\/biblian.is\/gudbrandsbiblia\/wp-json\/wp\/v2\/pages\/3588","targetHints":{"allow":["GET"]}}],"collection":[{"href":"https:\/\/biblian.is\/gudbrandsbiblia\/wp-json\/wp\/v2\/pages"}],"about":[{"href":"https:\/\/biblian.is\/gudbrandsbiblia\/wp-json\/wp\/v2\/types\/page"}],"author":[{"embeddable":true,"href":"https:\/\/biblian.is\/gudbrandsbiblia\/wp-json\/wp\/v2\/users\/1"}],"replies":[{"embeddable":true,"href":"https:\/\/biblian.is\/gudbrandsbiblia\/wp-json\/wp\/v2\/comments?post=3588"}],"version-history":[{"count":0,"href":"https:\/\/biblian.is\/gudbrandsbiblia\/wp-json\/wp\/v2\/pages\/3588\/revisions"}],"wp:attachment":[{"href":"https:\/\/biblian.is\/gudbrandsbiblia\/wp-json\/wp\/v2\/media?parent=3588"}],"curies":[{"name":"wp","href":"https:\/\/api.w.org\/{rel}","templated":true}]}}