{"id":3586,"date":"2017-12-18T18:34:06","date_gmt":"2017-12-18T18:34:06","guid":{"rendered":"http:\/\/biblian.is\/gudbrandsbiblia\/obadia-1-kafli\/"},"modified":"2018-01-13T23:29:19","modified_gmt":"2018-01-13T23:29:19","slug":"obadia-1-kafli","status":"publish","type":"page","link":"https:\/\/biblian.is\/gudbrandsbiblia\/obadia-1-kafli\/","title":{"rendered":"\u00d3bad\u00eda 1. kafli"},"content":{"rendered":"<p>Prophetinn Abd\u00edas<\/p>\n<p>I.<\/p>\n<p>\u00deetta er Abd\u00edas s\u00fdn. Svo segir Drottinn Drottinn af Ed\u00f3m: V\u00e9r h\u00f6fum heyrt af Drottni a\u00f0 \u00fear skal koma einn bo\u00f0skapur \u00e1 me\u00f0al hei\u00f0inna \u00fej\u00f3\u00f0a: \u201eR\u00edsum upp, v\u00e9r viljum str\u00ed\u00f0a \u00e1 m\u00f3ti \u00feeim!\u201c Sj\u00e1, eg hefi \u00feig l\u00edtinn \u00e1 me\u00f0al hei\u00f0ingjanna og mj\u00f6g fyrirlitinn gj\u00f6rt. Drambsemi \u00fe\u00edns hjarta hefur sviki\u00f0 \u00feig af \u00fev\u00ed \u00fe\u00fa bj\u00f3st \u00ed fjallaklofum, \u00ed \u00fe\u00ednum h\u00e1vum slotum, og sag\u00f0ir \u00ed \u00fe\u00ednu hjarta: \u201eHver vill mig undirleggja?\u201c<\/p>\n<p>Og \u00fe\u00f3 \u00fe\u00fa f\u00e6rir enn so h\u00e1tt upp \u00ed lofti\u00f0 sem \u00f6rn og gj\u00f6r\u00f0ir \u00feitt hrei\u00f0ur \u00e1 millum stjarnanna, samt \u00fe\u00e1 vil eg \u00fe\u00f3 kollvarpa \u00fe\u00e9r ni\u00f0ur, segir Drottinn. J\u00e1 a\u00f0 \u00fej\u00f3far og r\u00e6ningjar falla yfir \u00feig \u00e1 n\u00e1ttar\u00feeli, hvernin muntu \u00fe\u00e1 a\u00f0 \u00f6ngu ver\u00f0a? J\u00e1 \u00feeir skulu n\u00f3g stela og n\u00e6r \u00feeir v\u00ednberjalesarar koma yfir \u00feig \u00fe\u00e1 skulu \u00feeir ekki par eftir hj\u00e1 \u00fe\u00e9r l\u00e1ta. \u00d3 hversu \u00feeir skulu \u00fe\u00e1 rannsaka Esa\u00fa og leita eftir hans fj\u00e1rsj\u00f3\u00f0um! Allir \u00fe\u00ednir tr\u00fana\u00f0armenn skulu \u00feig af landinu reka og \u00fea\u00f0 f\u00f3lk sem \u00fe\u00fa helst tr\u00fa\u00f0ir skal \u00feig sv\u00edkja og yfirfalla og \u00feeir sem eta \u00feitt brau\u00f0 skulu \u00feig forr\u00e1\u00f0a \u00e1\u00f0ur \u00fe\u00fa veist af.<\/p>\n<p>Hva\u00f0 gildir, segir Drottinn, eg vil \u00e1 \u00feeim t\u00edma gj\u00f6ra v\u00edsindamennina \u00ed Ed\u00f3m til einkis og hyggindin \u00e1 fjallinu Esa\u00fa. \u00dev\u00ed a\u00f0 \u00fe\u00ednir sterku \u00ed Teman skulu \u00f6rv\u00e6ntast so a\u00f0 \u00feeir skulu allir me\u00f0 mor\u00f0i forganga upp \u00e1 Esa\u00fafjalli s\u00f6kum \u00feeirra ofr\u00edkis sem \u00feeir gj\u00f6r\u00f0u s\u00ednum br\u00f3\u00f0ur Jakob \u00e1 \u00feeim t\u00edma sem \u00fe\u00fa st\u00f3\u00f0st \u00ed m\u00f3ti honum og \u00fe\u00e1 \u00feeir annarlegu burt f\u00e6r\u00f0u hans her fanga\u00f0an og \u00feeir \u00fatlensku inndr\u00f3gu um hans borgarhli\u00f0 og l\u00f6g\u00f0u hluti yfir Jer\u00fasalem. \u00de\u00e1 varstu l\u00edka sem einn af \u00feeim. \u00dear fyrir skaltu ver\u00f0a til allrar skammar og vera \u00ed ey\u00f0i \u00e6vinlega.<\/p>\n<p>\u00de\u00fa skalt ekki h\u00e9r eftir so sj\u00e1 lyst \u00e1 \u00fe\u00ednum br\u00f3\u00f0ur \u00ed hans eymdart\u00ed\u00f0 og \u00fe\u00fa skalt ekki gle\u00f0ja \u00feig yfir J\u00fadab\u00f6rnum \u00e1 \u00feeirra m\u00f3tgangst\u00ed\u00f0. Og \u00fe\u00fa skalt ekki tala so drambsamlega me\u00f0 \u00fe\u00ednum munni \u00ed \u00feeirra hrygg\u00f0art\u00ed\u00f0. \u00de\u00fa skalt ekki draga inn um borgarhli\u00f0in m\u00edns f\u00f3lks \u00e1 \u00feeirra eymdart\u00edmum. \u00de\u00fa skalt ekki gle\u00f0ja \u00feig yfir \u00feeirra \u00f3f\u00f6rum \u00ed \u00feeirra sorgart\u00ed\u00f0, \u00fe\u00fa skalt ekki senda \u00ed m\u00f3ti hans herli\u00f0i \u00ed hans m\u00f3tgangst\u00ed\u00f0. \u00de\u00fa skalt ekki standa \u00e1 gatnam\u00f3tum til a\u00f0 vega \u00fe\u00e1 sem fl\u00fdja fr\u00e1 honum. \u00de\u00fa skalt ekki fordjarfa \u00fe\u00e1 sem afgangs eru \u00e1 hans sorgart\u00ed\u00f0.<\/p>\n<p>\u00dev\u00ed dagur Drottins er n\u00e1l\u00e6gur yfir \u00f6llum hei\u00f0ingjum. L\u00edka sem \u00fe\u00fa hefur gj\u00f6rt so skal \u00fe\u00e9r endurgjaldast og so sem \u00fe\u00fa hefur for\u00fe\u00e9na\u00f0 so skal \u00fe\u00e9r l\u00edka \u00fea\u00f0 sama \u00ed koll koma. \u00dev\u00ed a\u00f0 l\u00edka sem \u00fe\u00e9r hafi\u00f0 drukki\u00f0 \u00e1 m\u00ednu heil\u00f6gu fjalli so skulu allir hei\u00f0ingjar daglega drekka. J\u00e1 \u00feeir skulu af drekka og uppsvelgja a\u00f0 \u00fea\u00f0 skal vera so sem \u00fear hafi aldrei neitt veri\u00f0.<\/p>\n<p>En \u00fear skulu \u00fe\u00f3 nokkrir vera frelsa\u00f0ir \u00e1 S\u00edonsfjalli og \u00feeir skulu vera einn helgid\u00f3mur. Og Jakobs h\u00fas skal \u00fe\u00e1 eignast sem \u00fe\u00e1 eignu\u00f0u s\u00e9r \u00e1\u00f0ur. Og h\u00fas Jakobs skal vera einn eldur og J\u00f3sefs h\u00fas einn logi en Esa\u00fa h\u00fas einn h\u00e1lmur. Hann skulu \u00feeir uppkveikja og uppbrenna so a\u00f0 \u00fear skal ekkert eftir vera af Esa\u00fa h\u00fasi. \u00dev\u00ed a\u00f0 Drottinn hefur so sagt.<\/p>\n<p>Og \u00feeir \u00ed m\u00f3ti su\u00f0rinu skulu eignast fjallbygg\u00f0ir Esa\u00fa og \u00feeir sem \u00ed d\u00f6lunum eru skulu eignast Philisteos. J\u00e1, \u00feeir skulu eiga Efra\u00edms merkur og Samarie grund og Benjam\u00edn G\u00edlea\u00f0sfjall. Og \u00feeir herteknu af her Israelisbarna, hverjir a\u00f0 eru \u00e1 me\u00f0al Cananeos allt til Sarfat og \u00feeir \u00fatreknu af Jer\u00fasalem sem a\u00f0 eru af Sefarat \u00feeir skulu byggja \u00fe\u00e1 sta\u00f0ina sem eru n\u00fa \u00ed m\u00f3t su\u00f0ri. Og frelsarar skulu koma \u00e1 fjalli\u00f0 S\u00edon a\u00f0 d\u00e6ma Esa\u00fa fjallbygg\u00f0ir. So skal r\u00edki\u00f0 ver\u00f0a Drottins.<\/p>\n<p>Ending prophetans Abd\u00edas<\/p>\n","protected":false},"excerpt":{"rendered":"<p>Prophetinn Abd\u00edas I. \u00deetta er Abd\u00edas s\u00fdn. Svo segir Drottinn Drottinn af Ed\u00f3m: V\u00e9r h\u00f6fum heyrt af Drottni a\u00f0 \u00fear skal koma einn bo\u00f0skapur \u00e1 me\u00f0al hei\u00f0inna \u00fej\u00f3\u00f0a: \u201eR\u00edsum upp, v\u00e9r viljum str\u00ed\u00f0a \u00e1 m\u00f3ti \u00feeim!\u201c Sj\u00e1, eg hefi \u00feig l\u00edtinn \u00e1 me\u00f0al hei\u00f0ingjanna og mj\u00f6g fyrirlitinn gj\u00f6rt. Drambsemi \u00fe\u00edns hjarta hefur sviki\u00f0 \u00feig af \u00fev\u00ed \u00fe\u00fa bj\u00f3st \u00ed fjallaklofum, \u00ed \u00fe\u00ednum h\u00e1vum slotum, og sag\u00f0ir \u00ed \u00fe\u00ednu hjarta: \u201eHver vill mig undirleggja?\u201c Og \u00fe\u00f3 \u00fe\u00fa f\u00e6rir enn so h\u00e1tt upp \u00ed lofti\u00f0 sem \u00f6rn og gj\u00f6r\u00f0ir \u00feitt hrei\u00f0ur \u00e1 millum stjarnanna, samt \u00fe\u00e1 vil eg \u00fe\u00f3 kollvarpa \u00fe\u00e9r ni\u00f0ur, <a href=\"https:\/\/biblian.is\/gudbrandsbiblia\/obadia-1-kafli\/\"> [&#8230;]<\/a><\/p>\n","protected":false},"author":1,"featured_media":0,"parent":0,"menu_order":0,"comment_status":"open","ping_status":"open","template":"bibliukaflar.php","meta":{"footnotes":""},"class_list":["post-3586","page","type-page","status-publish","hentry"],"_links":{"self":[{"href":"https:\/\/biblian.is\/gudbrandsbiblia\/wp-json\/wp\/v2\/pages\/3586","targetHints":{"allow":["GET"]}}],"collection":[{"href":"https:\/\/biblian.is\/gudbrandsbiblia\/wp-json\/wp\/v2\/pages"}],"about":[{"href":"https:\/\/biblian.is\/gudbrandsbiblia\/wp-json\/wp\/v2\/types\/page"}],"author":[{"embeddable":true,"href":"https:\/\/biblian.is\/gudbrandsbiblia\/wp-json\/wp\/v2\/users\/1"}],"replies":[{"embeddable":true,"href":"https:\/\/biblian.is\/gudbrandsbiblia\/wp-json\/wp\/v2\/comments?post=3586"}],"version-history":[{"count":0,"href":"https:\/\/biblian.is\/gudbrandsbiblia\/wp-json\/wp\/v2\/pages\/3586\/revisions"}],"wp:attachment":[{"href":"https:\/\/biblian.is\/gudbrandsbiblia\/wp-json\/wp\/v2\/media?parent=3586"}],"curies":[{"name":"wp","href":"https:\/\/api.w.org\/{rel}","templated":true}]}}