{"id":3578,"date":"2017-12-18T18:34:06","date_gmt":"2017-12-18T18:34:06","guid":{"rendered":"http:\/\/biblian.is\/gudbrandsbiblia\/amos-2-kafli\/"},"modified":"2017-12-18T18:34:06","modified_gmt":"2017-12-18T18:34:06","slug":"amos-2-kafli","status":"publish","type":"page","link":"https:\/\/biblian.is\/gudbrandsbiblia\/amos-2-kafli\/","title":{"rendered":"Amos 2. kafli"},"content":{"rendered":"<p>II.<\/p>\n<p>So segir Drottinn: <span class=\"athugasemd\" title=\"Mich. \/ J\u00fada\">[<\/span> Saukum \u00feriggja og fj\u00f6gra J\u00fada synda vil eg ekki hl\u00edfa honum \u00fev\u00ed a\u00f0 \u00feeir forsm\u00e1 l\u00f6gm\u00e1l Drottins og halda ekki hans r\u00e9ttindi og l\u00e1ta s\u00ednar lygar t\u00e6la sig hverjum \u00feerira fe\u00f0ur eftirfylgdu, heldur vil eg skikka einn eld \u00ed J\u00fada og hann skal uppbrenna herbergin til Jer\u00fasalem.<\/p>\n<p>\tSo segir Drottinn: <span class=\"athugasemd\" title=\"\u00cdsrael\">[<\/span> S\u00f6kum \u00feriggja og fj\u00f6gra synda \u00cdsraels vil eg ekki hl\u00edfa \u00feeim, \u00fev\u00ed \u00feeir selja \u00feann r\u00e9ttl\u00e1ta fyrir peninga og \u00fe\u00e1 f\u00e1t\u00e6ku fyrir eina sk\u00f3. \u00deeir tro\u00f0a h\u00f6fu\u00f0 f\u00e1t\u00e6kra \u00ed g\u00f3lfi\u00f0 og hamla vegum hinna volu\u00f0u. Sonurinn og fa\u00f0irinn liggja hj\u00e1 einni st\u00falku, me\u00f0 hverju \u00feeir vanhelga mitt heilaga nafn. Og \u00feeir framfalla \u00ed pantsettum kl\u00e6\u00f0um fyrir hverju altari og drekka v\u00edn \u00ed \u00feeirra gu\u00f0ah\u00fasum fr\u00e1 \u00feeim sem straffa\u00f0ir eru.<\/p>\n<p>\tN\u00fa hefi eg \u00fe\u00f3 afm\u00e1\u00f0 \u00feann Amoreum fyrir \u00fe\u00e1 hver svo var h\u00e1r sem sedrus og hans magt sem eikitr\u00e9 og eg afm\u00e1\u00f0i hans \u00e1v\u00f6xt fr\u00e1 ofanver\u00f0u og allt til hans r\u00f3tar. Og eg f\u00e6r\u00f0a y\u00f0ur af Egyptalandi og leiddi y\u00f0ur um \u00fe\u00e1 ey\u00f0im\u00f6rk \u00ed fj\u00f6rut\u00edgi \u00e1r so \u00fe\u00e9r skyldu\u00f0 eignast \u00fea\u00f0 land Amoreis. Og eg uppvakti propheta af y\u00f0ar b\u00f6rnum og \u00fe\u00e1 Nazarenos af y\u00f0rum ungum sveinum. \u00de\u00e9r \u00cdsraelsb\u00f6rn, er \u00fea\u00f0 ekki so? segir Drottinn. En \u00fe\u00e9r gefi\u00f0 \u00feeim Nazareis v\u00edn a\u00f0 drekka og bj\u00f3\u00f0i\u00f0 prophetonum: &#8222;\u00de\u00e9r skulu\u00f0 ekki sp\u00e1.&#8220;<\/p>\n<p>\tSj\u00e1 \u00fe\u00fa, eg vil gj\u00f6ra eitt brak \u00e1 me\u00f0al y\u00f0ar l\u00edka sem \u00fe\u00e1 brakar \u00ed einum vagni fullum af korni a\u00f0 s\u00e1 sem er flj\u00f3tur skal ekki undan fl\u00fdja og hinn sem er sterkur skal ekki par megna og s\u00e1 hinn megtugi skal ekki s\u00ednu l\u00edfi for\u00f0a\u00f0 geta. Og bogmennirnir skulu ekki vi\u00f0standast og s\u00e1 sem har\u00f0ast hleypur hann skal ekki undan komast og s\u00e1 sem r\u00ed\u00f0ur skal ekki bjarga s\u00ednu l\u00edfi og s\u00e1 sem er \u00fereklegur \u00e1 me\u00f0al sterkra skal fl\u00fdja nakinn \u00e1 \u00feeim t\u00edma, segir Drottinn.<\/p>\n","protected":false},"excerpt":{"rendered":"<p>II. So segir Drottinn: [ Saukum \u00feriggja og fj\u00f6gra J\u00fada synda vil eg ekki hl\u00edfa honum \u00fev\u00ed a\u00f0 \u00feeir forsm\u00e1 l\u00f6gm\u00e1l Drottins og halda ekki hans r\u00e9ttindi og l\u00e1ta s\u00ednar lygar t\u00e6la sig hverjum \u00feerira fe\u00f0ur eftirfylgdu, heldur vil eg skikka einn eld \u00ed J\u00fada og hann skal uppbrenna herbergin til Jer\u00fasalem. So segir Drottinn: [ S\u00f6kum \u00feriggja og fj\u00f6gra synda \u00cdsraels vil eg ekki hl\u00edfa \u00feeim, \u00fev\u00ed \u00feeir selja \u00feann r\u00e9ttl\u00e1ta fyrir peninga og \u00fe\u00e1 f\u00e1t\u00e6ku fyrir eina sk\u00f3. \u00deeir tro\u00f0a h\u00f6fu\u00f0 f\u00e1t\u00e6kra \u00ed g\u00f3lfi\u00f0 og hamla vegum hinna volu\u00f0u. Sonurinn og fa\u00f0irinn liggja hj\u00e1 einni st\u00falku, me\u00f0 hverju <a href=\"https:\/\/biblian.is\/gudbrandsbiblia\/amos-2-kafli\/\"> [&#8230;]<\/a><\/p>\n","protected":false},"author":1,"featured_media":0,"parent":0,"menu_order":0,"comment_status":"open","ping_status":"open","template":"bibliukaflar.php","meta":{"footnotes":""},"class_list":["post-3578","page","type-page","status-publish","hentry"],"_links":{"self":[{"href":"https:\/\/biblian.is\/gudbrandsbiblia\/wp-json\/wp\/v2\/pages\/3578","targetHints":{"allow":["GET"]}}],"collection":[{"href":"https:\/\/biblian.is\/gudbrandsbiblia\/wp-json\/wp\/v2\/pages"}],"about":[{"href":"https:\/\/biblian.is\/gudbrandsbiblia\/wp-json\/wp\/v2\/types\/page"}],"author":[{"embeddable":true,"href":"https:\/\/biblian.is\/gudbrandsbiblia\/wp-json\/wp\/v2\/users\/1"}],"replies":[{"embeddable":true,"href":"https:\/\/biblian.is\/gudbrandsbiblia\/wp-json\/wp\/v2\/comments?post=3578"}],"version-history":[{"count":0,"href":"https:\/\/biblian.is\/gudbrandsbiblia\/wp-json\/wp\/v2\/pages\/3578\/revisions"}],"wp:attachment":[{"href":"https:\/\/biblian.is\/gudbrandsbiblia\/wp-json\/wp\/v2\/media?parent=3578"}],"curies":[{"name":"wp","href":"https:\/\/api.w.org\/{rel}","templated":true}]}}