{"id":3573,"date":"2017-12-18T18:34:02","date_gmt":"2017-12-18T18:34:02","guid":{"rendered":"http:\/\/biblian.is\/gudbrandsbiblia\/joel-1-kafli\/"},"modified":"2017-12-18T20:04:07","modified_gmt":"2017-12-18T20:04:07","slug":"joel-1-kafli","status":"publish","type":"page","link":"https:\/\/biblian.is\/gudbrandsbiblia\/joel-1-kafli\/","title":{"rendered":"J\u00f3el 1. kafli"},"content":{"rendered":"<p>Prophetinn J\u00f3hel<\/p>\n<p>I. <\/p>\n<p>\u00deetta er \u00fea\u00f0 or\u00f0 Drottins sem ske\u00f0i til J\u00f3hel Pet\u00faelsonar.<\/p>\n<p>\tHeyri\u00f0 \u00feetta, \u00fe\u00e9r \u00f6ldungar, og merki\u00f0 vel, allir landsins innbyggjarar, hvort svoddan hefur ske\u00f0 nokkurn t\u00edma \u00e1 y\u00f0rum d\u00f6gum e\u00f0a y\u00f0ra foreldra d\u00f6gum? Segi\u00f0 y\u00f0ar b\u00f6rnum \u00fear af og l\u00e1ti\u00f0 b\u00f6rnin segja \u00fea\u00f0 s\u00ednum b\u00f6rnum so a\u00f0 barnab\u00f6rnin megi segja s\u00ednum eftirkomendum. Sem er \u00feetta: \u00dea\u00f0 sem k\u00e1lormurinn leyfir \u00fev\u00ed uppey\u00f0a engispretturnar en \u00fea\u00f0 sem engispretturnar eftirskilja \u00fea\u00f0 eta tr\u00e9ormarnir og \u00fea\u00f0 sem tr\u00e9ormarnir leifa \u00fea\u00f0 eta kornormarnir.<\/p>\n<p>\tVakni\u00f0 upp, \u00fe\u00e9r drukknir, gr\u00e1ti\u00f0 og kveini\u00f0, allir v\u00ednsvelgjarar, \u00feess n\u00fdja v\u00edns \u00fev\u00ed \u00fea\u00f0 er \u00ed burt teki\u00f0 fr\u00e1 y\u00f0rum munni. \u00dev\u00ed a\u00f0 \u00ed mitt land innkemur ofurmiki\u00f0 f\u00f3lk og \u00f3teljanlegt, \u00fea\u00f0 f\u00f3lk sem hefur tennur sem le\u00f3nar og jaxla sem le\u00f3nsinnur. <span class=\"athugasemd\" title=\"Assyrii\">[<\/span> \u00dea\u00f0 f\u00f3lk mun ey\u00f0ileggja m\u00edna v\u00edngar\u00f0a og uppeta m\u00edn f\u00edkjutr\u00e9, skafa b\u00f6rkinn og burt kasta honum so \u00feeirra kvistir standa hv\u00edtir.<\/p>\n<p>\t\u00c6pi\u00f0 sem ein jungfr\u00fa s\u00fa e\u00f0 sekk dregur \u00e1 sig s\u00f6kum s\u00edns br\u00fa\u00f0guma. \u00dev\u00ed matoffur og drykkoffur er \u00ed burt af Drottins h\u00fasi og prestarnir, herrans \u00fe\u00e9narar, syrgja. Merkurnar eru allar \u00ed ey\u00f0i og akranir standa aumlega, korni\u00f0 er fordjarfa\u00f0, v\u00edni\u00f0 stendur s\u00e1rlega en vi\u00f0smj\u00f6ri\u00f0 sorglega. Akurverksmennirnir eru h\u00f6rmulegir \u00e1 a\u00f0 l\u00edta og v\u00edngar\u00f0smennirnir \u00fdla vegna hveitis og byggs a\u00f0 kornskeran er forspillt. So stendur n\u00fa v\u00edntr\u00e9\u00f0 aumlega og f\u00edkjutr\u00e9\u00f0 sorglega, so og granatatr\u00e9\u00f0, p\u00e1lmvi\u00f0artr\u00e9\u00f0, eplatr\u00e9\u00f0 og \u00f6ll tr\u00e9 \u00ed sk\u00f3gunum og \u00e1 v\u00f6llunum eru visnu\u00f0 \u00fev\u00ed mannanna gle\u00f0i er or\u00f0in a\u00f0 sorg.<\/p>\n<p>\tUmgyr\u00f0i\u00f0 y\u00f0ur og syrgi\u00f0, \u00fe\u00e9r prestarnir, \u00e6pi\u00f0, \u00fe\u00e9r altarisins \u00fe\u00e9narar. <span class=\"athugasemd\" title=\"J\u00f3hel ii.\">[<\/span> Gangi\u00f0, \u00fe\u00e9r m\u00edns Gu\u00f0s \u00fe\u00e9narar, inn og f\u00e6ri\u00f0 y\u00f0ur \u00ed sekki \u00fev\u00ed b\u00e6\u00f0i matoffur og drykkjaroffur er \u00ed burt af y\u00f0ar Gu\u00f0s h\u00fasi. Helgi\u00f0 eina f\u00f6stu og kalli\u00f0 saman alm\u00fagann, safni\u00f0 saman \u00f6ldungunum og landsins innbyggjurum \u00ed Drottins y\u00f0ars Gu\u00f0s h\u00fas og kalli\u00f0 til Drottins.<\/p>\n<p>\t\u00d3 vei \u00feeim degi \u00fea\u00f0 s\u00e1 dagur Drottins er \u00ed n\u00e1nd og kemur sem ein fordj\u00f6rfun fr\u00e1 \u00deeim alm\u00e1ttuga! \u00de\u00e1 skal maturinn burt takast fr\u00e1 vorum augum og so \u00f6ll gle\u00f0in og skemmtunin af vors Gu\u00f0s h\u00fasi. S\u00e1\u00f0i\u00f0 er rotna\u00f0 \u00ed j\u00f6r\u00f0unni, kornh\u00fasin standa \u00ed ey\u00f0i og kornhl\u00f6\u00f0urnar eru hrapa\u00f0ar \u00fev\u00ed a\u00f0 korni\u00f0 er fordjarfa\u00f0. \u00d3 hversu peningurinn stynur og uxarnir bera sig illa \u00fev\u00ed \u00feeir hafa hvorki f\u00f3\u00f0ur n\u00e9 haga og sau\u00f0irnir hungra! Drottinn, \u00feig \u00e1kalla eg \u00fev\u00ed eldurinn hefur uppbrennt vort haglendi \u00e1 m\u00f6rkinni og loginn hefur uppt\u00e6rt \u00f6ll tr\u00e9 \u00e1 akrinum. Villud\u00fdrin hr\u00f3pa og til \u00fe\u00edn \u00fev\u00ed a\u00f0 vatsl\u00e6kirnir eru upp\u00feorna\u00f0ir og eldurinn hefur uppbrennt engjarnar \u00ed ey\u00f0im\u00f6rkinni.<\/p>\n","protected":false},"excerpt":{"rendered":"<p>Prophetinn J\u00f3hel I. \u00deetta er \u00fea\u00f0 or\u00f0 Drottins sem ske\u00f0i til J\u00f3hel Pet\u00faelsonar. Heyri\u00f0 \u00feetta, \u00fe\u00e9r \u00f6ldungar, og merki\u00f0 vel, allir landsins innbyggjarar, hvort svoddan hefur ske\u00f0 nokkurn t\u00edma \u00e1 y\u00f0rum d\u00f6gum e\u00f0a y\u00f0ra foreldra d\u00f6gum? Segi\u00f0 y\u00f0ar b\u00f6rnum \u00fear af og l\u00e1ti\u00f0 b\u00f6rnin segja \u00fea\u00f0 s\u00ednum b\u00f6rnum so a\u00f0 barnab\u00f6rnin megi segja s\u00ednum eftirkomendum. Sem er \u00feetta: \u00dea\u00f0 sem k\u00e1lormurinn leyfir \u00fev\u00ed uppey\u00f0a engispretturnar en \u00fea\u00f0 sem engispretturnar eftirskilja \u00fea\u00f0 eta tr\u00e9ormarnir og \u00fea\u00f0 sem tr\u00e9ormarnir leifa \u00fea\u00f0 eta kornormarnir. Vakni\u00f0 upp, \u00fe\u00e9r drukknir, gr\u00e1ti\u00f0 og kveini\u00f0, allir v\u00ednsvelgjarar, \u00feess n\u00fdja v\u00edns \u00fev\u00ed \u00fea\u00f0 er \u00ed burt teki\u00f0 fr\u00e1 <a href=\"https:\/\/biblian.is\/gudbrandsbiblia\/joel-1-kafli\/\"> [&#8230;]<\/a><\/p>\n","protected":false},"author":1,"featured_media":0,"parent":0,"menu_order":0,"comment_status":"open","ping_status":"open","template":"bibliukaflar.php","meta":{"footnotes":""},"class_list":["post-3573","page","type-page","status-publish","hentry"],"_links":{"self":[{"href":"https:\/\/biblian.is\/gudbrandsbiblia\/wp-json\/wp\/v2\/pages\/3573","targetHints":{"allow":["GET"]}}],"collection":[{"href":"https:\/\/biblian.is\/gudbrandsbiblia\/wp-json\/wp\/v2\/pages"}],"about":[{"href":"https:\/\/biblian.is\/gudbrandsbiblia\/wp-json\/wp\/v2\/types\/page"}],"author":[{"embeddable":true,"href":"https:\/\/biblian.is\/gudbrandsbiblia\/wp-json\/wp\/v2\/users\/1"}],"replies":[{"embeddable":true,"href":"https:\/\/biblian.is\/gudbrandsbiblia\/wp-json\/wp\/v2\/comments?post=3573"}],"version-history":[{"count":0,"href":"https:\/\/biblian.is\/gudbrandsbiblia\/wp-json\/wp\/v2\/pages\/3573\/revisions"}],"wp:attachment":[{"href":"https:\/\/biblian.is\/gudbrandsbiblia\/wp-json\/wp\/v2\/media?parent=3573"}],"curies":[{"name":"wp","href":"https:\/\/api.w.org\/{rel}","templated":true}]}}