{"id":3565,"date":"2017-12-18T18:34:02","date_gmt":"2017-12-18T18:34:02","guid":{"rendered":"http:\/\/biblian.is\/gudbrandsbiblia\/hosea-7-kafli\/"},"modified":"2017-12-18T18:34:02","modified_gmt":"2017-12-18T18:34:02","slug":"hosea-7-kafli","status":"publish","type":"page","link":"https:\/\/biblian.is\/gudbrandsbiblia\/hosea-7-kafli\/","title":{"rendered":"H\u00f3sea 7. kafli"},"content":{"rendered":"<p>VII.<\/p>\n<p>\u00de\u00e1 vil eg l\u00e6kna \u00cdsrael, \u00fe\u00e1 kemur <span class=\"athugasemd\" title=\"a \/ Fyrst) \/ \u00dev\u00ed meir sem gott er kennt \u00feess argari er heimurinn\">[<\/span> fyrst fram Efra\u00edm synd og so illska Samarie, hversu \u00fe\u00e6r hafa frami\u00f0 afgu\u00f0ad\u00fdrkanir. \u00dev\u00ed a\u00f0 \u00fe\u00f3 \u00feeir hafi pl\u00e1gast me\u00f0 stuldi s\u00edn \u00e1 milli og hi\u00f0 ytra me\u00f0 r\u00e1num samt \u00fe\u00e1 sinna \u00feeir \u00fev\u00ed \u00fe\u00f3 eigi a\u00f0 eg gaumgefi allra \u00feeirra vonsku. En eg s\u00e9 vel \u00feeirra ath\u00e6fi hvert \u00feeir alls sta\u00f0ar hafa.<\/p>\n<p>\t\u00deeir gle\u00f0ja k\u00f3nginn me\u00f0 sinni <span class=\"athugasemd\" title=\"b \/ Afgu\u00f0ad\u00fdrkan\">[<\/span> illsku og h\u00f6f\u00f0ingjana me\u00f0 s\u00ednum lygum. Og \u00feeir allir eru sem einn bakstursofn sem bakarinn heitan gj\u00f6rir \u00fe\u00e1 hann hefur \u00fathno\u00f0a\u00f0 og l\u00e6tur deigi\u00f0 s\u00fdrast og b\u00f3lna.<\/p>\n<p>\t&#8222;\u00cd dag er vors k\u00f3ngs h\u00e1t\u00ed\u00f0&#8220; segja \u00feeir. \u00de\u00e1 taka h\u00f6f\u00f0ingjarnir til a\u00f0 gj\u00f6ra sig galna af v\u00edni, \u00fe\u00e1 dregur hann spottarann til s\u00edn. \u00dev\u00ed \u00feeirra hjarta er \u00ed gl\u00f3anda \u00feanka sem einn baksturofn \u00fe\u00e1 \u00feeir offra og f\u00f3lki\u00f0 sv\u00edkja. En \u00feeirra bakri sefur alla n\u00e1tt en a\u00f0 morni brennur hann sem kl\u00e1r logi. \u00de\u00f3 eru \u00feeir so gl\u00f3andi \u00ed s\u00ednum \u00feanka sem einn brennandi baksturofn l\u00edka vel \u00fe\u00f3 a\u00f0 \u00feeirra d\u00f3marar uppetist og allir \u00feeirra k\u00f3ngar falli, \u00fe\u00f3 er enginn \u00e1 me\u00f0al \u00feeirra sem kallar \u00e1 mig.<\/p>\n<p>\tEfra\u00edm samblandar s\u00e9r \u00e1 me\u00f0al hei\u00f0ingja, Efra\u00edm er sem ein brennd kaka \u00feeirri e\u00f0 enginn sn\u00fdr heldur eta annarlegir hennar kraft. \u00de\u00f3 vill h\u00fan ekki \u00fear a\u00f0 g\u00e6ta. H\u00fan hefur fengi\u00f0 gr\u00e1 h\u00e1r, l\u00edka vel vill h\u00fan \u00fea\u00f0 ekki akta. Og \u00cdsraels drambsemi skal ni\u00f0ur\u00ferykkjast fyrir \u00feeirra augum og \u00fe\u00f3 vilja \u00feeir ekki sn\u00faa s\u00e9r til Drottins \u00feeirra Gu\u00f0s og \u00ed \u00f6llum \u00feessum hlutum hir\u00f0a \u00feeir ekki par um Gu\u00f0. \u00dev\u00ed Efra\u00edm er l\u00edka sem ein villt d\u00fafa sem ekki neitt kann merkja, stundum kalla \u00feeir \u00e1 Egyptaland, stundum hlaupa \u00feeir til Ass\u00far. En fyrst \u00feeir hlaupa n\u00fa hinga\u00f0 og \u00feanga\u00f0 \u00fe\u00e1 vil eg m\u00ednu neti varpa yfir \u00fe\u00e1 og sl\u00e1 \u00feeim h\u00e9r ni\u00f0ur l\u00edka sem fuglum loftsins. Eg vil straffa \u00fe\u00e1 l\u00edka sem pr\u00e9dikari \u00ed \u00feeirra samkundum.<\/p>\n<p>\tVei \u00feeim a\u00f0 \u00feeir sn\u00faa fr\u00e1 m\u00e9r! \u00deeir skulu a\u00f0 \u00f6ngu ver\u00f0a \u00fev\u00ed \u00feeir eru fallnir fr\u00e1 m\u00e9r. Eg vilda \u00feeim vel hj\u00e1lpa\u00f0 hafa hef\u00f0u \u00feeir ekki kennt lygar \u00ed m\u00f3ti m\u00e9r. \u00deeir k\u00f6llu\u00f0u eigi heldur \u00e1 mig af hjarta heldur \u00fdla \u00feeir \u00ed s\u00ednum <span class=\"athugasemd\" title=\"a \/ Legukofum) \/ \u00feeirra sk\u00fargo\u00f0akirkjum og samkundum\">[<\/span> legukofum, \u00feeir safnast saman s\u00f6kum v\u00edns og korns en eru m\u00e9r \u00f3hl\u00fd\u00f0ugir. Eg kenni \u00feeim og styrki \u00feeirra armleggi en \u00feeir hugsa vont um mig. \u00deeir umvenda s\u00e9r en ekki r\u00e9ttilega heldur eru \u00feeir sem falskur bogi. <span class=\"athugasemd\" title=\"Afgu\u00f0ad\u00fdrkanir\">[<\/span> \u00dev\u00ed skulu \u00feeirra h\u00f6f\u00f0ingjar falla fyrir sver\u00f0i og \u00feeirra h\u00f3tanir skulu ver\u00f0a til spotts \u00ed Egyptalandi.<\/p>\n","protected":false},"excerpt":{"rendered":"<p>VII. \u00de\u00e1 vil eg l\u00e6kna \u00cdsrael, \u00fe\u00e1 kemur [ fyrst fram Efra\u00edm synd og so illska Samarie, hversu \u00fe\u00e6r hafa frami\u00f0 afgu\u00f0ad\u00fdrkanir. \u00dev\u00ed a\u00f0 \u00fe\u00f3 \u00feeir hafi pl\u00e1gast me\u00f0 stuldi s\u00edn \u00e1 milli og hi\u00f0 ytra me\u00f0 r\u00e1num samt \u00fe\u00e1 sinna \u00feeir \u00fev\u00ed \u00fe\u00f3 eigi a\u00f0 eg gaumgefi allra \u00feeirra vonsku. En eg s\u00e9 vel \u00feeirra ath\u00e6fi hvert \u00feeir alls sta\u00f0ar hafa. \u00deeir gle\u00f0ja k\u00f3nginn me\u00f0 sinni [ illsku og h\u00f6f\u00f0ingjana me\u00f0 s\u00ednum lygum. Og \u00feeir allir eru sem einn bakstursofn sem bakarinn heitan gj\u00f6rir \u00fe\u00e1 hann hefur \u00fathno\u00f0a\u00f0 og l\u00e6tur deigi\u00f0 s\u00fdrast og b\u00f3lna. &#8222;\u00cd dag er vors k\u00f3ngs <a href=\"https:\/\/biblian.is\/gudbrandsbiblia\/hosea-7-kafli\/\"> [&#8230;]<\/a><\/p>\n","protected":false},"author":1,"featured_media":0,"parent":0,"menu_order":0,"comment_status":"open","ping_status":"open","template":"bibliukaflar.php","meta":{"footnotes":""},"class_list":["post-3565","page","type-page","status-publish","hentry"],"_links":{"self":[{"href":"https:\/\/biblian.is\/gudbrandsbiblia\/wp-json\/wp\/v2\/pages\/3565","targetHints":{"allow":["GET"]}}],"collection":[{"href":"https:\/\/biblian.is\/gudbrandsbiblia\/wp-json\/wp\/v2\/pages"}],"about":[{"href":"https:\/\/biblian.is\/gudbrandsbiblia\/wp-json\/wp\/v2\/types\/page"}],"author":[{"embeddable":true,"href":"https:\/\/biblian.is\/gudbrandsbiblia\/wp-json\/wp\/v2\/users\/1"}],"replies":[{"embeddable":true,"href":"https:\/\/biblian.is\/gudbrandsbiblia\/wp-json\/wp\/v2\/comments?post=3565"}],"version-history":[{"count":0,"href":"https:\/\/biblian.is\/gudbrandsbiblia\/wp-json\/wp\/v2\/pages\/3565\/revisions"}],"wp:attachment":[{"href":"https:\/\/biblian.is\/gudbrandsbiblia\/wp-json\/wp\/v2\/media?parent=3565"}],"curies":[{"name":"wp","href":"https:\/\/api.w.org\/{rel}","templated":true}]}}