{"id":3559,"date":"2017-12-18T18:34:02","date_gmt":"2017-12-18T18:34:02","guid":{"rendered":"http:\/\/biblian.is\/gudbrandsbiblia\/hosea-1-kafli\/"},"modified":"2017-12-18T18:34:02","modified_gmt":"2017-12-18T18:34:02","slug":"hosea-1-kafli","status":"publish","type":"page","link":"https:\/\/biblian.is\/gudbrandsbiblia\/hosea-1-kafli\/","title":{"rendered":"H\u00f3sea 1. kafli"},"content":{"rendered":"<p>Prophetinn H\u00f3seas <\/p>\n<p>I.<\/p>\n<p>\t\u00deetta er \u00fea\u00f0 Drottins or\u00f0 sem ske\u00f0i til Hoseam Beker\u00edsonar \u00e1 d\u00f6gum \u00das\u00eda, J\u00f3tam, Akas og Ezechia konunganna J\u00fada og \u00e1 \u00feeim t\u00edma sem Jer\u00f3b\u00f3am J\u00f3asson var k\u00f3ngur yfir \u00cdsrael. <\/p>\n<p>\tOg \u00fe\u00e1 Drottinn upph\u00f3f a\u00f0 tala vi\u00f0 Hoseam sag\u00f0i hann so til hans: &#8222;Far \u00fe\u00fa og tak \u00fe\u00e9r eina h\u00f3rkonu og h\u00f3rub\u00f6rn \u00fea\u00f0 landi\u00f0 hleypur fr\u00e1 Drottni eftir h\u00f3ruskap.&#8220; Og hann gekk burt og t\u00f3k G\u00f3mer Dibla\u00edmsd\u00f3ttir hver \u00feegar var\u00f0 \u00feungu\u00f0 og h\u00fan f\u00e6ddi einn son. <span class=\"athugasemd\" title=\"G\u00f3mer\">[<\/span> Og Drottinn sag\u00f0i til hans: &#8222;Kalla \u00fe\u00fa hann Jesreel \u00fev\u00ed \u00fea\u00f0 er enn n\u00fa um einn l\u00edtinn t\u00edma a\u00f0 gj\u00f6ra \u00fe\u00e1 vil eg vitja bl\u00f3\u00f0skuldarinnar \u00ed Jesreel yfir Jeh\u00fa h\u00fas og eg vil gj\u00f6ra einn enda \u00e1 \u00fev\u00ed k\u00f3ngsr\u00edki \u00cdsraels h\u00fasi. <span class=\"athugasemd\" title=\"Jesreel\">[<\/span> Og \u00e1 \u00feeim t\u00edma vil eg \u00ed sundurbrj\u00f3ta \u00cdsraels boga \u00ed Jesreelsdal.&#8220;<\/p>\n<p>\tOg h\u00fan var\u00f0 \u00feungu\u00f0 \u00ed anna\u00f0 sinn og f\u00e6ddi eina d\u00f3ttur. <span class=\"athugasemd\" title=\"L\u00f3r\u00edkam\u00f3 \u00fe\u00fd\u00f0ist n\u00e1\u00f0arlaus\">[<\/span> Og hann sag\u00f0i til hans: &#8222;L\u00e1ttu hana nefnast L\u00f3r\u00edham\u00f3 \u00fev\u00ed a\u00f0 eg vil ekki framar miskunn gj\u00f6ra \u00cdsraels h\u00fasi heldur vil eg \u00ed burt kasta \u00fev\u00ed. En \u00fe\u00f3 vil eg miskunna J\u00fada og eg vil hj\u00e1lpa \u00feeim fyrir sakir Drottins \u00feeirra Gu\u00f0s. <span class=\"athugasemd\" title=\"Christus\">[<\/span> En eg vil ekki hj\u00e1lpa \u00feeim, hvorki fyrir boga, sver\u00f0, str\u00ed\u00f0, hesta n\u00e9 riddara.&#8220;<\/p>\n<p>\tOg \u00fe\u00e1 h\u00fan haf\u00f0i afvani\u00f0 L\u00f3r\u00edkama \u00fe\u00e1 var\u00f0 h\u00fan enn \u00feungu\u00f0 og \u00f3l einn son. Og hann sag\u00f0i: &#8222;Nefndu hann L\u00f3amm\u00ed \u00fev\u00ed a\u00f0 \u00fe\u00e9r eru\u00f0 ekki mitt f\u00f3lk, so vil eg og ekki vera y\u00f0ar.&#8220; <span class=\"athugasemd\" title=\"L\u00f3amm\u00ed \/ \u00dea\u00f0 er, ekki mitt f\u00f3lk\">[<\/span><\/p>\n","protected":false},"excerpt":{"rendered":"<p>Prophetinn H\u00f3seas I. \u00deetta er \u00fea\u00f0 Drottins or\u00f0 sem ske\u00f0i til Hoseam Beker\u00edsonar \u00e1 d\u00f6gum \u00das\u00eda, J\u00f3tam, Akas og Ezechia konunganna J\u00fada og \u00e1 \u00feeim t\u00edma sem Jer\u00f3b\u00f3am J\u00f3asson var k\u00f3ngur yfir \u00cdsrael. Og \u00fe\u00e1 Drottinn upph\u00f3f a\u00f0 tala vi\u00f0 Hoseam sag\u00f0i hann so til hans: &#8222;Far \u00fe\u00fa og tak \u00fe\u00e9r eina h\u00f3rkonu og h\u00f3rub\u00f6rn \u00fea\u00f0 landi\u00f0 hleypur fr\u00e1 Drottni eftir h\u00f3ruskap.&#8220; Og hann gekk burt og t\u00f3k G\u00f3mer Dibla\u00edmsd\u00f3ttir hver \u00feegar var\u00f0 \u00feungu\u00f0 og h\u00fan f\u00e6ddi einn son. [ Og Drottinn sag\u00f0i til hans: &#8222;Kalla \u00fe\u00fa hann Jesreel \u00fev\u00ed \u00fea\u00f0 er enn n\u00fa um einn l\u00edtinn t\u00edma a\u00f0 gj\u00f6ra <a href=\"https:\/\/biblian.is\/gudbrandsbiblia\/hosea-1-kafli\/\"> [&#8230;]<\/a><\/p>\n","protected":false},"author":1,"featured_media":0,"parent":0,"menu_order":0,"comment_status":"open","ping_status":"open","template":"bibliukaflar.php","meta":{"footnotes":""},"class_list":["post-3559","page","type-page","status-publish","hentry"],"_links":{"self":[{"href":"https:\/\/biblian.is\/gudbrandsbiblia\/wp-json\/wp\/v2\/pages\/3559","targetHints":{"allow":["GET"]}}],"collection":[{"href":"https:\/\/biblian.is\/gudbrandsbiblia\/wp-json\/wp\/v2\/pages"}],"about":[{"href":"https:\/\/biblian.is\/gudbrandsbiblia\/wp-json\/wp\/v2\/types\/page"}],"author":[{"embeddable":true,"href":"https:\/\/biblian.is\/gudbrandsbiblia\/wp-json\/wp\/v2\/users\/1"}],"replies":[{"embeddable":true,"href":"https:\/\/biblian.is\/gudbrandsbiblia\/wp-json\/wp\/v2\/comments?post=3559"}],"version-history":[{"count":0,"href":"https:\/\/biblian.is\/gudbrandsbiblia\/wp-json\/wp\/v2\/pages\/3559\/revisions"}],"wp:attachment":[{"href":"https:\/\/biblian.is\/gudbrandsbiblia\/wp-json\/wp\/v2\/media?parent=3559"}],"curies":[{"name":"wp","href":"https:\/\/api.w.org\/{rel}","templated":true}]}}