{"id":3554,"date":"2017-12-18T18:33:58","date_gmt":"2017-12-18T18:33:58","guid":{"rendered":"http:\/\/biblian.is\/gudbrandsbiblia\/daniel-8-kafli\/"},"modified":"2017-12-18T18:33:58","modified_gmt":"2017-12-18T18:33:58","slug":"daniel-8-kafli","status":"publish","type":"page","link":"https:\/\/biblian.is\/gudbrandsbiblia\/daniel-8-kafli\/","title":{"rendered":"Dan\u00edel 8. kafli"},"content":{"rendered":"<p>VIII.<\/p>\n<p>\u00c1 \u00feri\u00f0ja \u00e1ri r\u00edkis Baltasar konungs birtist m\u00e9r Dan\u00edeli ein sj\u00f3n eftir \u00fev\u00ed sem m\u00e9r birtist \u00ed fyrstu. <span class=\"athugasemd\" title=\"Danielis s\u00fdn \u00fat af hr\u00fatnum og kjarnhafrinum \/ Supra. vii.\">[<\/span> En eg var \u00fe\u00e1 eg svoddan s\u00e1 til S\u00fasan \u00ed \u00feeirri h\u00f6fu\u00f0borg \u00ed landinu <span class=\"athugasemd\" title=\"b \/ Elam) \/ Kallast h\u00e9r eftir \u00e1 Persialand\">[<\/span> Elam vi\u00f0 vatni\u00f0 \u00dala\u00ed. Og eg leit m\u00ednum augum upp og sj\u00e1 \u00fe\u00fa, a\u00f0 einn hr\u00fatur st\u00f3\u00f0 fram vi\u00f0 vatni\u00f0. Hann haf\u00f0i tv\u00f6 l\u00f6ng horn. \u00dea\u00f0 anna\u00f0 var \u00fe\u00f3 \u00f6\u00f0ru lengra og \u00fea\u00f0 hi\u00f0 lengra v\u00f3x miklu seinna. Eg s\u00e1 \u00fea\u00f0 hr\u00faturinn stanga\u00f0i me\u00f0 hornunum \u00ed m\u00f3t vestrinu, m\u00f3t nor\u00f0rinu og \u00ed m\u00f3t su\u00f0rinu. Og engin d\u00fdr kunnu honum \u00ed m\u00f3ti a\u00f0 standa n\u00e9 \u00fat af hans hendi a\u00f0 frelsast heldur haf\u00f0ist hann a\u00f0 hva\u00f0 hann vildi og var\u00f0 mikill.<\/p>\n<p>Og sem eg hugleidda af \u00feessu, sj\u00e1 \u00fe\u00fa, \u00fe\u00e1 kom einn kjarnhafur \u00far vestrinu, laust vi\u00f0 alla jar\u00f0arkringluna so \u00fea\u00f0 hann snart ei j\u00f6r\u00f0ina. Og s\u00e1 sami kjarnhafurinn haf\u00f0i eitt fr\u00e1b\u00e6rt horn \u00e1 millum sinna augna. Og hann kom allt a\u00f0 hr\u00fatnum sem tv\u00f6 hornin haf\u00f0i hvern eg s\u00e1 fram vi\u00f0 vatni\u00f0 og hann hlj\u00f3p \u00ed rei\u00f0i sinni har\u00f0lega a\u00f0 honum. Og eg s\u00e1 til hans \u00fe\u00e1 e\u00f0 hann kom alla lei\u00f0 a\u00f0 hr\u00fatnum og \u00f3lma\u00f0ist mj\u00f6g vi\u00f0ur hann og stanga\u00f0i hr\u00fatinn og \u00ed sundurmola\u00f0i tv\u00f6 hans horn. Og hr\u00faturinn haf\u00f0i \u00f6ngvan kraft \u00fea\u00f0 hann g\u00e6ti sta\u00f0ist fyrir honum heldur fleyg\u00f0i hann honum til jar\u00f0ar og tra\u00f0 hann undir og enginn kunni \u00feann hr\u00fatinn a\u00f0 frelsa af hans hendi. Og s\u00e1 kjarnhafurinn var\u00f0 n\u00e6sta mikill. Og \u00fe\u00e1 e\u00f0 hann var sem sterkastur or\u00f0inn \u00ed sundurbrotna\u00f0i \u00fea\u00f0 mikla horni\u00f0 og \u00ed sta\u00f0inn \u00feess uxu upp fj\u00f6gur \u00f6nnur horn \u00ed m\u00f3ti \u00feeim fj\u00f3rum vindum himinsins.<\/p>\n<p>Og \u00fat af einu \u00fev\u00ed inu sama v\u00f3x upp eitt l\u00edti\u00f0 horn. <span class=\"athugasemd\" title=\"Antiochus Epiphanes\">[<\/span> \u00dea\u00f0 var\u00f0 n\u00e6rsta miki\u00f0 m\u00f3t su\u00f0rinu, m\u00f3ti austrinu og \u00ed m\u00f3ti \u00fev\u00ed <span class=\"athugasemd\" title=\"c \/ Ver\u00f0uga) \/ \u00dea\u00f0 er, Gy\u00f0ingalandi\">[<\/span> ver\u00f0uga landi. Og \u00fea\u00f0 v\u00f3x allt upp til <span class=\"athugasemd\" title=\"Himneskur her er gu\u00f0s\u00fej\u00f3nusta til Jer\u00fasalem, hvers hersh\u00f6f\u00f0ingi a\u00f0 Gu\u00f0 var, og stj\u00f6rnurnar eru \u00feeir heil\u00f6gu \u00ed \u00feessum her\">[<\/span> himneska hersins og ni\u00f0ur sl\u00f3 \u00fear nokkra \u00fat af og af \u00feeim stj\u00f6rnunum til jar\u00f0ar og tra\u00f0 \u00fe\u00e1 undir, j\u00e1 \u00fea\u00f0 sama \u00f3x allt til h\u00f6f\u00f0ingjans \u00feess hersins og t\u00f3k \u00ed burt fr\u00e1 honum \u00fea\u00f0 daglega offri\u00f0 og foreyddi bygg\u00f0 hans helgid\u00f3ms. En honum var\u00f0 s\u00fa magt gefin \u00ed m\u00f3ti \u00fev\u00ed daglega offrinu fyrir syndanna sakir a\u00f0 hann sannleikinn ni\u00f0ur vi\u00f0 veldi leg\u00f0i og hva\u00f0 hann gj\u00f6r\u00f0i \u00fea\u00f0 lukka\u00f0ist honum.<\/p>\n<p>En eg heyr\u00f0a einn heilagan segja og s\u00e1 hinn sami heilagi m\u00e6lti til eins \u00feeirra sem \u00fear tala\u00f0i: &#8222;Hversu lengi skal \u00fe\u00f3 soddan s\u00fdn af daglegu offrinu og af syndinni vera vegna hverrar \u00fea\u00f0 \u00feessi forey\u00f0ing sker so \u00fea\u00f0 b\u00e6\u00f0i helgid\u00f3murinn og herinn ni\u00f0urtro\u00f0inn ver\u00f0i?&#8220; Og hann svara\u00f0i m\u00e9r: &#8222;\u00dea\u00f0 eru tv\u00f6 \u00fe\u00fasund og \u00ferj\u00fa hundru\u00f0 dagar,<span class=\"athugasemd\" title=\"d \/ Kveldi og morgni) \/ \u00deetta eru ei vikudagar so sem Dan. ix. heldur n\u00e1tt\u00farlegir dagar \u00fear e\u00f0 menn reikna b\u00e6\u00f0i kveld og morna\">[<\/span> fr\u00e1 kveldi til morguns a\u00f0 reikna, \u00fe\u00e1 mun helgid\u00f3murinn v\u00edg\u00f0ur ver\u00f0a a\u00f0 n\u00fdju.&#8220; Og \u00fe\u00e1 eg Dan\u00edel s\u00e1 svoddan s\u00fdn og gjarnan vildi hana skili\u00f0 hafa, sj\u00e1 \u00fe\u00fa, \u00fe\u00e1 st\u00f3\u00f0 \u00fear fyrir framan mig l\u00edka sem annar ma\u00f0ur. Og eg heyr\u00f0a eins manns raust \u00e1 millum \u00dala\u00ed. S\u00e1 kalla\u00f0i: &#8222;Gabr\u00edel, \u00fatlegg \u00fe\u00fa \u00feessum s\u00fdnina so a\u00f0 hann skilji hana.&#8220; Og hann kom \u00fear alla lei\u00f0 a\u00f0 m\u00e9r. En eg var\u00f0 \u00f3ttasleginn \u00fe\u00e1 e\u00f0 hann kom og f\u00e9ll fram \u00e1 m\u00edna \u00e1sj\u00f3nu. En hann sag\u00f0i til m\u00edn: &#8222;L\u00e1t \u00fe\u00e9r skiljast, \u00fe\u00fa mannsins son, \u00fev\u00ed a\u00f0 \u00feessi s\u00fdn heyrir til \u00feeim s\u00ed\u00f0asta t\u00edma.&#8220; Og \u00fe\u00e1 e\u00f0 hann tala\u00f0i vi\u00f0 mig lei\u00f0 eg ni\u00f0ur \u00ed \u00f6ngvit til jar\u00f0ar fram \u00e1 m\u00edna \u00e1sj\u00f3nu. En hann t\u00f3k til m\u00edn og reisti mig upp svo a\u00f0 eg st\u00f3\u00f0. Og hann sag\u00f0i: &#8222;Sj\u00e1 \u00fe\u00fa, eg vil kunngj\u00f6ra \u00fe\u00e9r hvernin \u00fea\u00f0 mun tilganga \u00e1 t\u00edmum hinnar s\u00ed\u00f0ustu rei\u00f0i. \u00dev\u00ed a\u00f0 endinn hefur tileinka\u00f0an t\u00edma.<\/p>\n<p>S\u00e1 hr\u00faturinn me\u00f0 \u00feeim tveimur hornunum sem \u00fe\u00fa hefur s\u00e9\u00f0 \u00fea\u00f0 eru \u00feeir konungar \u00ed Media og Persia. <span class=\"athugasemd\" title=\"Kjarnhafur \/ Alexander Magnus\">[<\/span> En s\u00e1 kjarnhafurinn er konungur \u00ed Grikklandi. \u00dea\u00f0 hi\u00f0 mikla horni\u00f0 \u00e1 millum hans augna er s\u00e1 hinn fyrsti k\u00f3ngur. En \u00fear e\u00f0 fj\u00f6gur uppuxu \u00ed \u00feess sta\u00f0 \u00fe\u00e1 \u00fea\u00f0 var afbroti\u00f0, \u00fea\u00f0 merkir a\u00f0 fj\u00f6gur k\u00f3ngar\u00edki munu uppkoma af \u00feeirri \u00fej\u00f3\u00f0 en \u00fe\u00f3 eigi svo megtug sem hann var.<\/p>\n<p>Eftir \u00feessi k\u00f3ngar\u00edkin, n\u00e6r e\u00f0 illgj\u00f6r\u00f0in er mikil or\u00f0in, \u00fe\u00e1 mun uppkoma einn illgjarn og hrekkv\u00eds k\u00f3ngur. S\u00e1 mun megtugur vera, \u00fe\u00f3 eigi \u00fat af sj\u00e1lfs s\u00edns krafti. Hann mun me\u00f0 undarlegum h\u00e6tti forey\u00f0a og \u00fea\u00f0 sama mun honum lukkast a\u00f0 hann f\u00e1i \u00fev\u00ed so til vegar komi\u00f0. Hann mun hina \u00f6flugu og \u00fe\u00e1 heil\u00f6gu \u00fej\u00f3\u00f0 vi\u00f0 velli leggja og fyrir s\u00edna k\u00e6nsku mun honum \u00fea\u00f0 svikr\u00e6\u00f0i takast. Og hann mun metnast \u00ed s\u00ednu hjarta og fyrir velgengni mun hann marga fordjarfa og mun setja sig upp \u00ed m\u00f3ti \u00feeim h\u00f6f\u00f0ingjanum allra h\u00f6f\u00f0ingja. En hann mun \u00e1n handa \u00ed sundurlaminn ver\u00f0a.<\/p>\n<p>S\u00fa s\u00fdnin af afninum og morninum sem \u00fe\u00e9r er s\u00f6g\u00f0 h\u00fan er s\u00f6nn en \u00fe\u00fa skalt b\u00edvara \u00fe\u00e1 s\u00fdn heimuglegana \u00fea\u00f0 \u00fea\u00f0 er enn n\u00fa einn langur t\u00edmi \u00feanga\u00f0 til.&#8220; Og eg Dan\u00edel var\u00f0 veikur og l\u00e1 sj\u00fakur nokkra daga. \u00dear eftir \u00e1 st\u00f3\u00f0 eg upp og starfa\u00f0i \u00ed konungsins erindum og mig fur\u00f0a\u00f0i \u00feessi s\u00fdn og \u00fear var s\u00e1 enginn e\u00f0 \u00fatleg\u00f0i hana fyrir m\u00e9r.<\/p>\n","protected":false},"excerpt":{"rendered":"<p>VIII. \u00c1 \u00feri\u00f0ja \u00e1ri r\u00edkis Baltasar konungs birtist m\u00e9r Dan\u00edeli ein sj\u00f3n eftir \u00fev\u00ed sem m\u00e9r birtist \u00ed fyrstu. [ En eg var \u00fe\u00e1 eg svoddan s\u00e1 til S\u00fasan \u00ed \u00feeirri h\u00f6fu\u00f0borg \u00ed landinu [ Elam vi\u00f0 vatni\u00f0 \u00dala\u00ed. Og eg leit m\u00ednum augum upp og sj\u00e1 \u00fe\u00fa, a\u00f0 einn hr\u00fatur st\u00f3\u00f0 fram vi\u00f0 vatni\u00f0. Hann haf\u00f0i tv\u00f6 l\u00f6ng horn. \u00dea\u00f0 anna\u00f0 var \u00fe\u00f3 \u00f6\u00f0ru lengra og \u00fea\u00f0 hi\u00f0 lengra v\u00f3x miklu seinna. Eg s\u00e1 \u00fea\u00f0 hr\u00faturinn stanga\u00f0i me\u00f0 hornunum \u00ed m\u00f3t vestrinu, m\u00f3t nor\u00f0rinu og \u00ed m\u00f3t su\u00f0rinu. Og engin d\u00fdr kunnu honum \u00ed m\u00f3ti a\u00f0 standa n\u00e9 \u00fat <a href=\"https:\/\/biblian.is\/gudbrandsbiblia\/daniel-8-kafli\/\"> [&#8230;]<\/a><\/p>\n","protected":false},"author":1,"featured_media":0,"parent":0,"menu_order":0,"comment_status":"open","ping_status":"open","template":"bibliukaflar.php","meta":{"footnotes":""},"class_list":["post-3554","page","type-page","status-publish","hentry"],"_links":{"self":[{"href":"https:\/\/biblian.is\/gudbrandsbiblia\/wp-json\/wp\/v2\/pages\/3554","targetHints":{"allow":["GET"]}}],"collection":[{"href":"https:\/\/biblian.is\/gudbrandsbiblia\/wp-json\/wp\/v2\/pages"}],"about":[{"href":"https:\/\/biblian.is\/gudbrandsbiblia\/wp-json\/wp\/v2\/types\/page"}],"author":[{"embeddable":true,"href":"https:\/\/biblian.is\/gudbrandsbiblia\/wp-json\/wp\/v2\/users\/1"}],"replies":[{"embeddable":true,"href":"https:\/\/biblian.is\/gudbrandsbiblia\/wp-json\/wp\/v2\/comments?post=3554"}],"version-history":[{"count":0,"href":"https:\/\/biblian.is\/gudbrandsbiblia\/wp-json\/wp\/v2\/pages\/3554\/revisions"}],"wp:attachment":[{"href":"https:\/\/biblian.is\/gudbrandsbiblia\/wp-json\/wp\/v2\/media?parent=3554"}],"curies":[{"name":"wp","href":"https:\/\/api.w.org\/{rel}","templated":true}]}}