{"id":3506,"date":"2017-12-18T18:33:51","date_gmt":"2017-12-18T18:33:51","guid":{"rendered":"http:\/\/biblian.is\/gudbrandsbiblia\/esekiel-9-kafli\/"},"modified":"2017-12-18T18:33:51","modified_gmt":"2017-12-18T18:33:51","slug":"esekiel-9-kafli","status":"publish","type":"page","link":"https:\/\/biblian.is\/gudbrandsbiblia\/esekiel-9-kafli\/","title":{"rendered":"Esek\u00edel 9. kafli"},"content":{"rendered":"<p>IX.<\/p>\n<p>Og hann kalla\u00f0i me\u00f0 h\u00e1rri raust fyrir m\u00ednum eyrum og sag\u00f0i: &#8222;L\u00e1t vitjunina sta\u00f0arins n\u00e1l\u00e6gjast og hver einn skal hafa dr\u00e1psvopn \u00ed sinni hendi!&#8220; Og sj\u00e1 \u00fe\u00fa, \u00fear komu sex menn \u00e1 veginn hinga\u00f0 fr\u00e1 \u00fev\u00ed Yfirportinu sem stendur m\u00f3t nor\u00f0rinu og hver \u00feeirra haf\u00f0i eitt banv\u00e6nlegt vopn \u00ed sinni hendi. Og \u00fear var einn \u00e1 me\u00f0al \u00feeirra sem l\u00ednkl\u00e6\u00f0i \u00e1 s\u00e9r haf\u00f0i og ein skriff\u00e6ri vi\u00f0 s\u00edna s\u00ed\u00f0u. Og \u00feeir gengu \u00feanga\u00f0 inn og st\u00f3\u00f0u hj\u00e1 koparaltarinu.<\/p>\n<p>\tOg d\u00fdr\u00f0in Gu\u00f0s \u00cdsraels lyfti s\u00e9r upp fr\u00e1 ker\u00fab\u00edn, yfir hverjum h\u00fan var undir hvelfing h\u00fassins, og kalla\u00f0i \u00e1 \u00feann sem \u00ed l\u00ednkl\u00e6\u00f0unum var og skriff\u00e6rin haf\u00f0i vi\u00f0 s\u00edna s\u00ed\u00f0u. Og Drottinn sag\u00f0i til hans: &#8222;Gakk \u00fe\u00fa \u00ed gegnum sta\u00f0inn Jer\u00fasalem og teikna me\u00f0 einu teikni \u00ed ennum \u00feess f\u00f3lksins sem stynja og aumka sig yfir \u00f6llum \u00feeim sv\u00edvir\u00f0ingum sem \u00fear ske inni.&#8220;<\/p>\n<p>\tEn hann sag\u00f0i til \u00feeirra hinna annarra so eg heyr\u00f0a: &#8222;Gangi\u00f0 eftir honum \u00ed gegnum sta\u00f0inn og sl\u00e1i\u00f0 \u00fear \u00ed bland, y\u00f0ar augu skulu ekki v\u00e6gja n\u00e9 \u00feyrma. <span class=\"athugasemd\" title=\"Jere. xxiiii. xlix. \/ i. Petri iiii.\">[<\/span> Sl\u00e1i\u00f0 b\u00e6\u00f0i gamla og unga, meyjar, konur og b\u00f6rn, alla til dau\u00f0s. En \u00f6ngvan af \u00feeim skulu \u00fe\u00e9r \u00e1hr\u00e6ra sem teikni\u00f0 hefur. En taki\u00f0 fyrst til \u00e1 m\u00ednum helgid\u00f3mi.&#8220; Og \u00feeir upph\u00f3fu \u00e1 \u00fev\u00ed gamla f\u00f3lkinu sem \u00fear var fyrir h\u00fasinu.<\/p>\n<p>\tOg hann sag\u00f0i til \u00feeirra: &#8222;Saurgi\u00f0 h\u00fasi\u00f0 og fylli\u00f0 fordyrnar me\u00f0 dau\u00f0a l\u00edkami. Gangi\u00f0 \u00fat.&#8220; Og \u00feeir gengu \u00fat og \u00ed hel sl\u00f3gu \u00fe\u00e1 sem \u00ed sta\u00f0num voru. Og \u00fe\u00e1 e\u00f0 mannfalli\u00f0 var ske\u00f0 \u00fe\u00e1 var eg enn eftir or\u00f0inn. Og eg f\u00e9ll fram \u00e1 m\u00edna \u00e1sj\u00f3nu, kalla\u00f0i og sag\u00f0i: &#8222;\u00d3 Drottinn Drottinn! Viltu \u00fe\u00e1 fyrirfara \u00feeim \u00f6llum sem eftir eru or\u00f0nir \u00ed \u00cdsrael fyrst a\u00f0 \u00fe\u00fa \u00fathellir so \u00feinni rei\u00f0i yfir Jer\u00fasalem?&#8220;<\/p>\n<p>\tOg hann sag\u00f0i til m\u00edn: &#8222;S\u00fa misgj\u00f6r\u00f0 h\u00fassins \u00cdsraels og J\u00fada er mikils til of st\u00f3r. \u00dear er ekki utan ofr\u00edki \u00ed landinu og rangindi \u00ed sta\u00f0num. \u00dev\u00ed a\u00f0 \u00feeir segja: Drottinn hefur yfirgefi\u00f0 landi\u00f0 og Drottinn hann s\u00e9r oss ekki. \u00dear fyrir skal mitt auga ekki spara \u00fe\u00e1, eg vil og ekki sj\u00e1 aumur \u00e1 \u00feeim heldur \u00fe\u00e1 skal eg l\u00e1ta koma \u00feeirra gj\u00f6rning yfir h\u00f6fu\u00f0 \u00feeim.&#8220;<\/p>\n<p>\tOg sj\u00e1 \u00fe\u00fa, a\u00f0 s\u00e1 ma\u00f0urinn sem \u00ed l\u00edninu var kl\u00e6ddur og skriff\u00e6rin haf\u00f0i vi\u00f0 s\u00edna s\u00ed\u00f0u svara\u00f0i og sag\u00f0i: &#8222;Eg hefi svo gj\u00f6rt sem \u00fe\u00fa skipa\u00f0ir m\u00e9r.&#8220;<\/p>\n","protected":false},"excerpt":{"rendered":"<p>IX. Og hann kalla\u00f0i me\u00f0 h\u00e1rri raust fyrir m\u00ednum eyrum og sag\u00f0i: &#8222;L\u00e1t vitjunina sta\u00f0arins n\u00e1l\u00e6gjast og hver einn skal hafa dr\u00e1psvopn \u00ed sinni hendi!&#8220; Og sj\u00e1 \u00fe\u00fa, \u00fear komu sex menn \u00e1 veginn hinga\u00f0 fr\u00e1 \u00fev\u00ed Yfirportinu sem stendur m\u00f3t nor\u00f0rinu og hver \u00feeirra haf\u00f0i eitt banv\u00e6nlegt vopn \u00ed sinni hendi. Og \u00fear var einn \u00e1 me\u00f0al \u00feeirra sem l\u00ednkl\u00e6\u00f0i \u00e1 s\u00e9r haf\u00f0i og ein skriff\u00e6ri vi\u00f0 s\u00edna s\u00ed\u00f0u. Og \u00feeir gengu \u00feanga\u00f0 inn og st\u00f3\u00f0u hj\u00e1 koparaltarinu. Og d\u00fdr\u00f0in Gu\u00f0s \u00cdsraels lyfti s\u00e9r upp fr\u00e1 ker\u00fab\u00edn, yfir hverjum h\u00fan var undir hvelfing h\u00fassins, og kalla\u00f0i \u00e1 \u00feann sem <a href=\"https:\/\/biblian.is\/gudbrandsbiblia\/esekiel-9-kafli\/\"> [&#8230;]<\/a><\/p>\n","protected":false},"author":1,"featured_media":0,"parent":0,"menu_order":0,"comment_status":"open","ping_status":"open","template":"bibliukaflar.php","meta":{"footnotes":""},"class_list":["post-3506","page","type-page","status-publish","hentry"],"_links":{"self":[{"href":"https:\/\/biblian.is\/gudbrandsbiblia\/wp-json\/wp\/v2\/pages\/3506","targetHints":{"allow":["GET"]}}],"collection":[{"href":"https:\/\/biblian.is\/gudbrandsbiblia\/wp-json\/wp\/v2\/pages"}],"about":[{"href":"https:\/\/biblian.is\/gudbrandsbiblia\/wp-json\/wp\/v2\/types\/page"}],"author":[{"embeddable":true,"href":"https:\/\/biblian.is\/gudbrandsbiblia\/wp-json\/wp\/v2\/users\/1"}],"replies":[{"embeddable":true,"href":"https:\/\/biblian.is\/gudbrandsbiblia\/wp-json\/wp\/v2\/comments?post=3506"}],"version-history":[{"count":0,"href":"https:\/\/biblian.is\/gudbrandsbiblia\/wp-json\/wp\/v2\/pages\/3506\/revisions"}],"wp:attachment":[{"href":"https:\/\/biblian.is\/gudbrandsbiblia\/wp-json\/wp\/v2\/media?parent=3506"}],"curies":[{"name":"wp","href":"https:\/\/api.w.org\/{rel}","templated":true}]}}