{"id":3501,"date":"2017-12-18T18:33:51","date_gmt":"2017-12-18T18:33:51","guid":{"rendered":"http:\/\/biblian.is\/gudbrandsbiblia\/esekiel-4-kafli\/"},"modified":"2017-12-18T18:33:51","modified_gmt":"2017-12-18T18:33:51","slug":"esekiel-4-kafli","status":"publish","type":"page","link":"https:\/\/biblian.is\/gudbrandsbiblia\/esekiel-4-kafli\/","title":{"rendered":"Esek\u00edel 4. kafli"},"content":{"rendered":"<p>IIII.<\/p>\n<p>Og \u00fe\u00fa, mannsins son, tak \u00fe\u00fa einn t\u00edgulstein og legg hann fram fyrir \u00feig og m\u00e1la \u00fear upp \u00e1 borgina Jer\u00fasalem. Og gj\u00f6r \u00fear herb\u00fa\u00f0ir utan um kring og gj\u00f6r \u00fear eitt hervirki \u00ed kringum og bygg einn kastala \u00fear utan um og graf \u00fear einn virkisvegg \u00ed kringum og skipa \u00fear fylkingum utan um kring og set \u00fear v\u00edgv\u00e9lar alla vegana \u00ed kringum hana. En \u00fe\u00fa, tak \u00fe\u00e9r eina j\u00e1rnp\u00f6nnu og l\u00e1t \u00fea\u00f0 vara einn j\u00e1rnm\u00far \u00e1 millum \u00fe\u00edn og borgarinnar og hef \u00feitt andlit upp \u00e1 m\u00f3ti henni og sit um hana. \u00dea\u00f0 sama skal vera eitt teikn \u00cdsraels h\u00fasi.<\/p>\n<p>\t\u00de\u00fa skalt og leggja \u00feig \u00e1 \u00fe\u00edna hinu vinstri hli\u00f0 og leggja \u00fear upp \u00e1 misgj\u00f6rningana h\u00fassins \u00cdsraels. So marga daga sem \u00fe\u00fa liggur \u00e1 hinni s\u00f6mu hli\u00f0 so lengi \u00fe\u00e1 skaltu bera \u00feeirra misgj\u00f6r\u00f0ir. En eg vil gj\u00f6ra \u00fe\u00e9r \u00feau \u00e1rin \u00feeirra misgj\u00f6rninga a\u00f0 daga t\u00f6lu, einkum sem eru \u00ferj\u00fa hundru\u00f0 og n\u00edut\u00edgir dagar, so lengi \u00fe\u00e1 skaltu bera \u00fe\u00e6r misgj\u00f6r\u00f0irnar h\u00fassins \u00cdsraels. Og n\u00e6r e\u00f0 \u00fe\u00fa hefur \u00fea\u00f0 fullkomna\u00f0 \u00fe\u00e1 skaltu leggja \u00feig \u00e1 \u00fe\u00edna h\u00e6gri hli\u00f0 og \u00fe\u00fa skalt bera misgj\u00f6r\u00f0irnar h\u00fassins J\u00fada \u00ed fj\u00f6rut\u00edgi daga, \u00fea\u00f0 eg gef \u00fe\u00e9r h\u00e9r og einnin einn dag fyrir eitt \u00e1r.<\/p>\n<p>\tOg vernda \u00fe\u00ednu andliti og \u00fe\u00ednum berum armlegg \u00ed gegn \u00feeirri umsetinni Jer\u00fasalem og sp\u00e1\u00f0u \u00e1 m\u00f3ti henni. Og sj\u00e1 \u00fe\u00fa, eg vil leggja b\u00f6nd \u00e1 \u00feig svo a\u00f0 \u00fe\u00fa skalt ekki kunna a\u00f0 sn\u00faa \u00fe\u00e9r fr\u00e1 einni hli\u00f0inni til annarrar allt \u00feanga\u00f0 til a\u00f0 \u00fe\u00fa hefur fullkomna\u00f0 \u00fe\u00edna ums\u00e1tursdaga. So tak n\u00fa til \u00fe\u00edn hveiti, bygg, baunir, grj\u00f3n, hr\u00edsgrj\u00f3n og r\u00fagmj\u00f6l og legg \u00feetta allt saman \u00fat \u00ed eitt ker og gj\u00f6r \u00fe\u00e9r svo m\u00f6rg brau\u00f0 \u00fear \u00fat af sem \u00fe\u00fa skalt liggja dagana til \u00e1 \u00fe\u00edna hli\u00f0 svo a\u00f0 \u00fe\u00fa hafir til f\u00e6\u00f0u af \u00feeim \u00ed \u00ferj\u00fa hundru\u00f0 og n\u00edut\u00edgi daga so a\u00f0 \u00feinn matur skal vera tuttugu secel a\u00f0 \u00feyngd sem \u00fe\u00fa skalt hvern dag eta. So mikils skaltu neyta \u00ed fr\u00e1 \u00feeim einum t\u00edmanum til annars. \u00de\u00fa skalt og drekka vatn eftir skammti, sem a\u00f0 er hin s\u00e9tta part \u00fat af h\u00edn, og \u00fea\u00f0 skaltu og einnin drekka fr\u00e1 einum t\u00edmanum til annars. Byggk\u00f6ku skaltu eta \u00fe\u00e1 sem \u00fe\u00fa skalt steikja fyrir \u00feeirra augum vi\u00f0 manna\u00ferekk.&#8220; Og Drottinn sag\u00f0i: &#8222;L\u00edka so skulu \u00cdsraelsb\u00f6rn eta sitt saurugt brau\u00f0 \u00e1 me\u00f0al hei\u00f0ingjanna til hverra a\u00f0 eg hefi \u00ed burt reki\u00f0 \u00fe\u00e1.&#8220; En eg sag\u00f0i: &#8222;\u00d3 Drottinn Drottinn! Sj\u00e1 \u00fe\u00fa, m\u00edn s\u00e1la er n\u00fa enn ekki saurug or\u00f0in \u00fev\u00ed a\u00f0 \u00ed fr\u00e1 barnd\u00f3mi m\u00ednum allt til \u00feessa dags \u00fe\u00e1 hefi eg enn ekki neitt hr\u00e6 e\u00f0ur d\u00fdraslitur eti\u00f0 og aldreigi \u00fe\u00e1 hefur \u00fear enn neitt saurugt sl\u00e1tur komi\u00f0 \u00ed minn munn.&#8220; \u00de\u00e1 sag\u00f0i hann til m\u00edn: &#8222;Sj\u00e1 \u00fe\u00fa, eg vil leyfa \u00fe\u00e9r a\u00f0 \u00fe\u00fa takir nautata\u00f0 fyrir manna\u00ferekk og baka \u00feitt brau\u00f0 \u00fear vi\u00f0.&#8220; Og hann sag\u00f0i til m\u00edn: &#8222;\u00de\u00fa mannsins son, sj\u00e1 \u00fe\u00fa, eg vil \u00ed burt taka n\u00e6gtina brau\u00f0sins \u00ed Jer\u00fasalem svo a\u00f0 \u00feeir skulu eta brau\u00f0i\u00f0 eftir vigt og me\u00f0 eymdarney\u00f0 og drekka vatni\u00f0 af skammti og me\u00f0 eymdarney\u00f0 af \u00fev\u00ed a\u00f0 \u00fear skal \u00ferj\u00f3ta b\u00e6\u00f0i brau\u00f0 og vatn og hver skal harma me\u00f0 \u00f6\u00f0rum og vanmegnast svo \u00ed s\u00ednum misgj\u00f6rningum.<\/p>\n","protected":false},"excerpt":{"rendered":"<p>IIII. Og \u00fe\u00fa, mannsins son, tak \u00fe\u00fa einn t\u00edgulstein og legg hann fram fyrir \u00feig og m\u00e1la \u00fear upp \u00e1 borgina Jer\u00fasalem. Og gj\u00f6r \u00fear herb\u00fa\u00f0ir utan um kring og gj\u00f6r \u00fear eitt hervirki \u00ed kringum og bygg einn kastala \u00fear utan um og graf \u00fear einn virkisvegg \u00ed kringum og skipa \u00fear fylkingum utan um kring og set \u00fear v\u00edgv\u00e9lar alla vegana \u00ed kringum hana. En \u00fe\u00fa, tak \u00fe\u00e9r eina j\u00e1rnp\u00f6nnu og l\u00e1t \u00fea\u00f0 vara einn j\u00e1rnm\u00far \u00e1 millum \u00fe\u00edn og borgarinnar og hef \u00feitt andlit upp \u00e1 m\u00f3ti henni og sit um hana. \u00dea\u00f0 sama skal vera eitt <a href=\"https:\/\/biblian.is\/gudbrandsbiblia\/esekiel-4-kafli\/\"> [&#8230;]<\/a><\/p>\n","protected":false},"author":1,"featured_media":0,"parent":0,"menu_order":0,"comment_status":"open","ping_status":"open","template":"bibliukaflar.php","meta":{"footnotes":""},"class_list":["post-3501","page","type-page","status-publish","hentry"],"_links":{"self":[{"href":"https:\/\/biblian.is\/gudbrandsbiblia\/wp-json\/wp\/v2\/pages\/3501","targetHints":{"allow":["GET"]}}],"collection":[{"href":"https:\/\/biblian.is\/gudbrandsbiblia\/wp-json\/wp\/v2\/pages"}],"about":[{"href":"https:\/\/biblian.is\/gudbrandsbiblia\/wp-json\/wp\/v2\/types\/page"}],"author":[{"embeddable":true,"href":"https:\/\/biblian.is\/gudbrandsbiblia\/wp-json\/wp\/v2\/users\/1"}],"replies":[{"embeddable":true,"href":"https:\/\/biblian.is\/gudbrandsbiblia\/wp-json\/wp\/v2\/comments?post=3501"}],"version-history":[{"count":0,"href":"https:\/\/biblian.is\/gudbrandsbiblia\/wp-json\/wp\/v2\/pages\/3501\/revisions"}],"wp:attachment":[{"href":"https:\/\/biblian.is\/gudbrandsbiblia\/wp-json\/wp\/v2\/media?parent=3501"}],"curies":[{"name":"wp","href":"https:\/\/api.w.org\/{rel}","templated":true}]}}