{"id":3479,"date":"2017-12-18T18:33:47","date_gmt":"2017-12-18T18:33:47","guid":{"rendered":"http:\/\/biblian.is\/gudbrandsbiblia\/jeremia-39-kafli\/"},"modified":"2017-12-18T18:33:47","modified_gmt":"2017-12-18T18:33:47","slug":"jeremia-39-kafli","status":"publish","type":"page","link":"https:\/\/biblian.is\/gudbrandsbiblia\/jeremia-39-kafli\/","title":{"rendered":"Jerem\u00eda 39. kafli"},"content":{"rendered":"<p>XXXIX.<\/p>\n<p>Og \u00fea\u00f0 ske\u00f0i a\u00f0 Jer\u00fasalem var\u00f0 unnin. <span class=\"athugasemd\" title=\"Jer\u00fasalem foreydd \u00e1 xi. \u00e1ri Zedechias \/ iiii. Reg. xxv. \/ Jere. lii.\">[<\/span> \u00dev\u00ed a\u00f0 \u00e1 \u00fev\u00ed n\u00edunda \u00e1rinu Zedechia konungsins J\u00fada \u00e1 \u00feeim t\u00edunda m\u00e1na\u00f0i kom Nabagodonosor konungurinn af Bab\u00fdlon og allt hans herli\u00f0 fyrir Jer\u00fasalem og settust um hana. Og \u00e1 \u00fev\u00ed ellefta \u00e1rinu Zedechia \u00e1 \u00feeim n\u00edunda degi hins fj\u00f3r\u00f0a m\u00e1na\u00f0ar \u00fe\u00e1 brutust \u00feeir inn \u00ed sta\u00f0inn og allir h\u00f6f\u00f0ingjarnir konungsins af Bab\u00fdlon dr\u00f3gu \u00fear inn og n\u00e1mu sta\u00f0ar undir Mi\u00f0portinu sem voru \u00feessir: Nergalsareser, Sangarneb\u00f3, Sarsek\u00edm hinn \u00e6\u00f0sti hir\u00f0sveinn, Nergalsareser hofmeistarinn og allir a\u00f0rir h\u00f6f\u00f0ingjar konungsins af Bab\u00fdlon.\t<\/p>\n<p>\tEn sem Zedechias konungurinn J\u00fada hann s\u00e1 \u00fe\u00e1 og hans str\u00ed\u00f0sf\u00f3lk \u00fe\u00e1 fl\u00fd\u00f0u \u00feeir um n\u00f3tt \u00fat af sta\u00f0num \u00ed hj\u00e1 \u00feeim jurtragar\u00f0inum konungsins \u00fat um \u00fea\u00f0 leyniporti\u00f0 \u00e1 millum tveggja m\u00farveggja og dr\u00f3gu so \u00fat a\u00f0 ey\u00f0im\u00f6rkinni. <span class=\"athugasemd\" title=\"Zedechias ver\u00f0ur fanga\u00f0ur\">[<\/span> En herli\u00f0i\u00f0 \u00feeirra Chaldeis s\u00f3ttu eftir \u00feeim og g\u00e1tu gripi\u00f0 Zedechiam \u00e1 \u00fev\u00ed sl\u00e9ttlendinu hj\u00e1 Jer\u00edk\u00f3 og f\u00f6ngu\u00f0u hann og h\u00f6f\u00f0u hann til Nab\u00fagodonosor konungsins af Bab\u00fdlon til Riblat sem liggur \u00ed landinu Hemat. Hann sag\u00f0i d\u00f3m yfir honum. Og konungurinn \u00ed Bab\u00fdlon l\u00e9t \u00ed hel sl\u00e1 b\u00f6rnin Zedechia fyrir hans augum \u00ed Riblat og afl\u00edfa alla h\u00f6f\u00f0ingjana J\u00fada en \u00e1 Zedechia \u00fe\u00e1 l\u00e9t hann stinga \u00fat augun og binda hann me\u00f0 j\u00e1rnvi\u00f0jum og hann flutti hann so til Bab\u00fdlon.<\/p>\n<p>\tOg \u00feeir Chaldei brenndu upp b\u00e6\u00f0i konungsins h\u00fas og \u00feau h\u00fasin borgarmannanna og ni\u00f0urbrutu m\u00farveggina Jer\u00fasalem. En \u00fea\u00f0 hva\u00f0 \u00fear var til af f\u00f3lkinu \u00ed sta\u00f0num og \u00fea\u00f0 anna\u00f0 hva\u00f0 \u00fear haf\u00f0i til \u00feeirra fl\u00fai\u00f0 \u00fe\u00e1 flutti Neb\u00fasaradan hersh\u00f6f\u00f0ingi alla saman hertekna til Bab\u00fdlon. En \u00e1 \u00fev\u00ed minnah\u00e1ttar f\u00f3lkinu sem ekki neitt \u00e1ttu til l\u00e9t Neb\u00fasaradan h\u00f6fu\u00f0sma\u00f0urinn \u00ed \u00fea\u00f0 sama sinn nokkra vera eftir \u00ed landinu J\u00fada og gaf \u00feeim v\u00edngar\u00f0a, b\u00e6i og \u00feorp.<\/p>\n<p>\tEn Nab\u00fagodonosor k\u00f3ngurinn af Bab\u00fdlon haf\u00f0i bo\u00f0i\u00f0 Nab\u00fasaradan h\u00f6fu\u00f0smanninum af Jeremia og sagt so: <span class=\"athugasemd\" title=\"Gu\u00f0 hj\u00e1lpar Jeremia\">[<\/span> &#8222;Tak \u00fe\u00fa hann a\u00f0 \u00fe\u00e9r og l\u00e1t \u00fe\u00edna vernd yfir honum vera og gj\u00f6r honum ekki neitt til vonda heldur gj\u00f6r vi\u00f0 hann eftir \u00fev\u00ed sem hann bei\u00f0ist af \u00fe\u00e9r.&#8220; \u00de\u00e1 sendi Neb\u00fasaradan h\u00f6fu\u00f0sma\u00f0ur og Neb\u00fasasban \u00e6\u00f0sti hir\u00f0sveinninn, Nergalsareser s\u00e1 hofmeistarinn og allir k\u00f3ngsins h\u00f6f\u00f0ingjar af Bab\u00fdlon og l\u00e9tu s\u00e6kja Jeremiam \u00far fordyrum myrkvastofunnar og \u00ed hendur fengu hann Gedalja syni Ah\u00edkam Safansonar a\u00f0 hann skyldi lei\u00f0a hann \u00ed sitt h\u00fas og \u00fea\u00f0 hann skyldi vera hj\u00e1 f\u00f3lkinu. <span class=\"athugasemd\" title=\"Gedalja \/ Jree. xl.\">[<\/span> <\/p>\n<p>\tOr\u00f0 Drottins var ske\u00f0 og so til Jeremiam \u00fe\u00e1 stund e\u00f0 hann l\u00e1 enn n\u00fa inniluktur \u00ed fordyrum myrkvastofunnar og sag\u00f0i: &#8222;Gakk \u00fe\u00fa burt og seg til Ebed Melek Bl\u00e1mannsins: <span class=\"athugasemd\" title=\"Ebed Melek\">[<\/span> So segir Drottinn Seba\u00f3t, Gu\u00f0 \u00cdsraels: Sj\u00e1 \u00fe\u00fa, eg vil l\u00e1ta mitt or\u00f0 koma yfir \u00feennan sta\u00f0 til \u00f3g\u00e6fu og til einskis g\u00f3\u00f0s og \u00fe\u00fa skalt sj\u00e1 \u00fea\u00f0 \u00feann sama t\u00edma. En eg vil frelsa \u00feig \u00ed \u00feann sama t\u00edma, segir Drottinn, og \u00fe\u00fa skalt ekki ver\u00f0a \u00fev\u00ed f\u00f3lki a\u00f0 hlutskipti fyrir hverju \u00fe\u00fa hr\u00e6\u00f0ist \u00fev\u00ed a\u00f0 eg vil hj\u00e1lpa \u00fe\u00e9r \u00fear \u00ed fr\u00e1 so a\u00f0 \u00fe\u00fa skalt ei falla fyri sver\u00f0i heldur skaltu \u00fear \u00ed fr\u00e1 \u00fe\u00ednu l\u00edfi bjarga\u00f0 geta l\u00edka sem \u00f6\u00f0ru hlutskipti af \u00fev\u00ed a\u00f0 \u00fe\u00fa settir tr\u00fa til m\u00edn, segir Drottinn.&#8220;<\/p>\n","protected":false},"excerpt":{"rendered":"<p>XXXIX. Og \u00fea\u00f0 ske\u00f0i a\u00f0 Jer\u00fasalem var\u00f0 unnin. [ \u00dev\u00ed a\u00f0 \u00e1 \u00fev\u00ed n\u00edunda \u00e1rinu Zedechia konungsins J\u00fada \u00e1 \u00feeim t\u00edunda m\u00e1na\u00f0i kom Nabagodonosor konungurinn af Bab\u00fdlon og allt hans herli\u00f0 fyrir Jer\u00fasalem og settust um hana. Og \u00e1 \u00fev\u00ed ellefta \u00e1rinu Zedechia \u00e1 \u00feeim n\u00edunda degi hins fj\u00f3r\u00f0a m\u00e1na\u00f0ar \u00fe\u00e1 brutust \u00feeir inn \u00ed sta\u00f0inn og allir h\u00f6f\u00f0ingjarnir konungsins af Bab\u00fdlon dr\u00f3gu \u00fear inn og n\u00e1mu sta\u00f0ar undir Mi\u00f0portinu sem voru \u00feessir: Nergalsareser, Sangarneb\u00f3, Sarsek\u00edm hinn \u00e6\u00f0sti hir\u00f0sveinn, Nergalsareser hofmeistarinn og allir a\u00f0rir h\u00f6f\u00f0ingjar konungsins af Bab\u00fdlon. En sem Zedechias konungurinn J\u00fada hann s\u00e1 \u00fe\u00e1 og hans str\u00ed\u00f0sf\u00f3lk \u00fe\u00e1 <a href=\"https:\/\/biblian.is\/gudbrandsbiblia\/jeremia-39-kafli\/\"> [&#8230;]<\/a><\/p>\n","protected":false},"author":1,"featured_media":0,"parent":0,"menu_order":0,"comment_status":"open","ping_status":"open","template":"bibliukaflar.php","meta":{"footnotes":""},"class_list":["post-3479","page","type-page","status-publish","hentry"],"_links":{"self":[{"href":"https:\/\/biblian.is\/gudbrandsbiblia\/wp-json\/wp\/v2\/pages\/3479","targetHints":{"allow":["GET"]}}],"collection":[{"href":"https:\/\/biblian.is\/gudbrandsbiblia\/wp-json\/wp\/v2\/pages"}],"about":[{"href":"https:\/\/biblian.is\/gudbrandsbiblia\/wp-json\/wp\/v2\/types\/page"}],"author":[{"embeddable":true,"href":"https:\/\/biblian.is\/gudbrandsbiblia\/wp-json\/wp\/v2\/users\/1"}],"replies":[{"embeddable":true,"href":"https:\/\/biblian.is\/gudbrandsbiblia\/wp-json\/wp\/v2\/comments?post=3479"}],"version-history":[{"count":0,"href":"https:\/\/biblian.is\/gudbrandsbiblia\/wp-json\/wp\/v2\/pages\/3479\/revisions"}],"wp:attachment":[{"href":"https:\/\/biblian.is\/gudbrandsbiblia\/wp-json\/wp\/v2\/media?parent=3479"}],"curies":[{"name":"wp","href":"https:\/\/api.w.org\/{rel}","templated":true}]}}