{"id":3473,"date":"2017-12-18T18:33:44","date_gmt":"2017-12-18T18:33:44","guid":{"rendered":"http:\/\/biblian.is\/gudbrandsbiblia\/jeremia-33-kafli\/"},"modified":"2017-12-18T18:33:44","modified_gmt":"2017-12-18T18:33:44","slug":"jeremia-33-kafli","status":"publish","type":"page","link":"https:\/\/biblian.is\/gudbrandsbiblia\/jeremia-33-kafli\/","title":{"rendered":"Jerem\u00eda 33. kafli"},"content":{"rendered":"<p>XXXIII.<\/p>\n<p>Og or\u00f0 Drottins \u00fea\u00f0 ske\u00f0i til Jeremiam \u00ed anna\u00f0 sinn \u00fe\u00e1 e\u00f0 hann var enn n\u00fa innlyktur \u00ed fordyrunum myrkvastofunnar og sag\u00f0i: <span class=\"athugasemd\" title=\"H\u00f3tunarskelfing\">[<\/span> So segir Drottinn sem sl\u00edkt gj\u00f6rir, verkar og framkv\u00e6mir; Drottinn er hans heiti. Kalla \u00fe\u00fa til m\u00edn, \u00fe\u00e1 vil eg svara \u00fe\u00e9r og eg vil kunngj\u00f6ra \u00fe\u00e9r mikla og merkilega hluti sem \u00fe\u00fa veist ekki. \u00dev\u00ed a\u00f0 svo segir Drottinn Gu\u00f0 \u00cdsraels af h\u00fasunum \u00feessa sta\u00f0arins, af h\u00fasinu konungsins J\u00fada sem ni\u00f0ur er brotin a\u00f0 gj\u00f6ra af hervirki til varnar og af \u00feeim sem eru h\u00e9r innkomnir til a\u00f0 str\u00ed\u00f0a \u00e1 m\u00f3ti \u00feeim Chaldeis so a\u00f0 \u00feeir uppfylli \u00feau hinu s\u00f6mu me\u00f0 dau\u00f0a l\u00edkami, hverja \u00fea\u00f0 eg vil \u00ed hel sl\u00e1 \u00ed minni rei\u00f0i og heiftargrimmd, \u00fev\u00ed a\u00f0 eg hefi byrgt m\u00edna \u00e1sj\u00f3nu fyrir \u00feessum sta\u00f0 fyrir sakir allra \u00feeirra illgj\u00f6r\u00f0a.<\/p>\n<p>\tSj\u00e1 \u00fe\u00fa, eg vil gr\u00e6\u00f0a \u00fe\u00e1 og heilbrig\u00f0a gj\u00f6ra og eg vil augl\u00fdsa \u00feeim \u00fe\u00e1 b\u00e6nina \u00fat af fri\u00f0inum og tr\u00faskapnum. <span class=\"athugasemd\" title=\"Huggun \/ Eitt \u00e1g\u00e6tt fyrirheit \u00fat af Christo og hans r\u00edki\">[<\/span> \u00dev\u00ed a\u00f0 eg vil sn\u00faa herlei\u00f0ingunni J\u00fada og herlei\u00f0ingunni \u00cdsraels og eg vil uppbyggja \u00fe\u00e1 so sem \u00ed fyrstunni. Og eg vil hreinsa \u00fe\u00e1 \u00fat af \u00f6llum misgj\u00f6r\u00f0um me\u00f0ur hverjum \u00feeir hafa syndgast \u00e1 m\u00f3ti m\u00e9r og eg vil fyrirgefa \u00feeim alla misgj\u00f6rninga me\u00f0ur hverjum \u00feeir hafa afvega gengi\u00f0 og misgj\u00f6rt \u00e1 m\u00f3ti m\u00e9r. Og \u00fea\u00f0 skal vera m\u00e9r eitt gle\u00f0ilegt nafn, fr\u00e6g\u00f0 og forpr\u00eds \u00e1 me\u00f0al allra hei\u00f0inna \u00fej\u00f3\u00f0a \u00e1 j\u00f6r\u00f0u n\u00e6r e\u00f0 \u00feeir f\u00e1 a\u00f0 heyra allt \u00fea\u00f0 hi\u00f0 g\u00f3\u00f0a sem eg gj\u00f6ri \u00feeim so a\u00f0 sj\u00e1lfa \u00fe\u00e1 mun fur\u00f0a \u00fea\u00f0 og \u00e6gja allur s\u00e1 g\u00f3\u00f0i og allur s\u00e1 fri\u00f0ur sem eg vil gefa \u00feeim. <span class=\"athugasemd\" title=\"Esa. xliii.\">[<\/span> <\/p>\n<p>\tSo segir Drottinn: <span class=\"athugasemd\" title=\"Jere. vii. x. xxv.\">[<\/span> \u00cd \u00feessu takmarki af hverju \u00fe\u00e9r segi\u00f0: &#8222;\u00dea\u00f0 er \u00ed ey\u00f0i&#8220; me\u00f0 \u00fev\u00ed a\u00f0 \u00fear er hverki menn n\u00e9 f\u00e9na\u00f0ur \u00ed \u00feeim st\u00f6\u00f0unum J\u00fada og \u00feeim str\u00e6tunum til Jer\u00fasalem sem so eru \u00ed ey\u00f0il\u00f6g\u00f0 a\u00f0 \u00fear er ekki f\u00f3lk neitt e\u00f0ur borgarmenn n\u00e9 f\u00e9na\u00f0ur inni, \u00fe\u00e1 skulu \u00fe\u00f3 samt \u00fear inni heyrast aftur hlj\u00f3murinn af gle\u00f0inni og una\u00f0semdinni, raustin br\u00fa\u00f0gumans og br\u00fa\u00f0arinnar og so \u00feeirra raust sem segja: &#8222;\u00deakki \u00fe\u00e9r Drottni Seba\u00f3t \u00fea\u00f0 hann er so n\u00e1\u00f0arsamlegur og \u00fea\u00f0 hann gj\u00f6rir eil\u00edflegana til g\u00f3\u00f0a&#8220; og \u00feeirra sem f\u00e6ra \u00feakkl\u00e6tisoffur \u00ed h\u00fasi\u00f0 Drottins. \u00dev\u00ed a\u00f0 eg vil sn\u00faa herlei\u00f0ingunni landsins l\u00edka sem \u00fea\u00f0 \u00ed fyrstunni, segir Drottinn.<\/p>\n<p>\tSo segir Drottinn Seba\u00f3t: \u00cd \u00feessum sta\u00f0 sem so er \u00ed ey\u00f0i a\u00f0 \u00fear er hverki menn n\u00e9 f\u00e9na\u00f0ur inni og \u00ed \u00f6llum hans st\u00f6\u00f0um \u00fe\u00e1 skulu \u00fear enn n\u00fa vera h\u00fas \u00feeirrar hjar\u00f0argeymslumanna sem hj\u00f6r\u00f0unni f\u00e6\u00f0slu gefa, b\u00e6\u00f0i \u00ed \u00feeim st\u00f6\u00f0unum \u00e1 fjallbygg\u00f0unum og \u00ed \u00feeim st\u00f6\u00f0unum \u00ed \u00feeim d\u00f6lunum og \u00ed st\u00f6\u00f0unum m\u00f3ti su\u00f0rinu \u00ed Benjam\u00ednlandeign og allt um kring Jer\u00fasalem og \u00ed \u00feeim st\u00f6\u00f0unum J\u00fada, a\u00f0 \u00fear skulu enn n\u00fa aftur hjar\u00f0ir ganga, taldar \u00fat og inn, segir Drottinn. <span class=\"athugasemd\" title=\"Jere. xxiii.\">[<\/span> <\/p>\n<p>\tSj\u00e1 \u00fe\u00fa, s\u00e1 t\u00edmi kemur, segir Drottinn, a\u00f0 eg vil uppvekja \u00fea\u00f0 n\u00e1\u00f0arinnar or\u00f0 hvert a\u00f0 eg hefi tala\u00f0 til h\u00fassins \u00cdsrael og til h\u00fassins J\u00fada. \u00c1 \u00feeim s\u00f6mum d\u00f6gum og \u00e1 \u00feeim sama t\u00edma vil eg l\u00e1ta Dav\u00ed\u00f0 upprenna einn r\u00e9ttl\u00e6tisins kvist og hann skal vera einn konungur sem vel skal stj\u00f3rna og hann skal upphefja d\u00f3min og r\u00e9ttv\u00edsina \u00e1 j\u00f6r\u00f0u. \u00c1 \u00feeim t\u00edma skal J\u00fada h\u00f3lpinn vera og Jer\u00fasalem b\u00faa ugglaust og \u00feeir munu kalla hann &#8222;Drottinn sem er vort r\u00e9ttl\u00e6ti&#8220;. \u00dev\u00ed a\u00f0 so segir Drottinn: \u00dea\u00f0 skal aldreigi bresta a\u00f0 \u00fear skuli eigi einn af Dav\u00ed\u00f0 sitja \u00e1 \u00feeim st\u00f3linum h\u00fassins \u00cdsrael, l\u00edka so skal \u00fea\u00f0 aldreigi bresta a\u00f0 \u00fear skuli ei vera kennimenn og Lev\u00edtar fyrir m\u00e9r sem offra brennif\u00f3rnir og upptendra mataroffri\u00f0 og sl\u00e1tra \u00feeim f\u00f3rnf\u00e6ringum eil\u00edflegana. <span class=\"athugasemd\" title=\"ii. Reg. vii.\">[<\/span> <\/p>\n<p>\tOg or\u00f0 Drottins \u00fea\u00f0 ske\u00f0i til Jeremia og sag\u00f0i: <span class=\"athugasemd\" title=\"Gen. viii.\">[<\/span> Svo segir Drottinn: N\u00e6r e\u00f0 minn s\u00e1ttm\u00e1li tekur til a\u00f0 \u00ferj\u00f3ta vi\u00f0 dag og n\u00f3tt so a\u00f0 \u00fear ver\u00f0i ei lengur dagur og n\u00f3tt \u00e1 s\u00ednum t\u00edma, eins l\u00edka so \u00fe\u00e1 skal minn s\u00e1ttm\u00e1li \u00ferj\u00f3ta vi\u00f0 minn \u00fej\u00f3n Dav\u00ed\u00f0 so a\u00f0 hann hafi ekki einn son til konungs \u00e1 s\u00ednum st\u00f3li og me\u00f0 \u00feeim Lev\u00edtunum og prestunum m\u00ednum \u00fe\u00e9nurum. L\u00edka so sem mann kann ekki a\u00f0 telja \u00fea\u00f0 himneska herli\u00f0i\u00f0, eigi heldur a\u00f0 m\u00e6la \u00feann sandinn vi\u00f0 sj\u00e1varhafi\u00f0, eins svo vil eg fj\u00f6lga s\u00e6\u00f0i\u00f0 Dav\u00ed\u00f0s m\u00edns \u00fe\u00e9nara og \u00feeirra Lev\u00edtanna sem m\u00e9r \u00fej\u00f3na. <span class=\"athugasemd\" title=\"Gen. xxv. xxxii.\">[<\/span><\/p>\n<p>\tOg or\u00f0 Drottins ske\u00f0i til Jeremiam og sag\u00f0i: Hefur \u00fe\u00fa \u00e1skynja vor\u00f0i\u00f0 hva\u00f0 \u00feetta f\u00f3lk talar og segir? A\u00f0 Drottinn hafi \u00ed burt kasta\u00f0 \u00feeim tveimur kynkv\u00edslunum sem hann hefur \u00fatvali\u00f0 og <span class=\"athugasemd\" title=\"a \/ Lasta) \/ \u00dea\u00f0 er, \u00feeir koma f\u00f3lkinu til vantr\u00faar og efasemdar\">[<\/span> lasta so mitt f\u00f3lk, l\u00edka sem a\u00f0 skyldi \u00fea\u00f0 ekki meir vera mitt f\u00f3lk. So segir Drottinn: Held eg ekki minn s\u00e1ttm\u00e1la vi\u00f0 dag og n\u00f3tt \u00fe\u00e1 skikkunina himins og jar\u00f0arinnar, \u00fe\u00e1 vil eg og einnin burt kasta s\u00e6\u00f0inu Jakobs og Dav\u00ed\u00f0s m\u00edns \u00fe\u00e9nara so a\u00f0 eg taki \u00fe\u00e1 ekki \u00fat af \u00feeirra s\u00e6\u00f0i sem stj\u00f3rna skulu yfir s\u00e6\u00f0i\u00f0 Abrahams, \u00cdsaaks og Jakobs. \u00dev\u00ed a\u00f0 eg vil sn\u00faa \u00feeirra herlei\u00f0ingu og \u00feeim miskunnsamur vera.<\/p>\n","protected":false},"excerpt":{"rendered":"<p>XXXIII. Og or\u00f0 Drottins \u00fea\u00f0 ske\u00f0i til Jeremiam \u00ed anna\u00f0 sinn \u00fe\u00e1 e\u00f0 hann var enn n\u00fa innlyktur \u00ed fordyrunum myrkvastofunnar og sag\u00f0i: [ So segir Drottinn sem sl\u00edkt gj\u00f6rir, verkar og framkv\u00e6mir; Drottinn er hans heiti. Kalla \u00fe\u00fa til m\u00edn, \u00fe\u00e1 vil eg svara \u00fe\u00e9r og eg vil kunngj\u00f6ra \u00fe\u00e9r mikla og merkilega hluti sem \u00fe\u00fa veist ekki. \u00dev\u00ed a\u00f0 svo segir Drottinn Gu\u00f0 \u00cdsraels af h\u00fasunum \u00feessa sta\u00f0arins, af h\u00fasinu konungsins J\u00fada sem ni\u00f0ur er brotin a\u00f0 gj\u00f6ra af hervirki til varnar og af \u00feeim sem eru h\u00e9r innkomnir til a\u00f0 str\u00ed\u00f0a \u00e1 m\u00f3ti \u00feeim Chaldeis so a\u00f0 <a href=\"https:\/\/biblian.is\/gudbrandsbiblia\/jeremia-33-kafli\/\"> [&#8230;]<\/a><\/p>\n","protected":false},"author":1,"featured_media":0,"parent":0,"menu_order":0,"comment_status":"open","ping_status":"open","template":"bibliukaflar.php","meta":{"footnotes":""},"class_list":["post-3473","page","type-page","status-publish","hentry"],"_links":{"self":[{"href":"https:\/\/biblian.is\/gudbrandsbiblia\/wp-json\/wp\/v2\/pages\/3473","targetHints":{"allow":["GET"]}}],"collection":[{"href":"https:\/\/biblian.is\/gudbrandsbiblia\/wp-json\/wp\/v2\/pages"}],"about":[{"href":"https:\/\/biblian.is\/gudbrandsbiblia\/wp-json\/wp\/v2\/types\/page"}],"author":[{"embeddable":true,"href":"https:\/\/biblian.is\/gudbrandsbiblia\/wp-json\/wp\/v2\/users\/1"}],"replies":[{"embeddable":true,"href":"https:\/\/biblian.is\/gudbrandsbiblia\/wp-json\/wp\/v2\/comments?post=3473"}],"version-history":[{"count":0,"href":"https:\/\/biblian.is\/gudbrandsbiblia\/wp-json\/wp\/v2\/pages\/3473\/revisions"}],"wp:attachment":[{"href":"https:\/\/biblian.is\/gudbrandsbiblia\/wp-json\/wp\/v2\/media?parent=3473"}],"curies":[{"name":"wp","href":"https:\/\/api.w.org\/{rel}","templated":true}]}}