{"id":3470,"date":"2017-12-18T18:33:44","date_gmt":"2017-12-18T18:33:44","guid":{"rendered":"http:\/\/biblian.is\/gudbrandsbiblia\/jeremia-30-kafli\/"},"modified":"2017-12-18T18:33:44","modified_gmt":"2017-12-18T18:33:44","slug":"jeremia-30-kafli","status":"publish","type":"page","link":"https:\/\/biblian.is\/gudbrandsbiblia\/jeremia-30-kafli\/","title":{"rendered":"Jerem\u00eda 30. kafli"},"content":{"rendered":"<p>XXX.<\/p>\n<p>\u00deetta er \u00fea\u00f0 or\u00f0 sem ske\u00f0i af Drottni til Jeremia. <span class=\"athugasemd\" title=\"\u00deesir tveir kap. sp\u00e1 fyrir \u00fat af Christo og \u00fev\u00ed N\u00fdja testamentino. \u00dear me\u00f0 huggar hann \u00fea\u00f0 hertekna f\u00f3lk \u00ed \u00feessum fj\u00f3rum eftirfylgjandi kap\u00edtulum\">[<\/span> So segir Drottinn Gu\u00f0 \u00cdsraels: Skrifa\u00f0u \u00fe\u00e9r \u00f6ll \u00feau or\u00f0in \u00ed eina b\u00f3k sem eg tala til \u00fe\u00edn. \u00dev\u00ed a\u00f0 sj\u00e1 \u00fe\u00fa, s\u00e1 t\u00edmi kemur, segir Drottinn, a\u00f0 eg vil sn\u00faa herlei\u00f0ingunni m\u00edns f\u00f3lks, b\u00e6\u00f0i \u00cdsraels og J\u00fada, segir Drottinn, og eg vil flytja \u00fe\u00e1 inn aftur \u00ed \u00fea\u00f0 landi\u00f0 sem eg gaf \u00feeirra forfe\u00f0rum so a\u00f0 \u00feeir skulu \u00fea\u00f0 eignast.<\/p>\n<p>\tEn \u00feessi eru \u00feau or\u00f0in sem Drottinn tala\u00f0i um \u00cdsrael og J\u00fada. \u00dev\u00ed a\u00f0 so segir Drottinn: V\u00e9r heyrum \u00fe\u00e1 raustina skelfingarinnar so a\u00f0 \u00fear er ekki utan hr\u00e6\u00f0sla og enginn fri\u00f0ur. En spyrji\u00f0 a\u00f0 \u00fev\u00ed og og gefi\u00f0 g\u00e6tur a\u00f0 hvert a\u00f0 karlma\u00f0urinn megi barn f\u00e6\u00f0a? En hvernin er \u00feessu \u00fe\u00e1 vari\u00f0 \u00fea\u00f0 eg s\u00e9 alla menn hafa s\u00ednar hendur so lag\u00f0ar a\u00f0 s\u00ednum lendum svo sem konur \u00ed barns\u00f3tt og \u00f6ll andlit eru so f\u00f6l? \u00dea\u00f0 er einn mikill dagur og hans l\u00edki var eigi og er einn h\u00f6rmungart\u00edmi \u00ed Jakob, \u00fe\u00f3 skal honum \u00fear \u00fat af hj\u00e1lpa\u00f0 ver\u00f0a.<\/p>\n<p>\tEn \u00fea\u00f0 skal ske \u00e1 \u00feeim sama t\u00edma, segir Drottinn Seba\u00f3t, a\u00f0 eg vil \u00ed sundurbrj\u00f3ta hans ok af \u00fe\u00ednum h\u00e1lsi og \u00ed sundursl\u00edta \u00fe\u00edn b\u00f6nd so a\u00f0 hann skal ekki meir \u00fej\u00f3na annarlegum \u00fear \u00fati heldur Drottni Gu\u00f0i s\u00ednum og so \u00feeim k\u00f3ngi Dav\u00ed\u00f0 hvern eg vil uppvekja \u00feeim. \u00dear fyrir vertu \u00f3hr\u00e6ddur, minn \u00fej\u00f3n Jakob, segir Drottinn, og hr\u00e6\u00f0st ekki, \u00fe\u00fa \u00cdsrael. <span class=\"athugasemd\" title=\"Christus \/ Esa. xliiii.\">[<\/span> \u00dev\u00ed a\u00f0 sj\u00e1 \u00fe\u00fa, eg vil hj\u00e1lpa \u00fe\u00e9r \u00far fjarl\u00e6gum l\u00f6ndum og \u00fe\u00ednu s\u00e6\u00f0i af \u00feeirra herlei\u00f0ingarlandi so a\u00f0 Jakob skal aftur koma \u00ed fri\u00f0i, lifa og n\u00e6g\u00f0 hafa og enginn skal skelfa hann. \u00dev\u00ed a\u00f0 eg er hj\u00e1 \u00fe\u00e9r, segir Drottinn, a\u00f0 eg vil hj\u00e1lpa \u00fe\u00e9r. \u00dev\u00ed eg vil einn enda gj\u00f6ra vi\u00f0 alla \u00fe\u00e1 hei\u00f0ingjana til hverra a\u00f0 eg hefi \u00fatdreift \u00fe\u00e9r en vi\u00f0 \u00feig vil eg ekki einn enda gj\u00f6ra en aga vil eg \u00feig me\u00f0 h\u00f3fsemi so a\u00f0 \u00fe\u00fa haldir \u00feig ekki saklausan.<\/p>\n<p>\t\u00dev\u00ed a\u00f0 so segir Drottinn: <span class=\"athugasemd\" title=\"Sup. x.\">[<\/span> \u00de\u00edn lemstur eru ein \u00f3b\u00e6tandi illska og \u00fe\u00edn s\u00e1r eru \u00f3gr\u00e6\u00f0andi. \u00de\u00edtt m\u00e1lefni r\u00e6kir enginn svo a\u00f0 hann bindi \u00fear um \u00fe\u00edn s\u00e1r. Enginn kann \u00feig a\u00f0 gr\u00e6\u00f0a, allir \u00fe\u00ednir \u00e1stvinir \u00feeir forgleyma \u00fe\u00e9r og skeyta ekki um \u00fea\u00f0. Eg hefi slegi\u00f0 \u00feig l\u00edka sem a\u00f0 eg skyldi sl\u00e1 einn \u00f3vin, me\u00f0 miskunnarlausri hirting, vegna \u00feinna mikilla misgj\u00f6r\u00f0a og fyrir \u00feinna sterkra synda sakir. Hvar fyrir ber \u00fe\u00fa \u00feig illa yfir \u00feinni ska\u00f0semd og yfir \u00fe\u00ednum \u00f3gr\u00e6\u00f0andi illskuharmkv\u00e6lum? En eg hefi \u00fe\u00f3 gj\u00f6rt \u00feetta vegna \u00feinna st\u00f3ru misgj\u00f6r\u00f0a og fyrir \u00feinna sterkra synda sakir.<\/p>\n<p>\t\u00dear fyrir skulu allir \u00feeir sem \u00feig hafa eti\u00f0 upp\u00e9tnir ver\u00f0a og allir \u00feeir sem \u00feig hafa angra\u00f0 skulu allir herteknir ver\u00f0a og \u00feeir e\u00f0 \u00feig hafa r\u00e6nt skulu r\u00e6ntir ver\u00f0a og allir \u00feeir sem fyrir \u00fe\u00e9r hafa gripi\u00f0 \u00fe\u00e1 skal og fyrir \u00feeim gripi\u00f0 ver\u00f0a. <span class=\"athugasemd\" title=\"Supra. ii. x.\">[<\/span> En eg vil \u00feig aftur heilbrig\u00f0an gj\u00f6ra og \u00fe\u00edn s\u00e1r gr\u00e6\u00f0a, segir Drottinn, af \u00fev\u00ed \u00fe\u00fa kallast hin \u00fatrekna og S\u00edon er h\u00fan sem engin spyr eftir.<\/p>\n<p>\tSo segir Drottinn: Sj\u00e1 \u00fe\u00fa, eg vil sn\u00faa herlei\u00f0ingunni tjaldb\u00fa\u00f0anna Jakobs og miskunnsamlegur vera yfir hans b\u00fast\u00f6\u00f0um og sta\u00f0urinn skal upp aftur byggjast \u00e1 sinni h\u00e6\u00f0 og musteri\u00f0 skal standa eftir s\u00ednum skammti. Og lofs\u00f6gn og gle\u00f0innar s\u00f6ngur skal \u00fea\u00f0an \u00fatganga. \u00dev\u00ed a\u00f0 eg vil fj\u00f6lga \u00fe\u00e1 en ekki forminnka og eg vil gj\u00f6ra \u00fe\u00e1 hei\u00f0arlegri en ekki minnih\u00e1ttar. \u00deeirra synir skulu vera l\u00edka sem \u00e1\u00f0ur for\u00f0um og \u00feeirra s\u00f6fnu\u00f0ur skal lukku hafa fyrir m\u00e9r. \u00dev\u00ed a\u00f0 eg vil s\u00e6kja heim alla \u00fe\u00e1 sem hana \u00fevinga. Og hennar h\u00f6f\u00f0ingjar skulu \u00fat af \u00feeim sj\u00e1lfum framkoma og hennar stj\u00f3rnari skal \u00fatganga af \u00feeim sj\u00e1lfum og hann skal halda s\u00e9r til m\u00edn. \u00dev\u00ed hver er hann sem a\u00f0hyllist mig me\u00f0 einu viljuglegu hjarta? segir Drottinn. Og \u00fe\u00e9r skulu\u00f0 vera mitt f\u00f3lk og eg vil vera y\u00f0ar Gu\u00f0.<\/p>\n<p>\tSj\u00e1 \u00fe\u00fa, \u00fear mun koma einn vindur Drottins me\u00f0 grimmd og einn hr\u00e6\u00f0ilegur stormur mun falla yfir h\u00f6fu\u00f0 \u00feeirra hinna \u00f3gu\u00f0legu. <span class=\"athugasemd\" title=\"S\u00ed\u00f0asta forey\u00f0sla Gy\u00f0inga\">[<\/span> \u00dev\u00ed a\u00f0 grimmdarrei\u00f0i Drottins mun eigi afl\u00e1ta fyrr en hann gj\u00f6rir \u00fea\u00f0 og \u00fev\u00ed til vegar kemur sem honum b\u00fdr \u00ed sinni. \u00c1 \u00feeim s\u00ed\u00f0asta t\u00edma skulu \u00fe\u00e9r f\u00e1 svoddan a\u00f0 formerkja.<\/p>\n","protected":false},"excerpt":{"rendered":"<p>XXX. \u00deetta er \u00fea\u00f0 or\u00f0 sem ske\u00f0i af Drottni til Jeremia. [ So segir Drottinn Gu\u00f0 \u00cdsraels: Skrifa\u00f0u \u00fe\u00e9r \u00f6ll \u00feau or\u00f0in \u00ed eina b\u00f3k sem eg tala til \u00fe\u00edn. \u00dev\u00ed a\u00f0 sj\u00e1 \u00fe\u00fa, s\u00e1 t\u00edmi kemur, segir Drottinn, a\u00f0 eg vil sn\u00faa herlei\u00f0ingunni m\u00edns f\u00f3lks, b\u00e6\u00f0i \u00cdsraels og J\u00fada, segir Drottinn, og eg vil flytja \u00fe\u00e1 inn aftur \u00ed \u00fea\u00f0 landi\u00f0 sem eg gaf \u00feeirra forfe\u00f0rum so a\u00f0 \u00feeir skulu \u00fea\u00f0 eignast. En \u00feessi eru \u00feau or\u00f0in sem Drottinn tala\u00f0i um \u00cdsrael og J\u00fada. \u00dev\u00ed a\u00f0 so segir Drottinn: V\u00e9r heyrum \u00fe\u00e1 raustina skelfingarinnar so a\u00f0 \u00fear er ekki <a href=\"https:\/\/biblian.is\/gudbrandsbiblia\/jeremia-30-kafli\/\"> [&#8230;]<\/a><\/p>\n","protected":false},"author":1,"featured_media":0,"parent":0,"menu_order":0,"comment_status":"open","ping_status":"open","template":"bibliukaflar.php","meta":{"footnotes":""},"class_list":["post-3470","page","type-page","status-publish","hentry"],"_links":{"self":[{"href":"https:\/\/biblian.is\/gudbrandsbiblia\/wp-json\/wp\/v2\/pages\/3470","targetHints":{"allow":["GET"]}}],"collection":[{"href":"https:\/\/biblian.is\/gudbrandsbiblia\/wp-json\/wp\/v2\/pages"}],"about":[{"href":"https:\/\/biblian.is\/gudbrandsbiblia\/wp-json\/wp\/v2\/types\/page"}],"author":[{"embeddable":true,"href":"https:\/\/biblian.is\/gudbrandsbiblia\/wp-json\/wp\/v2\/users\/1"}],"replies":[{"embeddable":true,"href":"https:\/\/biblian.is\/gudbrandsbiblia\/wp-json\/wp\/v2\/comments?post=3470"}],"version-history":[{"count":0,"href":"https:\/\/biblian.is\/gudbrandsbiblia\/wp-json\/wp\/v2\/pages\/3470\/revisions"}],"wp:attachment":[{"href":"https:\/\/biblian.is\/gudbrandsbiblia\/wp-json\/wp\/v2\/media?parent=3470"}],"curies":[{"name":"wp","href":"https:\/\/api.w.org\/{rel}","templated":true}]}}