{"id":3457,"date":"2017-12-18T18:33:44","date_gmt":"2017-12-18T18:33:44","guid":{"rendered":"http:\/\/biblian.is\/gudbrandsbiblia\/jeremia-17-kafli\/"},"modified":"2017-12-18T18:33:44","modified_gmt":"2017-12-18T18:33:44","slug":"jeremia-17-kafli","status":"publish","type":"page","link":"https:\/\/biblian.is\/gudbrandsbiblia\/jeremia-17-kafli\/","title":{"rendered":"Jerem\u00eda 17. kafli"},"content":{"rendered":"<p>XVII.<\/p>\n<p>Syndin J\u00fada er me\u00f0 j\u00e1rnst\u00edli og me\u00f0 hv\u00f6ssum adamas skrifu\u00f0 og \u00fatgrafin \u00e1 \u00feeirra hjartans spj\u00f6ldum og upp \u00e1 \u00feeirra altarishornum so a\u00f0 \u00feeirra b\u00f6rnum skuli til hugar koma \u00feau \u00f6ltruin og runnarnir \u00ed hj\u00e1 \u00feeim bl\u00f3mgu\u00f0u trj\u00e1num upp \u00e1 h\u00e1bj\u00f6rgunum. En eg vil gefa \u00fe\u00ednar h\u00e6\u00f0ir, b\u00e6\u00f0i \u00e1 fj\u00f6llum og \u00e1 sl\u00e9ttlendino, me\u00f0 \u00f6llu \u00fe\u00ednu g\u00f3ssi og fj\u00e1rsj\u00f3\u00f0um til herfangs fyrir \u00feinna synda sakir sem \u00fe\u00fa hefur gj\u00f6rt innan allra \u00feinna landamerkja. Og \u00fe\u00fa skalt \u00fatrekin ver\u00f0a af \u00feinni arfleif\u00f0 sem eg gaf \u00fe\u00e9r og eg mun gj\u00f6ra \u00feig a\u00f0 \u00fer\u00e6li \u00f3vina \u00feinna \u00ed \u00fev\u00ed landinu sem \u00fe\u00fa \u00feekkir ekki. \u00dev\u00ed a\u00f0 \u00fe\u00e9r hafi\u00f0 upptendra\u00f0 einn eld minnar rei\u00f0i sem brenna mun eil\u00edflegana.<\/p>\n<p>\tSo segir Drottinn: B\u00f6lva\u00f0ur s\u00e9 s\u00e1 ma\u00f0ur sem hefur sitt traust \u00e1 manninum og heldur holdi\u00f0 fyrir sinn styrktararm og \u00ed burt v\u00edkur fr\u00e1 Drottni me\u00f0 s\u00ednu hjarta. Hann mun vera so sem anna\u00f0 lyng \u00e1 ey\u00f0im\u00f6rku og mun eigi sj\u00e1 \u00fe\u00e1 tilkomandi huggan heldur mun hann bl\u00edfa \u00fat \u00ed \u00feeim \u00feurrknum \u00ed ey\u00f0im\u00f6rkinni, \u00ed einu hrj\u00f3stugu landi \u00fear e\u00f0 enginn byggir. En blessa\u00f0ur er s\u00e1 ma\u00f0ur sem treystir \u00e1 Drottin og hann sem a\u00f0 Drottin er hans athvarf. <span class=\"athugasemd\" title=\"S\u00e1l. i.\">[<\/span> Hann er l\u00edka sem \u00fea\u00f0 tr\u00e9 sem a\u00f0 gr\u00f3\u00f0ursett er \u00ed hj\u00e1 vatninu og vi\u00f0 l\u00e6kinn er r\u00f3tfest. \u00dev\u00ed \u00fe\u00f3 a\u00f0 hitinn komi \u00fe\u00e1 er hann \u00fe\u00f3 ekki hr\u00e6ddur um sig heldur bl\u00edfa hans laufbl\u00f6\u00f0 gr\u00e6n og kv\u00ed\u00f0ir ekki vi\u00f0 \u00fe\u00f3 a\u00f0 \u00feerri\u00e1rin komi heldur f\u00e6rir hann \u00e1v\u00f6xt \u00f3afl\u00e1tanlega.<\/p>\n<p>\tMannsins hjarta er <span class=\"athugasemd\" title=\"a \/ Metna\u00f0ar) \/ Gangi illa, \u00fe\u00e1 er v\u00edl og efasemi, gangi vel, \u00fe\u00e1 er metna\u00f0ur og ofst\u00e6ki\">[<\/span> metna\u00f0arfullt og \u00f6rvinlunarsamt, hver kann a\u00f0 rannsaka \u00fea\u00f0? Eg Drottinn kann hjarta\u00f0 a\u00f0 rannsaka og n\u00fdrun a\u00f0 pr\u00f3fa og eg gef einum s\u00e9rhverjum eftir s\u00ednum gj\u00f6rningi og eftir \u00e1vextinum sinna verka. \u00dev\u00ed a\u00f0 l\u00edka sem s\u00e1 fugl er liggur \u00e1 eggjum og klekur \u00feeim eigi \u00fat, eins l\u00edka so er ma\u00f0urinn sem rangfengi\u00f0 f\u00e9 til samans dregur \u00fev\u00ed a\u00f0 hann hl\u00fdtur \u00fear \u00ed fr\u00e1 n\u00e6r e\u00f0 hann minnst varir og hl\u00fdtur \u00fe\u00f3 a\u00f0 s\u00ed\u00f0ustunni d\u00e1ruskap \u00fear til a\u00f0 hafa. En s\u00e1 sta\u00f0urinn vors helgid\u00f3ms, sem er tignars\u00e6ti\u00f0 Gu\u00f0s d\u00fdr\u00f0ar, \u00fea\u00f0 hefur alla t\u00edma sta\u00f0fast veri\u00f0.<\/p>\n<p>\t\u00dev\u00ed a\u00f0 \u00fe\u00fa, Drottinn, ert \u00cdsraels fullna\u00f0artraust. <span class=\"athugasemd\" title=\"B\u00e6n Jeremie\">[<\/span> Allir \u00feeir sem \u00feig yfirgefa \u00feeir hlj\u00f3ta til skammar a\u00f0 ver\u00f0a og \u00feeir hinir fr\u00e1horfnu skulu \u00ed j\u00f6r\u00f0ina skrifast. \u00dev\u00ed a\u00f0 \u00feeir yfirgefa Drottin sem er uppspretta hins lifanda vatsins. Drottinn, l\u00e6kna \u00fe\u00fa mig, \u00fe\u00e1 ver\u00f0 eg heilbrig\u00f0ur, hj\u00e1lpa \u00fe\u00fa m\u00e9r, \u00fe\u00e1 em eg h\u00f3lpinn, \u00fev\u00ed \u00fe\u00fa ert minn lofst\u00edr.<\/p>\n<p>\tSj\u00e1 \u00fe\u00fa, \u00feeir segja til m\u00edn: &#8222;Hvar er \u00fe\u00e1 \u00fea\u00f0 or\u00f0 Drottins? K\u00e6ri, l\u00e1ttu \u00fea\u00f0 koma hinga\u00f0!&#8220; En \u00fear fyrir fl\u00fd\u00f0i eg ekki fr\u00e1 \u00fe\u00e9r, \u00fe\u00fa m\u00edn hj\u00f6r\u00f0. Eg hefi og ekki girnst \u00e1 <span class=\"athugasemd\" title=\"b \/ Mannsins dag) \/ \u00dea\u00f0 er, lofst\u00edr manna, hvers dagar, l\u00edf og lofst\u00edr einskis eru vert\">[<\/span> daga mannsins, \u00fea\u00f0 veitstu, hva\u00f0 eg hefi pr\u00e9dika\u00f0 \u00fea\u00f0 er r\u00e9ttfer\u00f0ugt fyrir \u00fe\u00e9r. Vertu a\u00f0eins ekki har\u00f0\u00fa\u00f0legur vi\u00f0 mig, \u00fe\u00fa sem ert mitt athvarf \u00ed nau\u00f0inni. L\u00e1ttu \u00fe\u00e1 til skammar ver\u00f0a sem mig ofs\u00e6kja en eigi mig, l\u00e1ttu \u00fe\u00e1 skelfast en eigi mig, l\u00e1ttu \u00f3lukkudaginn koma yfir \u00fe\u00e1 og \u00ed sundur sl\u00e1 \u00fe\u00e1 tvefaldlega.<\/p>\n<p>\tSo segir Drottinn til m\u00edn: Far burt og stattu \u00ed borgarhli\u00f0inu f\u00f3lksins um hvert \u00fea\u00f0 k\u00f3ngurinn J\u00fada gengur \u00fat og inn og \u00ed \u00f6llum borgarhli\u00f0um Jer\u00fasalem og seg \u00fe\u00fa til \u00feeirra: Heyri\u00f0 or\u00f0 Drottins, \u00fe\u00e9r k\u00f3ngar J\u00fada og \u00fe\u00e9r allir \u00fat \u00ed J\u00fada og allir innbyggjararnir \u00ed Jer\u00fasalem sem inngangi\u00f0 um \u00feessi borgarhli\u00f0! <span class=\"athugasemd\" title=\"Exo. xx. \/ Deut. xv.\">[<\/span> Svo segir Drottinn: Vari\u00f0 y\u00f0ur og beri\u00f0 \u00f6ngva byr\u00f0i \u00e1 \u00fevottdeginum og fremji\u00f0 ekki neitt erfi\u00f0i heldur haldi\u00f0 \u00fevottdaginn heilagan so sem \u00fea\u00f0 eg hefi bo\u00f0i\u00f0 y\u00f0ar forfe\u00f0rum. <span class=\"athugasemd\" title=\"\u00devottdagurinn\">[<\/span> En \u00feeir heyra \u00fea\u00f0 eigi og hneigja ekki s\u00edn eyru h\u00e9r til heldur bl\u00edfa \u00feeir har\u00f0sv\u00edra\u00f0ir svo a\u00f0 \u00feeir skuli ekki m\u00e9r heyra n\u00e9 l\u00e1ta sig lei\u00f0r\u00e9tta.<\/p>\n<p>\tEf a\u00f0 \u00fe\u00e9r heyri\u00f0 m\u00e9r, segir Drottinn, so a\u00f0 \u00fe\u00e9r beri\u00f0 \u00f6ngvan byr\u00f0ar\u00feunga \u00e1 \u00fevottdeginum \u00ed gegnum \u00feessi borgarhli\u00f0in heldur heilagan haldi\u00f0 \u00feann hinn sama so a\u00f0 \u00fe\u00e9r gj\u00f6ri\u00f0 ekki neitt verk \u00e1 \u00feeim sama degi, \u00fe\u00e1 skulu og einnin um \u00feessi sta\u00f0arportin ganga \u00fat og inn konungar og h\u00f6f\u00f0ingjar \u00feeir sem sitja \u00e1 Dav\u00ed\u00f0s st\u00f3li, r\u00ed\u00f0andi og rennandi b\u00e6\u00f0i \u00e1 v\u00f6gnum og hestum, \u00feeir sj\u00e1lfir og so \u00feeirra h\u00f6f\u00f0ingjar, me\u00f0 \u00f6llum \u00feeim sem b\u00faa \u00ed J\u00fada og Jer\u00fasalem. <span class=\"athugasemd\" title=\"Fyrirheit\">[<\/span> Og \u00feessi borg skal \u00fe\u00e1 byggjast \u00e6vinlegana og \u00feeir munu koma \u00fat af st\u00f6\u00f0unum J\u00fada og \u00feeim \u00f6\u00f0rum sem h\u00e9r liggja \u00ed kringum Jer\u00fasalem og \u00far Benjam\u00ednslandi, \u00far d\u00f6lunum og af fjallbygg\u00f0unum og af su\u00f0rinu, sem f\u00e6ra brennif\u00f3rnir, offranir, matoffur og reykelsi til \u00feess h\u00fassins Drottins.<\/p>\n<p>\tEn ef \u00fe\u00e9r heyri\u00f0 m\u00e9r ekki so \u00fea\u00f0 \u00fe\u00e9r helgan haldi\u00f0 \u00fevottdaginn og beri\u00f0 eigi neinn byr\u00f0ar\u00feunga inn um \u00feau borgarhli\u00f0in \u00ed Jer\u00fasalem \u00e1 \u00fevottdeginum, \u00fe\u00e1 vil eg uppkveikja einn eld \u00fat \u00ed hennar borgarhli\u00f0um s\u00e1 e\u00f0 forey\u00f0a skal \u00feeim h\u00fasunum \u00ed Jer\u00fasalem og hann skal ekki \u00fatsl\u00f6kktur ver\u00f0a. <span class=\"athugasemd\" title=\"H\u00f3tunar\u00f3gnun\">[<\/span><\/p>\n","protected":false},"excerpt":{"rendered":"<p>XVII. Syndin J\u00fada er me\u00f0 j\u00e1rnst\u00edli og me\u00f0 hv\u00f6ssum adamas skrifu\u00f0 og \u00fatgrafin \u00e1 \u00feeirra hjartans spj\u00f6ldum og upp \u00e1 \u00feeirra altarishornum so a\u00f0 \u00feeirra b\u00f6rnum skuli til hugar koma \u00feau \u00f6ltruin og runnarnir \u00ed hj\u00e1 \u00feeim bl\u00f3mgu\u00f0u trj\u00e1num upp \u00e1 h\u00e1bj\u00f6rgunum. En eg vil gefa \u00fe\u00ednar h\u00e6\u00f0ir, b\u00e6\u00f0i \u00e1 fj\u00f6llum og \u00e1 sl\u00e9ttlendino, me\u00f0 \u00f6llu \u00fe\u00ednu g\u00f3ssi og fj\u00e1rsj\u00f3\u00f0um til herfangs fyrir \u00feinna synda sakir sem \u00fe\u00fa hefur gj\u00f6rt innan allra \u00feinna landamerkja. Og \u00fe\u00fa skalt \u00fatrekin ver\u00f0a af \u00feinni arfleif\u00f0 sem eg gaf \u00fe\u00e9r og eg mun gj\u00f6ra \u00feig a\u00f0 \u00fer\u00e6li \u00f3vina \u00feinna \u00ed \u00fev\u00ed landinu sem \u00fe\u00fa <a href=\"https:\/\/biblian.is\/gudbrandsbiblia\/jeremia-17-kafli\/\"> [&#8230;]<\/a><\/p>\n","protected":false},"author":1,"featured_media":0,"parent":0,"menu_order":0,"comment_status":"open","ping_status":"open","template":"bibliukaflar.php","meta":{"footnotes":""},"class_list":["post-3457","page","type-page","status-publish","hentry"],"_links":{"self":[{"href":"https:\/\/biblian.is\/gudbrandsbiblia\/wp-json\/wp\/v2\/pages\/3457","targetHints":{"allow":["GET"]}}],"collection":[{"href":"https:\/\/biblian.is\/gudbrandsbiblia\/wp-json\/wp\/v2\/pages"}],"about":[{"href":"https:\/\/biblian.is\/gudbrandsbiblia\/wp-json\/wp\/v2\/types\/page"}],"author":[{"embeddable":true,"href":"https:\/\/biblian.is\/gudbrandsbiblia\/wp-json\/wp\/v2\/users\/1"}],"replies":[{"embeddable":true,"href":"https:\/\/biblian.is\/gudbrandsbiblia\/wp-json\/wp\/v2\/comments?post=3457"}],"version-history":[{"count":0,"href":"https:\/\/biblian.is\/gudbrandsbiblia\/wp-json\/wp\/v2\/pages\/3457\/revisions"}],"wp:attachment":[{"href":"https:\/\/biblian.is\/gudbrandsbiblia\/wp-json\/wp\/v2\/media?parent=3457"}],"curies":[{"name":"wp","href":"https:\/\/api.w.org\/{rel}","templated":true}]}}