{"id":3449,"date":"2017-12-18T18:33:40","date_gmt":"2017-12-18T18:33:40","guid":{"rendered":"http:\/\/biblian.is\/gudbrandsbiblia\/jeremia-9-kafli\/"},"modified":"2017-12-18T18:33:40","modified_gmt":"2017-12-18T18:33:40","slug":"jeremia-9-kafli","status":"publish","type":"page","link":"https:\/\/biblian.is\/gudbrandsbiblia\/jeremia-9-kafli\/","title":{"rendered":"Jerem\u00eda 9. kafli"},"content":{"rendered":"<p>IX.<\/p>\n<p>A, eg vilda eg hef\u00f0a n\u00f3g vatn \u00ed m\u00ednu h\u00f6f\u00f0i og \u00fea\u00f0 m\u00ednu augu v\u00e6ri ein t\u00e1rauppspretta so a\u00f0 eg m\u00e6tti gr\u00e1ta b\u00e6\u00f0i n\u00e6tur og daga \u00fe\u00e1 hinu \u00ed hel slegnu \u00e1 me\u00f0al m\u00edns f\u00f3lks! Eg vilda a\u00f0 eg hef\u00f0a eitt hreysi \u00e1 ey\u00f0im\u00f6rkinni, \u00fe\u00e1 skylda eg yfirgefa mitt f\u00f3lk og fara \u00ed burt fr\u00e1 \u00fev\u00ed \u00fev\u00ed a\u00f0 \u00feeir eru ekki utan h\u00f3rd\u00f3msmenn og einn \u00ferj\u00f3skusamlegur flokkur. \u00deeir skj\u00f3ta ekki utan lygunum me\u00f0 s\u00ednum tungum og \u00f6ngvan sannleika og \u00feeir veita yfirgang \u00ed landinu og ganga fr\u00e1 einu rangl\u00e6tinu til annars og skeyta m\u00e9r ekki, segir Drottinn.,<\/p>\n<p>\tS\u00e9rhver vari sig vi\u00f0 s\u00ednum vin og tr\u00fai eigi heldur s\u00ednum br\u00f3\u00f0ur \u00fev\u00ed a\u00f0 einn br\u00f3\u00f0urinn ni\u00f0ur\u00ferykkir hinn annan og einn vinurinn sv\u00edkur hinn annan, einn vinurinn hann prettar hinn annan og talar honum ekki eitt satt or\u00f0 til. \u00deeir eru kostg\u00e6fir um \u00fea\u00f0 hvernin a\u00f0 \u00feeir f\u00e1i sviki\u00f0 hver annan og \u00fea\u00f0 gj\u00f6rir \u00feeim mein a\u00f0 \u00feeir geta ekki gj\u00f6rt \u00fea\u00f0 enn verr. \u00dear er allavegana ekki utan fl\u00e1r\u00e6\u00f0i \u00e1 me\u00f0al \u00feeirra og fyrir svikr\u00e6\u00f0anna sakir \u00fe\u00e1 vilja \u00feeir ekki \u00feekkja mig, segir Drottinn.<\/p>\n<p>\t\u00dear fyrir segir Drottinn Seba\u00f3t so: Sj\u00e1 \u00fe\u00fa, eg vil smelta \u00fe\u00e1 og reyna \u00fe\u00e1. \u00dev\u00ed hva\u00f0 skal eg anna\u00f0 til gj\u00f6ra fyrst a\u00f0 mitt f\u00f3lk \u00fea\u00f0 pr\u00fd\u00f0ir sig so? \u00deeirra falslegar tungur eru dau\u00f0leg skeyti, me\u00f0ur s\u00ednum munni tala \u00feeir vinsamlegana til s\u00edns n\u00e1unga en \u00ed hjartanu \u00fe\u00e1 umsitja \u00feeir \u00feann hinn sama. Skylda eg ekki vitja \u00feess \u00e1 \u00feeim, segir Drottinn, skylda og ekki s\u00e1la m\u00edn hefna s\u00edn \u00e1 svoddan f\u00f3lki sem \u00feetta er?<\/p>\n<p>\tEg hl\u00fdt a\u00f0 gr\u00e1ta og kveina upp \u00e1 h\u00e1bj\u00f6rgunum og a\u00f0 \u00e1telja mig \u00ed hj\u00e1 fj\u00e1rh\u00fasunum \u00ed ey\u00f0im\u00f6rkinni \u00fea\u00f0 \u00feau eru so algj\u00f6rlega \u00ed ey\u00f0i l\u00f6g\u00f0 a\u00f0 \u00fear umgengur enginn lengur og ekki heyra menn \u00fear neitt hlj\u00f3\u00f0 f\u00e9na\u00f0arins, \u00fear eru b\u00e6\u00f0i fuglar loftsins og f\u00e9na\u00f0urinn allt saman \u00ed burtu. <span class=\"athugasemd\" title=\"S\u00e1l. lxxviiii. \/ M\u00edk. iii.\">[<\/span> Og eg vil gj\u00f6ra Jer\u00fasalem a\u00f0 einnri grj\u00f3thr\u00fagu og a\u00f0 einu drekab\u00e6li og eg vil \u00ed ey\u00f0ileggja borgirnar J\u00fada so a\u00f0 enginn skal b\u00faa \u00fear inni. Hver hann v\u00e6ri n\u00fa vitur og l\u00e9ti s\u00e9r \u00fea\u00f0 hjartst\u00e6tt vera og kunngj\u00f6r\u00f0i \u00fea\u00f0 hva\u00f0 er munnur Drottins segir til hans, hvar fyrir a\u00f0 landi\u00f0 mun fordjarfast og \u00ed ey\u00f0ileggjast l\u00edka sem \u00f6nnur \u00f3bygg\u00f0 \u00fear e\u00f0 enginn umgengur.<\/p>\n<p>\tOg Drottinn sag\u00f0i: \u00dear fyrir a\u00f0 \u00feeir forl\u00e1ta mitt l\u00f6gm\u00e1l sem eg gaf \u00feeim og hl\u00fd\u00f0a ei m\u00ednu m\u00e1li og lifa ei \u00fear eftir heldur eftirfylgja s\u00ednum sj\u00e1lfs hjartans hug\u00feokka og Baal svo sem \u00feeirra fe\u00f0ur kenndu \u00feeim, \u00fear fyrir segir Drottinn Seba\u00f3t, Gu\u00f0 \u00cdsraels so: Sj\u00e1 \u00fe\u00fa, eg vil f\u00e6\u00f0a f\u00f3lk \u00feetta me\u00f0 beiskri grasajurt og gefa \u00fev\u00ed gall a\u00f0 drekka. Eg vil \u00fattv\u00edstra \u00feeim \u00e1 me\u00f0al hei\u00f0ingjanna hverja \u00fea\u00f0 hvorki \u00feeir n\u00e9 \u00feeirra fe\u00f0ur \u00feekktu og eg vil senda sver\u00f0i\u00f0 \u00e1 bak til vi\u00f0 \u00fe\u00e1 \u00feanga\u00f0 til a\u00f0 \u00feeir eru foreyddir.<\/p>\n<p>\tSo segir Drottinn Seba\u00f3t: \u00datvegi\u00f0 og tilsetji\u00f0 harmakonur a\u00f0 \u00fe\u00e6r komi og sendi\u00f0 eftir \u00feeim sem \u00fea\u00f0 vel kunna a\u00f0 harma oss skyndilega so a\u00f0 vor augu megi flj\u00f3ta \u00ed t\u00e1rum og vorar augnabr\u00e1r renna \u00ed vatni so a\u00f0 menn megi vel herya eitt s\u00e1rgr\u00e6tilegt \u00f3p \u00ed S\u00edon me\u00f0 \u00feessum h\u00e6tti: &#8222;Av\u00ed, hvernin erum v\u00e9r so me\u00f0 \u00f6llu \u00ed ey\u00f0i lag\u00f0ir og til skammar vor\u00f0nir? V\u00e9r hlj\u00f3tum landi\u00f0 a\u00f0 r\u00fdma \u00fev\u00ed a\u00f0 \u00feeir nafa ni\u00f0urbroti\u00f0 vora b\u00fasta\u00f0i.&#8220; Svo heyri\u00f0 n\u00fa, \u00fe\u00e9r kvinnur, or\u00f0i\u00f0 Drottins og l\u00e1ti\u00f0 y\u00f0ur \u00fea\u00f0 m\u00e1li\u00f0 hans munns \u00ed eyrum lo\u00f0a. Kenni\u00f0 y\u00f0rum d\u00e6trum a\u00f0 gr\u00e1ta og hver kenni annarri harm a\u00f0 bera, einkum so: &#8222;Dau\u00f0inn er innfalinn um vor vindaugu og kominn \u00ed vor herbergi til a\u00f0 drepa b\u00f6rnin \u00e1 g\u00f6tunni og ungmennin \u00e1 str\u00e6tunum.&#8220; So segir Drottinn: Seg \u00fe\u00fa \u00fea\u00f0 mannanna l\u00edkamir skulu liggja so sem a\u00f0rar ta\u00f0hr\u00fagur \u00e1 t\u00fanv\u00f6llum og so sem heym\u00fagar eftir sl\u00e1ttumanninum \u00fe\u00e1 enginn upptekur.<\/p>\n<p>\tSo segir Drottinn: <span class=\"athugasemd\" title=\"i. Cor. i. \/ ii. Cor. x.\">[<\/span> Hinn v\u00edsi hr\u00f3si s\u00e9r ekki af s\u00ednum v\u00edsd\u00f3mi, hinn \u00f6flugi hr\u00f3si s\u00e9r ekki af s\u00ednu afli, hinn r\u00edki hr\u00f3si s\u00e9r ekki af s\u00ednum r\u00edkd\u00f3mi heldur hver e\u00f0 s\u00e9r vill hr\u00f3sa hann hr\u00f3si s\u00e9r af \u00fev\u00ed a\u00f0 hann viti og \u00feekki \u00fea\u00f0 eg s\u00e9 Drottinn s\u00e1 sem a\u00f0 gj\u00f6rir miskunnsemina, d\u00f3minn og r\u00e9ttv\u00edsina \u00e1 j\u00f6r\u00f0u. \u00dev\u00ed a\u00f0 sovddan \u00fe\u00f3knast m\u00e9r, segir Drottinn.<\/p>\n<p>\tSj\u00e1 \u00fe\u00fa, t\u00edminn kemur, segir Drottinn, \u00fea\u00f0 eg mun alla heims\u00e6kja, svo \u00feann umskorna sem hinn \u00f3umskorna, sem er egypska, J\u00fada, Ed\u00f3m, Amm\u00f3nssonu, M\u00f3ab og alla \u00fe\u00e1 sem b\u00faa \u00fat \u00ed lands\u00e1lfum ey\u00f0imarkarinnar. \u00dev\u00ed a\u00f0 allir hei\u00f0ingjar \u00feeir hafa \u00f3umskorna yfirh\u00fa\u00f0 en allt \u00cdsraels h\u00fas hefur \u00f3umskorin hj\u00f6rtu.<\/p>\n","protected":false},"excerpt":{"rendered":"<p>IX. A, eg vilda eg hef\u00f0a n\u00f3g vatn \u00ed m\u00ednu h\u00f6f\u00f0i og \u00fea\u00f0 m\u00ednu augu v\u00e6ri ein t\u00e1rauppspretta so a\u00f0 eg m\u00e6tti gr\u00e1ta b\u00e6\u00f0i n\u00e6tur og daga \u00fe\u00e1 hinu \u00ed hel slegnu \u00e1 me\u00f0al m\u00edns f\u00f3lks! Eg vilda a\u00f0 eg hef\u00f0a eitt hreysi \u00e1 ey\u00f0im\u00f6rkinni, \u00fe\u00e1 skylda eg yfirgefa mitt f\u00f3lk og fara \u00ed burt fr\u00e1 \u00fev\u00ed \u00fev\u00ed a\u00f0 \u00feeir eru ekki utan h\u00f3rd\u00f3msmenn og einn \u00ferj\u00f3skusamlegur flokkur. \u00deeir skj\u00f3ta ekki utan lygunum me\u00f0 s\u00ednum tungum og \u00f6ngvan sannleika og \u00feeir veita yfirgang \u00ed landinu og ganga fr\u00e1 einu rangl\u00e6tinu til annars og skeyta m\u00e9r ekki, segir Drottinn., S\u00e9rhver vari <a href=\"https:\/\/biblian.is\/gudbrandsbiblia\/jeremia-9-kafli\/\"> [&#8230;]<\/a><\/p>\n","protected":false},"author":1,"featured_media":0,"parent":0,"menu_order":0,"comment_status":"open","ping_status":"open","template":"bibliukaflar.php","meta":{"footnotes":""},"class_list":["post-3449","page","type-page","status-publish","hentry"],"_links":{"self":[{"href":"https:\/\/biblian.is\/gudbrandsbiblia\/wp-json\/wp\/v2\/pages\/3449","targetHints":{"allow":["GET"]}}],"collection":[{"href":"https:\/\/biblian.is\/gudbrandsbiblia\/wp-json\/wp\/v2\/pages"}],"about":[{"href":"https:\/\/biblian.is\/gudbrandsbiblia\/wp-json\/wp\/v2\/types\/page"}],"author":[{"embeddable":true,"href":"https:\/\/biblian.is\/gudbrandsbiblia\/wp-json\/wp\/v2\/users\/1"}],"replies":[{"embeddable":true,"href":"https:\/\/biblian.is\/gudbrandsbiblia\/wp-json\/wp\/v2\/comments?post=3449"}],"version-history":[{"count":0,"href":"https:\/\/biblian.is\/gudbrandsbiblia\/wp-json\/wp\/v2\/pages\/3449\/revisions"}],"wp:attachment":[{"href":"https:\/\/biblian.is\/gudbrandsbiblia\/wp-json\/wp\/v2\/media?parent=3449"}],"curies":[{"name":"wp","href":"https:\/\/api.w.org\/{rel}","templated":true}]}}