{"id":3442,"date":"2017-12-18T18:33:40","date_gmt":"2017-12-18T18:33:40","guid":{"rendered":"http:\/\/biblian.is\/gudbrandsbiblia\/jeremia-2-kafli\/"},"modified":"2017-12-18T18:33:40","modified_gmt":"2017-12-18T18:33:40","slug":"jeremia-2-kafli","status":"publish","type":"page","link":"https:\/\/biblian.is\/gudbrandsbiblia\/jeremia-2-kafli\/","title":{"rendered":"Jerem\u00eda 2. kafli"},"content":{"rendered":"<p>II.<\/p>\n<p>Heyri\u00f0 or\u00f0 Drottins, \u00fe\u00e9r af h\u00fasi Jakobs og \u00fe\u00e9r allar kynkv\u00edslir af h\u00fasi \u00cdsraels. <span class=\"athugasemd\" title=\"Hann fram telur Gu\u00f0s velgj\u00f6rninga og \u00fear \u00ed gegn syndir f\u00f3lksins\">[<\/span> So segir Drottinn: Hvern brest hafa y\u00f0rir forfe\u00f0ur fundi\u00f0 \u00e1 m\u00e9r a\u00f0 \u00feeir \u00ed burt viku so fr\u00e1 m\u00e9r og \u00e1hengu \u00feeim \u00f3n\u00fdtum afgu\u00f0um af \u00feeim \u00fe\u00f3 er \u00feeir \u00f6\u00f0lu\u00f0ust ekki neitt og hugleiddu \u00fea\u00f0 ekki n\u00e9 einu sinni: Hvar er s\u00e1 Drottinn sem oss hefur \u00fatflutt af Egyptalandi og lei\u00f0toga\u00f0 oss \u00ed \u00feeirri ey\u00f0im\u00f6rkinni, \u00e1 \u00feeim \u00f3vegunum og aur\u00e6funum, \u00ed \u00fev\u00ed myrkva \u00feurrlandinu, \u00ed \u00fev\u00ed landinu sem enginn fer yfir og enginn ma\u00f0ur innib\u00fdr?<\/p>\n<p>\tOg eg flutti y\u00f0ur inn \u00ed eitt gott land so a\u00f0 \u00fe\u00e9r skyldu\u00f0 neyta \u00feess \u00e1vaxtar og landg\u00e6\u00f0a. Og \u00fe\u00e1 a\u00f0 \u00fe\u00e9r komu\u00f0 \u00fear inn saurgu\u00f0u\u00f0 \u00fe\u00e9r mitt land og gj\u00f6r\u00f0u\u00f0 m\u00edna arfleif\u00f0 a\u00f0 sv\u00edvir\u00f0ingu. Prestarnir hugsu\u00f0u eigi \u00fea\u00f0: &#8222;Hvar er Drottinn?&#8220; og \u00feeir hinir vel l\u00e6r\u00f0u skeyttu ekki um mig og hir\u00f0arnir \u00ed burt leiddu f\u00f3lki\u00f0 fr\u00e1 m\u00e9r og prophetarnir sp\u00e1\u00f0u \u00fat af Baal og \u00e1hengu \u00feeim \u00f3n\u00fdtum afgu\u00f0um.<\/p>\n<p>\tEg hl\u00fdt allt jafnt a\u00f0 \u00fer\u00e1tta vi\u00f0 y\u00f0ur og vi\u00f0 y\u00f0ar barnab\u00f6rn, segir Drottinn. <span class=\"athugasemd\" title=\"Jer. iy.\">[<\/span> Fari\u00f0 burt \u00ed \u00fe\u00e6r eyjarnar Kit\u00edm og hyggi\u00f0 a\u00f0 og sendi\u00f0 til Kedar og merki\u00f0 me\u00f0 athygli og g\u00e6ti\u00f0 a\u00f0 \u00fev\u00ed hvort a\u00f0 \u00fear gengur so til og hvort \u00fea\u00f0 hinir hei\u00f0nu gj\u00f6ra umskipti \u00e1 s\u00ednum gu\u00f0um \u00fe\u00f3 a\u00f0 \u00fea\u00f0 s\u00e9 ekki neinir gu\u00f0ir? <span class=\"athugasemd\" title=\"Kit\u00edm \/ Kedar\">[<\/span> Og mitt f\u00f3lk hefur \u00fe\u00f3 umskipt sinni <span class=\"athugasemd\" title=\"a \/ D\u00fdr\u00f0) \/ \u00dea\u00f0 er, s\u00ednum gu\u00f0um\">[<\/span> d\u00fdr\u00f0 \u00ed einn \u00f3n\u00fdtan afgu\u00f0, fyrir hvorjum \u00fea\u00f0 himinninn m\u00e6tti \u00fe\u00f3 gr\u00faa og hr\u00e6\u00f0ast og skelfast, segir Drottinn. \u00dev\u00ed a\u00f0 mitt f\u00f3lk \u00fea\u00f0 gj\u00f6rir eina tvefalda synd: Mig \u00feann hinn lifanda brunninn yfirgefa \u00feeir og gj\u00f6ra s\u00e9r h\u00e9r og \u00fear \u00fath\u00f6ggna brunna hverjir \u00f6ngu vatni halda og ekkert vatn af s\u00e9r gefa.<\/p>\n<p>\tHvert er \u00fe\u00e1 \u00cdsrael einn \u00fej\u00f3n e\u00f0ur einn \u00fer\u00e6ll \u00fea\u00f0 hann hl\u00fdtur a\u00f0 vera hvers manns herfang? \u00dev\u00ed a\u00f0 le\u00f3nin grenja yfir honum og rymja fast og forey\u00f0a hans land og uppbrenna hans borgir so a\u00f0 enginn b\u00fai \u00fear inni. A\u00f0 auk \u00feessa \u00fe\u00e1 sundursl\u00e1 \u00feeir af N\u00f3f og Taphanhes \u00feitt h\u00f6fu\u00f0. Svodda \u00fe\u00e1 gj\u00f6rir \u00fe\u00fa \u00fe\u00e9r sj\u00e1lfur af \u00fev\u00ed \u00fe\u00fa yfirgefur Drottin Gu\u00f0 \u00feinn svo oft sem \u00fea\u00f0 hann vill lei\u00f0a \u00feig \u00e1 r\u00e9ttan veg.<\/p>\n<p>\tHva\u00f0 hj\u00e1lpar \u00fea\u00f0 \u00fe\u00e9r a\u00f0 \u00fe\u00fa fer \u00ed Egyptaland og vilt <span class=\"athugasemd\" title=\"b \/ Drekka) \/ \u00dea\u00f0 er, a\u00f0 leita styrks \u00e1n Gu\u00f0s hj\u00e1 fara\u00f3 k\u00f3ngi og Ass\u00far\">[<\/span> drekka \u00fea\u00f0 vatni\u00f0 S\u00edhor? Og hva\u00f0 hj\u00e1lpar \u00fea\u00f0 \u00fe\u00e9r a\u00f0 \u00fe\u00fa fer burt \u00ed Assyriam og vilt drekka \u00fea\u00f0 vatni\u00f0 Euphrates? \u00dev\u00ed veldur \u00fe\u00edn illgirni a\u00f0 \u00fe\u00fa ver\u00f0ur so h\u00fa\u00f0str\u00fdktur og \u00fe\u00edn \u00f3hl\u00fd\u00f0ni a\u00f0 \u00fe\u00fa \u00feannin straffast. So hl\u00fdtur \u00fe\u00fa n\u00fa me\u00f0 \u00feessu f\u00e1 a\u00f0 vita og formerkja hverja eymd og hjartans angur \u00fea\u00f0 gj\u00f6rir a\u00f0 yfirgefa Drottin Gu\u00f0 \u00feinn og a\u00f0 \u00f3ttast hann ekki, segir Drottinn Drottinn Seba\u00f3t. <\/p>\n<p>\t\u00dev\u00ed a\u00f0 \u00fe\u00fa hefur allt jafnt \u00feitt ok \u00ed sundurbroti\u00f0 og \u00fe\u00edn b\u00f6n \u00ed sundursliti\u00f0 og sagt so: Eg vil ekki \u00feannin undirgefinn vera, heldur hlj\u00f3pstu upp \u00e1 allar h\u00e1var upph\u00e6\u00f0ir og undir \u00f6ll bl\u00f3mgu\u00f0 tr\u00e9 eftir <span class=\"athugasemd\" title=\"c \/ H\u00f3raninni) \/ H\u00f3r e\u00f0ur h\u00f3rd\u00f3mur kallast sk\u00fargo\u00f0ad\u00fdrkan \/ Jere. iy. \/ Esa. v. \/ Matth. xvi.\">[<\/span> h\u00f3raninni. En eg haf\u00f0a \u00feig \u00fatsett til eins s\u00e6tleiks v\u00ednvi\u00f0ar, eitt n\u00e6sta r\u00e9ttilegt s\u00e6\u00f0i. Hvernin ertu \u00fe\u00e1 vor\u00f0in fyrir m\u00e9r einn beiskur villisk\u00f3garv\u00ednvi\u00f0ur?<\/p>\n<p>\tOg n\u00e6r e\u00f0 \u00fe\u00fa \u00fev\u00e6gir \u00feig enn n\u00fa me\u00f0 l\u00fat og t\u00e6kir \u00fear mikla s\u00e1pu til \u00fe\u00e1 birtist \u00fe\u00f3 \u00feess meir \u00fe\u00edn \u00f3dygg\u00f0 fyrir m\u00e9r, segir Drottinn Drottinn. Hvernin dirfist \u00fe\u00fa \u00fe\u00e1 a\u00f0 segja: &#8222;Eg er eigi saurugur, eg \u00e1heng ekki Baal\u00edm.&#8220; Hygg a\u00f0 \u00fev\u00ed hva\u00f0 \u00fe\u00fa hefst a\u00f0 \u00ed dalnum og hugleittu a\u00f0 hvernin \u00fe\u00fa hefur \u00fev\u00ed af sta\u00f0 komi\u00f0. \u00de\u00fa hleypur um kring sem \u00f6nnur \u00fafaldsfylja \u00ed brunnt\u00ed\u00f0 og so sem anna\u00f0 sk\u00f3gd\u00fdr er vant \u00ed ey\u00f0im\u00f6rkinni n\u00e6r e\u00f0 \u00fea\u00f0 er \u00e1l\u00e6gta og r\u00ed\u00f0ur uppi af miklum ofurbruna so a\u00f0 enginn f\u00e6r \u00fev\u00ed \u00fe\u00e1 aftur haldi\u00f0. Hver e\u00f0 \u00fea\u00f0 vill vita s\u00e1 \u00fearf eigi langt a\u00f0 leita, \u00e1 hv\u00edldardeginum s\u00e9st \u00fea\u00f0 vel.<\/p>\n<p>\tK\u00e6ri, st\u00f6\u00f0va \u00feig og hlaup \u00feig ekki so m\u00f3\u00f0an. En \u00fe\u00fa segir: &#8222;Eg f\u00e6 \u00feess ekki \u00e1n veri\u00f0, eg hl\u00fdt vi\u00f0ur \u00fe\u00e1 hinu annarlegu \u00e1st a\u00f0 leggja og eftir \u00feeim a\u00f0 hlaupa.&#8220; L\u00edka sem annar \u00fej\u00f3fur hann ver\u00f0ur til skammar n\u00e6r e\u00f0 hann ver\u00f0ur gripinn eins l\u00edka so \u00fe\u00e1 mun \u00cdsraels h\u00fas til skammar ver\u00f0a \u00e1samt me\u00f0 s\u00ednum k\u00f3ngum, h\u00f6f\u00f0ingjum, prestum og prophetum, \u00feeir e\u00f0 til tr\u00e9sins segja: &#8222;\u00de\u00fa ert minn fa\u00f0ir&#8220; og til steinsins: &#8222;\u00de\u00fa hefur f\u00e6ddan mig.&#8220; \u00dev\u00ed \u00feeir sn\u00faa bakinu vi\u00f0 m\u00e9r og ekki andlitinu en n\u00e6r e\u00f0 nokkur nau\u00f0 yfir gengur \u00fe\u00e1 segja \u00feeir: &#8222;Upp, \u00fe\u00fa, og hj\u00e1lpa oss!&#8220; En hvar eru \u00fe\u00e1 \u00fe\u00ednir gu\u00f0ir sem \u00fe\u00fa hefur gj\u00f6rt \u00fe\u00e9r? Skipa \u00feeim upp a\u00f0 standa, l\u00e1ttu sj\u00e1 hvort a\u00f0 \u00feeir kunna a\u00f0 hj\u00e1lpa \u00fe\u00e9r \u00ed nau\u00f0inni. \u00dev\u00ed a\u00f0 so margar sem borgirnar eru svo margan gu\u00f0 hefur \u00fe\u00fa, J\u00fada.<\/p>\n<p>\tHvert vilji \u00fe\u00e9r enn hafa r\u00e9tt \u00e1 m\u00f3ti m\u00e9r? \u00de\u00e9r eru\u00f0 allir fr\u00e1 m\u00e9r affallnir, segir Drottinn. Allar \u00e1kl\u00f6gur vi\u00f0 y\u00f0ar b\u00f6rn eru til forgefins \u00fev\u00ed \u00feau l\u00e1ta \u00fe\u00f3 ei heldur mennta sig af \u00fev\u00ed a\u00f0 y\u00f0vart sver\u00f0 uppsvelgir einnin l\u00edka y\u00f0ar propheta so sem anna\u00f0 grimmdafullt le\u00f3n. \u00de\u00fa hin vonda <span class=\"athugasemd\" title=\"a \/ (\u00e6tt)\">[<\/span> tegund, g\u00e6ttu a\u00f0 or\u00f0i Drottins: Hvort er eg vor\u00f0in \u00cdsrael til einnrar ey\u00f0imerkur e\u00f0ur til eins ey\u00f0ilands? Hvar fyrir segir \u00fe\u00e1 mitt f\u00f3lk: &#8222;V\u00e9r erum yfirherrarnir og megum ei hlaupa eftir \u00fe\u00e9r&#8220;? Ein j\u00f3mfr\u00fa forgleymir ei s\u00ednu skarti og eigi heldur ein br\u00fa\u00f0ur s\u00ednu h\u00f6fu\u00f0silfri en mitt f\u00f3lk \u00fea\u00f0 forgleymir m\u00e9r \u00e6vinlegana.<\/p>\n<p>\tHvar fyrir pr\u00fd\u00f0ir \u00fe\u00fa \u00feinn gj\u00f6rning so mj\u00f6g a\u00f0 eg skuli \u00fe\u00e9r miskunnsamur vera? Undir \u00fev\u00edl\u00edku fegur\u00f0aryfirvarpi \u00fe\u00e1 fremur \u00fe\u00fa \u00e6 \u00feess meiri illgirni. \u00dear a\u00f0 auk \u00fe\u00e1 finnst einnin hj\u00e1 \u00fe\u00e9r bl\u00f3\u00f0i\u00f0 f\u00e1t\u00e6kra og saklausra s\u00e1lna \u00ed \u00f6llum st\u00f6\u00f0um og er ei heim\u00f6glegana heldur opinberlegana \u00ed \u00feeim s\u00f6mum st\u00f6\u00f0unum. \u00de\u00f3 segir \u00fe\u00fa samt: &#8222;Eg er saklaus, hann sn\u00fai sinni rei\u00f0i \u00ed fr\u00e1 m\u00e9r.&#8220; Sj\u00e1 \u00fe\u00fa, eg vil ganga \u00ed d\u00f3m vi\u00f0 \u00feig um \u00fea\u00f0 a\u00f0 \u00fe\u00fa segir: &#8222;Eg hefi ekki syndgast.&#8220;<\/p>\n<p>\tHvar fyrir skeikar \u00fe\u00fa so viljanlega og dettur so hinga\u00f0 og \u00feanga\u00f0? En af Egyptalandi muntu til skammar ver\u00f0a so sem a\u00f0 \u00fe\u00fa ert af Assyria til hneykslunar vor\u00f0in. \u00dev\u00ed a\u00f0 \u00fe\u00fa hl\u00fdtur einnin \u00ed burt \u00fea\u00f0an a\u00f0 fara og sl\u00e1 \u00fe\u00ednum h\u00f6ndum til samans yfir \u00fe\u00ednu h\u00f6f\u00f0i. \u00dev\u00ed a\u00f0 Drottinn mun l\u00e1ta \u00fe\u00e1 \u00fe\u00edna von breg\u00f0ast og \u00ed hj\u00e1 \u00feeim m\u00f6nnum \u00fe\u00e9r ekki neitt vel lukkast og segir: N\u00e6r e\u00f0 ma\u00f0urinn l\u00e6tur skilja sig vi\u00f0 s\u00ednar eignarkonu og h\u00fan fer \u00ed burt fr\u00e1 honum og tekur einn annan mann, \u00feorir hann \u00fe\u00e1 nokku\u00f0 a\u00f0 taka vi\u00f0 henni aftur? Er eigi so a\u00f0 \u00fe\u00e1 yr\u00f0i landi\u00f0 saurga\u00f0? En \u00fe\u00fa hefur h\u00f3ranir dr\u00fdgt me\u00f0 m\u00f6rgum elskhuga \u0096 \u00fe\u00e1 kom aftur til m\u00edn, segir Drottinn.<\/p>\n<p>\tUpplyftu \u00fe\u00ednum augum til \u00feeirra h\u00e6\u00f0anna og g\u00e6t a\u00f0 \u00fev\u00ed hvernin \u00fe\u00fa dr\u00fdg\u00f0ir h\u00f3ranir alla vegana. Vi\u00f0 veginn situr \u00fe\u00fa og tekur vara \u00e1 \u00feeim l\u00edka sem einn Arabiar \u00ed ey\u00f0im\u00f6rku og saurgar so landi\u00f0 me\u00f0ur \u00feinni h\u00f3ran og illsku. \u00dear fyrir skal og einnin morgunregni\u00f0 \u00ed burt takast og ei neinar kveldsk\u00farir koma. \u00de\u00fa hefur einnrar h\u00f3rkonu yfirlit og \u00fe\u00fa vilt eigi lengur \u00fe\u00edn skammast og kallar \u00fe\u00f3 l\u00edka samt til m\u00edn: &#8222;K\u00e6ri fa\u00f0ir, \u00fe\u00fa meistari m\u00edns ungd\u00f3ms. Viltu \u00feannin rei\u00f0ast all\u00e6vina og l\u00e1ta eigi af \u00feeirri grimmdarheiftinni?&#8220; Sj\u00e1 \u00fe\u00fa, \u00fe\u00fa kennir og gj\u00f6rir illa og l\u00e6tur ekki r\u00e1\u00f0a vi\u00f0 \u00feig.<\/p>\n","protected":false},"excerpt":{"rendered":"<p>II. Heyri\u00f0 or\u00f0 Drottins, \u00fe\u00e9r af h\u00fasi Jakobs og \u00fe\u00e9r allar kynkv\u00edslir af h\u00fasi \u00cdsraels. [ So segir Drottinn: Hvern brest hafa y\u00f0rir forfe\u00f0ur fundi\u00f0 \u00e1 m\u00e9r a\u00f0 \u00feeir \u00ed burt viku so fr\u00e1 m\u00e9r og \u00e1hengu \u00feeim \u00f3n\u00fdtum afgu\u00f0um af \u00feeim \u00fe\u00f3 er \u00feeir \u00f6\u00f0lu\u00f0ust ekki neitt og hugleiddu \u00fea\u00f0 ekki n\u00e9 einu sinni: Hvar er s\u00e1 Drottinn sem oss hefur \u00fatflutt af Egyptalandi og lei\u00f0toga\u00f0 oss \u00ed \u00feeirri ey\u00f0im\u00f6rkinni, \u00e1 \u00feeim \u00f3vegunum og aur\u00e6funum, \u00ed \u00fev\u00ed myrkva \u00feurrlandinu, \u00ed \u00fev\u00ed landinu sem enginn fer yfir og enginn ma\u00f0ur innib\u00fdr? Og eg flutti y\u00f0ur inn \u00ed eitt gott land <a href=\"https:\/\/biblian.is\/gudbrandsbiblia\/jeremia-2-kafli\/\"> [&#8230;]<\/a><\/p>\n","protected":false},"author":1,"featured_media":0,"parent":0,"menu_order":0,"comment_status":"open","ping_status":"open","template":"bibliukaflar.php","meta":{"footnotes":""},"class_list":["post-3442","page","type-page","status-publish","hentry"],"_links":{"self":[{"href":"https:\/\/biblian.is\/gudbrandsbiblia\/wp-json\/wp\/v2\/pages\/3442","targetHints":{"allow":["GET"]}}],"collection":[{"href":"https:\/\/biblian.is\/gudbrandsbiblia\/wp-json\/wp\/v2\/pages"}],"about":[{"href":"https:\/\/biblian.is\/gudbrandsbiblia\/wp-json\/wp\/v2\/types\/page"}],"author":[{"embeddable":true,"href":"https:\/\/biblian.is\/gudbrandsbiblia\/wp-json\/wp\/v2\/users\/1"}],"replies":[{"embeddable":true,"href":"https:\/\/biblian.is\/gudbrandsbiblia\/wp-json\/wp\/v2\/comments?post=3442"}],"version-history":[{"count":0,"href":"https:\/\/biblian.is\/gudbrandsbiblia\/wp-json\/wp\/v2\/pages\/3442\/revisions"}],"wp:attachment":[{"href":"https:\/\/biblian.is\/gudbrandsbiblia\/wp-json\/wp\/v2\/media?parent=3442"}],"curies":[{"name":"wp","href":"https:\/\/api.w.org\/{rel}","templated":true}]}}