{"id":3441,"date":"2017-12-18T18:33:40","date_gmt":"2017-12-18T18:33:40","guid":{"rendered":"http:\/\/biblian.is\/gudbrandsbiblia\/jeremia-1-kafli\/"},"modified":"2017-12-18T18:33:40","modified_gmt":"2017-12-18T18:33:40","slug":"jeremia-1-kafli","status":"publish","type":"page","link":"https:\/\/biblian.is\/gudbrandsbiblia\/jeremia-1-kafli\/","title":{"rendered":"Jerem\u00eda 1. kafli"},"content":{"rendered":"<p>Prophetinn Jeremias <\/p>\n<p>Fyrsti kap\u00edtuli<\/p>\n<p>\u00deessar eru \u00fe\u00e6r gj\u00f6r\u00f0ir Jeremie sonar Hilk\u00eda \u00fat af \u00feeim kennim\u00f6nnum til Anat\u00f3t \u00ed Benjam\u00ednslandi, til hvers a\u00f0 ske\u00f0i or\u00f0 Drottins \u00e1 d\u00f6gum J\u00f3s\u00eda sonar Am\u00f3n k\u00f3ngsins J\u00fada, \u00e1 \u00fev\u00ed hinu \u00ferett\u00e1nda \u00e1ri hans r\u00edkis, og \u00fear eftir \u00e1 \u00e1 d\u00f6gum k\u00f3ngsins J\u00fada J\u00f3ak\u00edms sonar J\u00f3s\u00eda, allt til enda \u00feess ellefta \u00e1rsins Sedek\u00eda sonar J\u00f3s\u00eda k\u00f3ngsins J\u00fada, allt til herlei\u00f0ingar Jer\u00fasalem \u00e1 \u00feeim fimmta m\u00e1na\u00f0i. <span class=\"athugasemd\" title=\"Jeremias h\u00f3f upp s\u00edna pr\u00e9dikun \u00e1 \u00ferett\u00e1nda \u00e1ri J\u00f3s\u00eda, sex hundru\u00f0 og sj\u00f6 \u00e1rum fyrir hinga\u00f0bur\u00f0 Christi og sp\u00e1\u00f0i allt fram yfir \u00fe\u00e1 bab\u00fdlonesku herlei\u00f0ing\">[<\/span><\/p>\n<p>\tOg or\u00f0 Drottins \u00fea\u00f0 ske\u00f0i til m\u00edn og sag\u00f0i: &#8222;Eg \u00feekkta \u00feig \u00e1\u00f0ur en eg tilbj\u00f3 \u00feig \u00ed m\u00f3\u00f0url\u00edfi og \u00fatvalda \u00feig fyrr en \u00fe\u00fa vart f\u00e6ddur af m\u00f3\u00f0urinni og setti \u00feig til sp\u00e1manns \u00e1 me\u00f0al f\u00f3lksins.&#8220;<\/p>\n<p>\t En eg sag\u00f0i: &#8222;\u00d3h\u00f3 Drottinn Drottinn, eg dugi ekki til a\u00f0 pr\u00e9dika \u00fea\u00f0 eg er so ungur.&#8220; En Drottinn sag\u00f0i til m\u00edn: &#8222;Seg \u00fe\u00fa eigi: Eg er so ungur, heldur \u00fe\u00e1 skaltu fara burt \u00feanga\u00f0 sem eg sendi \u00feig og pr\u00e9dika \u00fea\u00f0 hva\u00f0 eg b\u00fd\u00f0 \u00fe\u00e9r. Vert ekki hr\u00e6ddur vi\u00f0 \u00fe\u00e1 \u00fea\u00f0 eg em \u00ed hj\u00e1 \u00fe\u00e9r og eg vil frelsa \u00feig, segir Drottinn.&#8220; Og Drottinn r\u00e9tti \u00fat s\u00edna h\u00f6nd og \u00e1hr\u00e6r\u00f0i minn munn og sag\u00f0i til m\u00edn: &#8222;Sj\u00e1 \u00fe\u00fa, eg legg m\u00edn or\u00f0 \u00ed \u00feinn munn. Sj\u00e1 \u00fe\u00fa, a\u00f0 eg set \u00feig \u00e1 \u00feessum degi yfir \u00fej\u00f3\u00f0ir og k\u00f3ngar\u00edki so a\u00f0 \u00fe\u00fa skalt upp sl\u00edta, \u00ed sundurbrj\u00f3ta, \u00ed <span class=\"athugasemd\" title=\"a \/ ey\u00f0ileggja) \/ ekki me\u00f0 valdi n\u00e9 bardaga heldur me\u00f0 pr\u00e9dikun og fyrirs\u00f6gn\">[<\/span> ey\u00f0i leggja og fordjarfa og einnin l\u00edka uppbyggja og gr\u00f3\u00f0setja.&#8220;<\/p>\n<p>\tOg or\u00f0 Drottins \u00fea\u00f0 ske\u00f0i til m\u00edn og sag\u00f0i: &#8222;Jerem\u00eda, hva\u00f0 s\u00e9r \u00fe\u00fa?&#8220; Eg sag\u00f0i: &#8222;Eg s\u00e9 einn vakandi staf.&#8220; Og Drottinn sag\u00f0i til m\u00edn: &#8222;\u00dea\u00f0 hefur \u00fe\u00fa r\u00e9tt s\u00e9\u00f0 \u00fev\u00ed a\u00f0 eg vil vakandi vera yfir m\u00ednu or\u00f0i so a\u00f0 eg fullgj\u00f6ri \u00fea\u00f0.&#8220; Og or\u00f0 Drottins \u00fea\u00f0 ske\u00f0i til m\u00edn enn \u00ed anna\u00f0 sinn og sag\u00f0i: &#8222;Hva\u00f0 s\u00e9r \u00fe\u00fa?&#8220; Eg sag\u00f0i: &#8222;Eg s\u00e9 einn sj\u00f3\u00f0anda pott af nor\u00f0rinu.&#8220; Og Drottinn sag\u00f0i til m\u00edn: &#8222;Af nor\u00f0rinu mun koma s\u00fa \u00f3lukkan yfir alla \u00fe\u00e1 sem \u00ed landinu b\u00faa. \u00dev\u00ed a\u00f0 sj\u00e1 \u00fe\u00fa, eg vil til samans kalla alla h\u00f6f\u00f0ingjana \u00fat \u00ed \u00feeim k\u00f3ngar\u00edkjunum m\u00f3ti nor\u00f0rinu, segir Drottinn, so a\u00f0 \u00feeir skulu koma og setja s\u00edna st\u00f3la fyrir borgarhli\u00f0unum til Jer\u00fasalem og umhverfis kringum m\u00farveggina og fyrir \u00f6llum st\u00f6\u00f0unum \u00ed J\u00fada. Og eg vil l\u00e1ta r\u00e9ttinn ganga yfir \u00fe\u00e1 fyrir sakir allra \u00feeirra illgirni a\u00f0 \u00feeir yfirgefa mig og gefa reykelsi annarlegum gu\u00f0um og tilbi\u00f0ja sinna handa verk.<\/p>\n<p>\tSo umgyrtu \u00fe\u00ednar lendar og gj\u00f6r \u00feig rei\u00f0ub\u00fainn til a\u00f0 pr\u00e9dika \u00feeim allt \u00fea\u00f0 hva\u00f0 eg skipa \u00fe\u00e9r. <span class=\"athugasemd\" title=\"Luc. xy. \/ i. Petri i.\">[<\/span> \u00d3ttast \u00fe\u00e1 ekki so sem a\u00f0 skylda eg fr\u00e1skelfa \u00feig \u00fev\u00ed a\u00f0 eg vil \u00ed dag gj\u00f6ra \u00feig a\u00f0 einnri \u00f6r\u00f6ggri borg og a\u00f0 einum j\u00e1rnst\u00f3lpa og a\u00f0 koparvegg \u00ed \u00f6llu landinu \u00ed gegn \u00feeim konungunum J\u00fada, \u00ed gegn \u00feeirra h\u00f6f\u00f0ingjum, \u00ed gegn \u00feeirra kennim\u00f6nnum, \u00ed gegn \u00fev\u00ed f\u00f3lkinu landsins. \u00de\u00f3 so s\u00e9 a\u00f0 \u00feeir standi \u00e1 m\u00f3ti \u00fe\u00e9r \u00fe\u00e1 skulu \u00feeir \u00fe\u00f3 ekki yfirvinna \u00feig \u00fev\u00ed a\u00f0 eg em hj\u00e1 \u00fe\u00e9r, segir Drottinn, a\u00f0 eg frelsi \u00feig.&#8220;<\/p>\n<p>\tOg or\u00f0 Drottins \u00fea\u00f0 ske\u00f0i til m\u00edn og sag\u00f0i: Far \u00fe\u00fa og pr\u00e9dika opinberlegana til Jer\u00fasalem og seg \u00fe\u00fa: So segir Drottinn: Eg minnist \u00e1 \u00fea\u00f0 a\u00f0 \u00fe\u00fa vart ein v\u00e6n ung meyja og ein elskuleg br\u00fa\u00f0ur \u00fear e\u00f0 \u00fe\u00fa fylgdir m\u00e9r \u00ed ey\u00f0im\u00f6rkinni \u00ed \u00fevi landinu sem ekkert s\u00e6\u00f0i er, \u00fear e\u00f0 \u00cdsrael var eign Drottins og hans fyrsti \u00e1v\u00f6xtur. Hver sem vildi hann upp eta s\u00e1 hlaut fyrir skuldu a\u00f0 vera og \u00f3g\u00e6fan hlaut yfir hann a\u00f0 koma, segir Drottinn.<\/p>\n","protected":false},"excerpt":{"rendered":"<p>Prophetinn Jeremias Fyrsti kap\u00edtuli \u00deessar eru \u00fe\u00e6r gj\u00f6r\u00f0ir Jeremie sonar Hilk\u00eda \u00fat af \u00feeim kennim\u00f6nnum til Anat\u00f3t \u00ed Benjam\u00ednslandi, til hvers a\u00f0 ske\u00f0i or\u00f0 Drottins \u00e1 d\u00f6gum J\u00f3s\u00eda sonar Am\u00f3n k\u00f3ngsins J\u00fada, \u00e1 \u00fev\u00ed hinu \u00ferett\u00e1nda \u00e1ri hans r\u00edkis, og \u00fear eftir \u00e1 \u00e1 d\u00f6gum k\u00f3ngsins J\u00fada J\u00f3ak\u00edms sonar J\u00f3s\u00eda, allt til enda \u00feess ellefta \u00e1rsins Sedek\u00eda sonar J\u00f3s\u00eda k\u00f3ngsins J\u00fada, allt til herlei\u00f0ingar Jer\u00fasalem \u00e1 \u00feeim fimmta m\u00e1na\u00f0i. [ Og or\u00f0 Drottins \u00fea\u00f0 ske\u00f0i til m\u00edn og sag\u00f0i: &#8222;Eg \u00feekkta \u00feig \u00e1\u00f0ur en eg tilbj\u00f3 \u00feig \u00ed m\u00f3\u00f0url\u00edfi og \u00fatvalda \u00feig fyrr en \u00fe\u00fa vart f\u00e6ddur af m\u00f3\u00f0urinni og <a href=\"https:\/\/biblian.is\/gudbrandsbiblia\/jeremia-1-kafli\/\"> [&#8230;]<\/a><\/p>\n","protected":false},"author":1,"featured_media":0,"parent":0,"menu_order":0,"comment_status":"open","ping_status":"open","template":"bibliukaflar.php","meta":{"footnotes":""},"class_list":["post-3441","page","type-page","status-publish","hentry"],"_links":{"self":[{"href":"https:\/\/biblian.is\/gudbrandsbiblia\/wp-json\/wp\/v2\/pages\/3441","targetHints":{"allow":["GET"]}}],"collection":[{"href":"https:\/\/biblian.is\/gudbrandsbiblia\/wp-json\/wp\/v2\/pages"}],"about":[{"href":"https:\/\/biblian.is\/gudbrandsbiblia\/wp-json\/wp\/v2\/types\/page"}],"author":[{"embeddable":true,"href":"https:\/\/biblian.is\/gudbrandsbiblia\/wp-json\/wp\/v2\/users\/1"}],"replies":[{"embeddable":true,"href":"https:\/\/biblian.is\/gudbrandsbiblia\/wp-json\/wp\/v2\/comments?post=3441"}],"version-history":[{"count":0,"href":"https:\/\/biblian.is\/gudbrandsbiblia\/wp-json\/wp\/v2\/pages\/3441\/revisions"}],"wp:attachment":[{"href":"https:\/\/biblian.is\/gudbrandsbiblia\/wp-json\/wp\/v2\/media?parent=3441"}],"curies":[{"name":"wp","href":"https:\/\/api.w.org\/{rel}","templated":true}]}}