{"id":3440,"date":"2017-12-18T18:33:40","date_gmt":"2017-12-18T18:33:40","guid":{"rendered":"http:\/\/biblian.is\/gudbrandsbiblia\/jesaja-66-kafli\/"},"modified":"2017-12-18T18:33:40","modified_gmt":"2017-12-18T18:33:40","slug":"jesaja-66-kafli","status":"publish","type":"page","link":"https:\/\/biblian.is\/gudbrandsbiblia\/jesaja-66-kafli\/","title":{"rendered":"Jesaja 66. kafli"},"content":{"rendered":"<p>LXVI.<\/p>\n<p>Svo segir Drottinn: <span class=\"athugasemd\" title=\"y. Para. viiy. \/ Act. vy. \/ S\u00e1l. li.\">[<\/span> Himinninn er mitt s\u00e6ti og j\u00f6r\u00f0in er m\u00edn f\u00f3tskaur. Hva\u00f0a h\u00fasi er \u00fea\u00f0 \u00fe\u00e1 e\u00f0 \u00fe\u00e9r vilji\u00f0 m\u00e9r uppbyggja e\u00f0a hver er s\u00e1 sta\u00f0ur \u00fear eg skuli hv\u00edlast? M\u00edn h\u00f6nd hefir gj\u00f6rt allt \u00fea\u00f0 hva\u00f0 \u00fear er, segir Drottinn. En eg \u00e1l\u00edt \u00feann hinn f\u00e1t\u00e6ka og \u00feann sem hefur sundurknosa\u00f0an anda og \u00feann e\u00f0 hr\u00e6\u00f0ist m\u00edn or\u00f0.<\/p>\n<p>\t\u00dev\u00ed a\u00f0 hver hann sl\u00e1trar nauti, \u00fea\u00f0 er jafnt sem hann sl\u00e6gi mann \u00ed hel. <span class=\"athugasemd\" title=\"\u00datsk\u00fafan f\u00f3rnanna\">[<\/span> Hver hann offrar einum sau\u00f0, \u00feeim er sem h\u00e1lsbryti hann hund. Hver hann f\u00f3rnf\u00e6rir mataroffur, \u00fea\u00f0 er sem offra\u00f0i hann sv\u00ednabl\u00f3\u00f0i. Hver e\u00f0 minnist \u00feess reykelsis, \u00fea er sem lofi hann <span class=\"athugasemd\" title=\"c \/ \u00d3r\u00e9ttindi) \/ \u00dea\u00f0 er, sk\u00fargo\u00f0ad\u00fdrkan\">[<\/span> \u00f3r\u00e9ttindin. Svoddan \u00fatvelja \u00feeir \u00ed s\u00ednumv egum og \u00feeirra s\u00e1la hefir ge\u00f0\u00feekkni \u00e1 \u00feeirra sv\u00edvir\u00f0ingum. \u00dear fyrir mun eg einnin \u00fatvelja \u00fea\u00f0 sem \u00feeir spotta og \u00fea\u00f0 hva\u00f0 \u00feeir hr\u00e6\u00f0ast mun eg l\u00e1ta yfir \u00fe\u00e1 koma. Af \u00fev\u00ed a\u00f0 eg kalla\u00f0i og enginn svara\u00f0i, eg tala\u00f0i og \u00feeir hl\u00fdddu \u00fev\u00ed ekki og gj\u00f6r\u00f0u hva\u00f0 m\u00e9r illa l\u00edka\u00f0i og \u00fatv\u00f6ldu \u00fea\u00f0 hva\u00f0 m\u00e9r \u00fe\u00f3kna\u00f0ist ei.<\/p>\n<p>\tHeyri\u00f0 or\u00f0 Drottins, \u00fe\u00e9r sem hr\u00e6\u00f0ist hans or\u00f0, y\u00f0rir br\u00f0ur sem y\u00f0ur hata og \u00feeir e\u00f0 \u00ed burt skilja y\u00f0ur fr\u00e1 s\u00e9r fyrir m\u00edns nafns sakir og segja: &#8222;L\u00e1ttu sj\u00e1 hversu d\u00fdr\u00f0arsamlegur Drottinn er, l\u00e1t hann au\u00f0s\u00fdnast til y\u00f0varar gle\u00f0i!&#8220; \u00feeir hinir s\u00f6mu skulu til skammar ver\u00f0a. \u00dev\u00ed a\u00f0 \u00fear mun heyrast her\u00f3pi\u00f0 \u00ed borginni, eitt her\u00f3p af musterino, eitt her\u00f3p Drottins sem endurgeldur s\u00ednum \u00f3vinum.<\/p>\n<p>\tH\u00fan ver\u00f0ur l\u00e9ttari \u00e1\u00f0ur en h\u00fan tekur s\u00f3ttina, h\u00fan er hraust or\u00f0in eftir sveinbarn \u00e1\u00f0ur en h\u00fan tekur j\u00f3\u00f0sj\u00fak a\u00f0 ver\u00f0a. <span class=\"athugasemd\" title=\"Ein huggun um aukning kristilegrar kirkju. \u00dea\u00f0 kallar hann undur, l\u00edka sem tala\u00f0i eg so: H\u00fan f\u00e6\u00f0ir \u00e1\u00f0ur h\u00fan ver\u00f0ur \u00feungu\u00f0. So segir hann h\u00e9r: H\u00fan ver\u00f0ur l\u00e9ttari \u00e1\u00f0ur en h\u00fan tekur s\u00f3ttina\">[<\/span> Hver hefur nokkurn t\u00edma heyrt svoddan? Hver hefur nokkurn t\u00edma s\u00e9\u00f0 sl\u00edkt? Hvort kann nokku\u00f0 f\u00f3lki\u00f0 undir eins f\u00e6tt a\u00f0 ver\u00f0a \u00e1\u00f0ur en landi\u00f0 tekur s\u00f3ttina? N\u00fa hefur \u00fe\u00f3 S\u00edon f\u00e6tt s\u00edn b\u00f6rn fyrir utan sj\u00fakd\u00f3m. Hvort skylda eg \u00fe\u00e1 l\u00e1ta a\u00f0ra opna m\u00f3\u00f0urkvi\u00f0inn en sj\u00e1lfur ekki f\u00e6\u00f0a? segir Drottinn. Skylda eg l\u00e1ta a\u00f0ra f\u00e6\u00f0a og sj\u00e1lfur \u00f3byrja vera? segir \u00feinn Gu\u00f0.<\/p>\n<p>\tGle\u00f0ji\u00f0 y\u00f0ur me\u00f0 Jer\u00fasalem og veri\u00f0 gla\u00f0ir yfir henni, \u00fe\u00e9r allir sem hana elski\u00f0, fagni\u00f0 me\u00f0ur henni, \u00fe\u00e9r allir sem hryggvir voru\u00f0 yfir henni. \u00dev\u00ed a\u00f0 \u00fear fyrir skulu \u00fe\u00e9r sj\u00faga og saddir ver\u00f0a af brj\u00f3stunum hennar huggunar. \u00de\u00e9r skulu\u00f0 og \u00fear fyrir sj\u00faga og y\u00f0ur endurl\u00edfga \u00fat af \u00feeirri gn\u00e6g\u00f0inni hennar d\u00fdr\u00f0ar. \u00dev\u00ed a\u00f0 so segir Drottinn: Sj\u00e1i\u00f0, eg \u00fatbrei\u00f0i fri\u00f0inn hj\u00e1 henni l\u00edka sem anna\u00f0 vatsfall og d\u00fdr\u00f0ina hei\u00f0inna \u00fej\u00f3\u00f0a so sem annan yfirflj\u00f3tanda vatsl\u00e6k. \u00dea munu\u00f0 \u00fe\u00e9r sj\u00faga. \u00de\u00e9r skulu\u00f0 \u00e1 hli\u00f0inni bornir ver\u00f0a og \u00ed kj\u00f6ltunni mun hj\u00fakra\u00f0 vera a\u00f0 y\u00f0ur. Eg mun hugga y\u00f0ur l\u00edka so sem \u00fea\u00f0 einhvern huggar hans m\u00f3\u00f0ir. J\u00e1 \u00fe\u00e9r skuli\u00f0 til Jer\u00fasalem endurn\u00e6r\u00f0ir ver\u00f0a, \u00fe\u00e9r munu\u00f0 sj\u00e1 \u00fea\u00f0 saman og y\u00f0vart hjarta mun gle\u00f0ja sig og y\u00f0var bein skulu bl\u00f3mgast sem anna\u00f0 gras. \u00de\u00e1 mun \u00feekkjast h\u00f6nd Drottins vi\u00f0ur hans \u00fej\u00f3na og rei\u00f0in vi\u00f0 hans \u00f3vini.<\/p>\n<p>\t\u00dev\u00ed sj\u00e1i\u00f0 a\u00f0 Drottinn mun koma me\u00f0 eldi og hans vagn sem anna\u00f0 stormvi\u00f0ri \u00fea\u00f0 hann endurgjaldi \u00ed br\u00e6\u00f0i sinnar rei\u00f0i og hans straff \u00ed eldsins loga. \u00dev\u00ed a\u00f0 Drottinn mun fyrir eldinn og fyrir sitt sver\u00f0 d\u00e6ma allt hold og \u00feeir hinir l\u00edfl\u00e1tnu af Drottni munu margir vera. \u00deeir e\u00f0 sig helga og hreina gj\u00f6ra \u00ed \u00feeim grasg\u00f6r\u00f0unum, einn h\u00e9r en annar \u00fear, og eta sv\u00ednakj\u00f6t, b\u00f6lvanir og m\u00fds, \u00feeir skulu allir til samans \u00ed burt sviptir ver\u00f0a, segir Drottinn.<\/p>\n<p>\t\u00dev\u00ed a\u00f0 eg mun koma og samansafna \u00feeirra verkum og hugrenningum \u00e1samt me\u00f0 \u00f6llum hei\u00f0num \u00fej\u00f3\u00f0um og tungum\u00e1lum so a\u00f0 \u00feeir komi og sj\u00e1i m\u00edna d\u00fdr\u00f0. <span class=\"athugasemd\" title=\"Sp\u00e1d\u00f3mur \u00fat af r\u00edkinu Christi\">[<\/span> Og eg mun gefa eitt teikn \u00e1 me\u00f0al \u00feeirra og nokkra \u00fat af \u00feeim sem frelsa\u00f0ir eru senda til \u00feeirra hei\u00f0inna \u00fej\u00f3\u00f0a \u00ed burt vi\u00f0 sj\u00e1varhafi\u00f0, til P\u00fal og L\u00fad, til bogmannanna, til T\u00fabal og Javan og langt \u00ed burt til eyjanna sem \u00fear hafa ekki neitt \u00fat af m\u00e9r heyrt og \u00feeir e\u00f0 ekki hafa s\u00e9\u00f0 m\u00edna d\u00fdr\u00f0 og \u00feeir skulu kunngj\u00f6ra m\u00edna d\u00fdr\u00f0arvegsemd \u00e1 me\u00f0al hei\u00f0inna \u00fej\u00f3\u00f0a. Og \u00feeir munu alla y\u00f0ra br\u00e6\u00f0ur af allsh\u00e1ttu\u00f0um \u00fej\u00f3\u00f0um h\u00e9r til lei\u00f0a Drottni til matoffurs, \u00e1 hestum og v\u00f6gnum, \u00e1 b\u00f6rum, \u00e1 m\u00falum og hlaupd\u00fdrum, til Jer\u00fasalem, til m\u00edns heilaga fjalls, segir Drottinn, l\u00edka so sem \u00cdsraelsb\u00f6rn f\u00e6ra s\u00ednar matf\u00f3rnir \u00fat \u00ed hreinum f\u00f6tum til \u00feess h\u00fassins Drottins.<\/p>\n<p>\tOg eg mun \u00fat af \u00feeim s\u00f6mum taka til kennimanna og Lev\u00edta, segir Drottinn. \u00dev\u00ed a\u00f0 svo sem \u00fe\u00e1 n\u00fdi himinn og s\u00fa hin n\u00fdja j\u00f6r\u00f0in sem eg gj\u00f6ri stendur fyrir m\u00e9r, segir Drottinn, l\u00edka so skal einnin y\u00f0vart s\u00e6\u00f0i og nafn standa. Og allt hold mun hvern m\u00e1nu\u00f0 eftir annan og hvern \u00fevottdag eftir annan koma til a\u00f0 bi\u00f0ja fyrir m\u00e9r, segir Drottinn.<\/p>\n<p>\tOg \u00feeir munu \u00fat ganga og sj\u00e1 l\u00edkami \u00feeirra manna sem misgj\u00f6rt hafa vi\u00f0 mig \u00fev\u00ed a\u00f0 \u00feeirra ma\u00f0kur mun ei deyja og \u00feeirra eldur mun ei \u00fatslokkna og \u00feeir munu aullu holdi a\u00f0 vi\u00f0urstyggingu ver\u00f0a.<\/p>\n<p>Endir prophetans Esaie<\/p>\n","protected":false},"excerpt":{"rendered":"<p>LXVI. Svo segir Drottinn: [ Himinninn er mitt s\u00e6ti og j\u00f6r\u00f0in er m\u00edn f\u00f3tskaur. Hva\u00f0a h\u00fasi er \u00fea\u00f0 \u00fe\u00e1 e\u00f0 \u00fe\u00e9r vilji\u00f0 m\u00e9r uppbyggja e\u00f0a hver er s\u00e1 sta\u00f0ur \u00fear eg skuli hv\u00edlast? M\u00edn h\u00f6nd hefir gj\u00f6rt allt \u00fea\u00f0 hva\u00f0 \u00fear er, segir Drottinn. En eg \u00e1l\u00edt \u00feann hinn f\u00e1t\u00e6ka og \u00feann sem hefur sundurknosa\u00f0an anda og \u00feann e\u00f0 hr\u00e6\u00f0ist m\u00edn or\u00f0. \u00dev\u00ed a\u00f0 hver hann sl\u00e1trar nauti, \u00fea\u00f0 er jafnt sem hann sl\u00e6gi mann \u00ed hel. [ Hver hann offrar einum sau\u00f0, \u00feeim er sem h\u00e1lsbryti hann hund. Hver hann f\u00f3rnf\u00e6rir mataroffur, \u00fea\u00f0 er sem offra\u00f0i hann sv\u00ednabl\u00f3\u00f0i. Hver <a href=\"https:\/\/biblian.is\/gudbrandsbiblia\/jesaja-66-kafli\/\"> [&#8230;]<\/a><\/p>\n","protected":false},"author":1,"featured_media":0,"parent":0,"menu_order":0,"comment_status":"open","ping_status":"open","template":"bibliukaflar.php","meta":{"footnotes":""},"class_list":["post-3440","page","type-page","status-publish","hentry"],"_links":{"self":[{"href":"https:\/\/biblian.is\/gudbrandsbiblia\/wp-json\/wp\/v2\/pages\/3440","targetHints":{"allow":["GET"]}}],"collection":[{"href":"https:\/\/biblian.is\/gudbrandsbiblia\/wp-json\/wp\/v2\/pages"}],"about":[{"href":"https:\/\/biblian.is\/gudbrandsbiblia\/wp-json\/wp\/v2\/types\/page"}],"author":[{"embeddable":true,"href":"https:\/\/biblian.is\/gudbrandsbiblia\/wp-json\/wp\/v2\/users\/1"}],"replies":[{"embeddable":true,"href":"https:\/\/biblian.is\/gudbrandsbiblia\/wp-json\/wp\/v2\/comments?post=3440"}],"version-history":[{"count":0,"href":"https:\/\/biblian.is\/gudbrandsbiblia\/wp-json\/wp\/v2\/pages\/3440\/revisions"}],"wp:attachment":[{"href":"https:\/\/biblian.is\/gudbrandsbiblia\/wp-json\/wp\/v2\/media?parent=3440"}],"curies":[{"name":"wp","href":"https:\/\/api.w.org\/{rel}","templated":true}]}}