{"id":3427,"date":"2017-12-18T18:33:36","date_gmt":"2017-12-18T18:33:36","guid":{"rendered":"http:\/\/biblian.is\/gudbrandsbiblia\/jesaja-54-kafli\/"},"modified":"2017-12-18T18:33:36","modified_gmt":"2017-12-18T18:33:36","slug":"jesaja-54-kafli","status":"publish","type":"page","link":"https:\/\/biblian.is\/gudbrandsbiblia\/jesaja-54-kafli\/","title":{"rendered":"Jesaja 54. kafli"},"content":{"rendered":"<p>LIIII.<\/p>\n<p>Vert gl\u00f6\u00f0, \u00fe\u00fa hin \u00f3byrja sem ekki f\u00e6\u00f0ir, fagna \u00fe\u00fa af gle\u00f0i og syng lof, \u00fe\u00fa sem ekki ert \u00f3l\u00e9tt, \u00fev\u00ed a\u00f0 hin einsama hefur fleiri b\u00f6rn en h\u00fan sem manninn hefur, segir Drottinn. <span class=\"athugasemd\" title=\"Galat. iiy. \/ Hann huggar Gu\u00f0s s\u00f6fnu\u00f0 og segir fyrir hvernin \u00fea\u00f0 hann muni margfaldast og fj\u00f6lgast\">[<\/span>  V\u00edkka \u00fe\u00fa \u00fat r\u00fami\u00f0 \u00feinnar tjaldb\u00fa\u00f0ar og \u00fat\u00feen tj\u00f6ldin \u00fe\u00edns b\u00fasta\u00f0ar, spar \u00fe\u00fa \u00feau ekki, teyg \u00fe\u00edn reip \u00fat og keyr \u00fe\u00edna nagla fast, \u00fea\u00f0 \u00fe\u00fa munt \u00feig <span class=\"athugasemd\" title=\"a \/ \u00datbrj\u00f3ta) \/ \u00dea\u00f0 er, vaxa\">[<\/span> \u00fatbrj\u00f3ta til h\u00e6gri og vinstri handar og \u00feitt s\u00e6\u00f0i mun erfa hei\u00f0nar \u00fej\u00f3\u00f0ir og \u00ed \u00feeim foreyddum st\u00f6\u00f0unum b\u00faa.<\/p>\n<p>\t\u00d3ttast ekki \u00fev\u00ed a\u00f0 \u00fe\u00fa skalt ekki til skammar ver\u00f0a, vert eigi blj\u00fag \u00fea\u00f0 \u00fe\u00fa skalt ei til h\u00e1\u00f0ungar ver\u00f0a heldur \u00fe\u00e1 muntu \u00feeirrar vanvir\u00f0unnar \u00fe\u00edns meyd\u00f3ms forgleyma og sm\u00e1nina \u00fe\u00edns ekkjud\u00f3ms ekki meir huglei\u00f0a \u00fev\u00ed a\u00f0 hann s\u00e1 e\u00f0 \u00feig hefur gj\u00f6rt, hann er \u00feinn ma\u00f0ur, Drottinn Seba\u00f3t er hans heiti, og \u00feinn endurlausnari s\u00e1 Hinn heilagi \u00ed \u00cdsrael, hann sem allrar veraldarinnar Gu\u00f0 ver\u00f0ur kalla\u00f0ur.<\/p>\n<p>\t\u00dev\u00ed a\u00f0 Drottinn hefur l\u00e1ti\u00f0 \u00feig \u00ed ryktinu vera \u00fea\u00f0 \u00fe\u00fa v\u00e6rir sem \u00f6nnur fyrirlitin og af hjarta harm\u00ferungin kvinna og sem a\u00f0ra yngiskonu \u00fe\u00e1 e\u00f0 \u00fatrekin er, segir \u00feinn Gu\u00f0. Eg yfirgaf \u00feig \u00e1 litlu augabrag\u00f0i en me\u00f0 mikilli miskunnsemi \u00fe\u00e1 vil eg samansafna \u00fe\u00e9r. Eg hefi mitt andlit \u00e1 augabrag\u00f0i rei\u00f0innar um litla stund huli\u00f0 fyrir \u00fe\u00e9r en me\u00f0 eil\u00edfri miskunnsemi \u00fe\u00e1 mun eg \u00fe\u00e9r miskunnsamur vera, segir Drottinn, \u00feinn endurlausnari. <span class=\"athugasemd\" title=\"S\u00e1l. xxx.\">[<\/span> <\/p>\n<p>\t\u00dev\u00ed a\u00f0 svodant skal m\u00e9r vera so sem fl\u00f3\u00f0i\u00f0 Noah \u00fe\u00e1 e\u00f0 eg sv\u00f3r a\u00f0 Noahfl\u00f3\u00f0 skyldi ekki meir ganga yfir j\u00f6r\u00f0ina. <span class=\"athugasemd\" title=\"Gen. ix.\">[<\/span> L\u00edka so hefi eg svari\u00f0 a\u00f0 eg skyldi ekki rei\u00f0ur upp \u00e1 \u00feig vera n\u00e9 \u00feig straffa. \u00dev\u00ed a\u00f0 fj\u00f6llin skulu \u00far sta\u00f0 hr\u00e6rast og h\u00e6\u00f0irnar ni\u00f0urfalla en m\u00edn miskunnsemi skal ei burt fr\u00e1 \u00fe\u00e9r v\u00edkja og s\u00e1ttm\u00e1linn m\u00edns fri\u00f0ar skal ekki ni\u00f0urfalla, segir Drottinn, \u00feinn miskunnari.<\/p>\n<p>\t\u00de\u00fa hin vola\u00f0a, yfir hverja e\u00f0 \u00f6ll st\u00f3rvi\u00f0ri ganga, og \u00fe\u00fa hin huggunarlausa, sj\u00e1 \u00fe\u00fa, eg mun \u00fe\u00edna m\u00farsteina leggja sem a\u00f0ra fegur\u00f0arpr\u00fd\u00f0i og \u00feinn grundv\u00f6ll mun eg leggja me\u00f0 saphirissteina og \u00fe\u00edna vindglugga af christallus gj\u00f6ra og \u00fe\u00ednar dyr af rubenis og \u00f6ll \u00fe\u00edn endim\u00f6rk af \u00fatv\u00f6ldum steinum og \u00f6ll \u00fe\u00edn af b\u00f6rn af Drottni menntu\u00f0 og me\u00f0kenn fri\u00f0 \u00fe\u00ednum b\u00f6rnum. \u00de\u00fa skalt og fyrir r\u00e9ttl\u00e6ti\u00f0 tilreidd ver\u00f0a. \u00de\u00fa munt fjarl\u00e6g vera ofr\u00edki og \u00f3r\u00e9ttindum so a\u00f0 \u00fe\u00fa \u00feurfir ei \u00fear fyrir a\u00f0 \u00f3ttast og fyrir skelfingu \u00fev\u00ed h\u00fan skal ekki n\u00e1l\u00e6gjast \u00feig.<\/p>\n<p>\tSj\u00e1 \u00fe\u00fa, hver e\u00f0 samansafnast \u00e1 m\u00f3ti \u00fe\u00e9r til a\u00f0 yfirfalla \u00feig, ef a\u00f0 \u00feeir samansafnast \u00e1n m\u00edn? Sj\u00e1 \u00fe\u00fa, \u00fev\u00ed kem eg til vegar \u00fea\u00f0 smi\u00f0urinn bl\u00e6s upp kolin \u00ed eldinum til a\u00f0 gj\u00f6ra eitt verkf\u00e6ri \u00fear \u00fat af til s\u00edns <span class=\"athugasemd\" title=\"b \/ Sm\u00ed\u00f0i) \/ \u00dea\u00f0 er, sig og s\u00edna munu \u00feeir \u00fear me\u00f0 ska\u00f0a\">[<\/span> sm\u00ed\u00f0is. \u00dev\u00ed eg gj\u00f6ri \u00fea\u00f0 a\u00f0 s\u00e1 fordjarfarinn fyrirfarist. \u00dev\u00ed a\u00f0 allt verkf\u00e6ri sem \u00e1 m\u00f3ti \u00fe\u00e9r ver\u00f0ur tilreitt \u00fea\u00f0 skal ekki lukkast og allar tungur sem setja sig \u00e1 m\u00f3ti \u00fe\u00e9r \u00fe\u00e6r skaltu \u00ed d\u00f3mi ford\u00e6ma. \u00dea\u00f0 sama er arfleif\u00f0in \u00feeirra \u00fej\u00f3nanna Drottins og \u00feeirra r\u00e9ttl\u00e6ti \u00fat af m\u00e9r, segir Drottinn.<\/p>\n","protected":false},"excerpt":{"rendered":"<p>LIIII. Vert gl\u00f6\u00f0, \u00fe\u00fa hin \u00f3byrja sem ekki f\u00e6\u00f0ir, fagna \u00fe\u00fa af gle\u00f0i og syng lof, \u00fe\u00fa sem ekki ert \u00f3l\u00e9tt, \u00fev\u00ed a\u00f0 hin einsama hefur fleiri b\u00f6rn en h\u00fan sem manninn hefur, segir Drottinn. [ V\u00edkka \u00fe\u00fa \u00fat r\u00fami\u00f0 \u00feinnar tjaldb\u00fa\u00f0ar og \u00fat\u00feen tj\u00f6ldin \u00fe\u00edns b\u00fasta\u00f0ar, spar \u00fe\u00fa \u00feau ekki, teyg \u00fe\u00edn reip \u00fat og keyr \u00fe\u00edna nagla fast, \u00fea\u00f0 \u00fe\u00fa munt \u00feig [ \u00fatbrj\u00f3ta til h\u00e6gri og vinstri handar og \u00feitt s\u00e6\u00f0i mun erfa hei\u00f0nar \u00fej\u00f3\u00f0ir og \u00ed \u00feeim foreyddum st\u00f6\u00f0unum b\u00faa. \u00d3ttast ekki \u00fev\u00ed a\u00f0 \u00fe\u00fa skalt ekki til skammar ver\u00f0a, vert eigi blj\u00fag \u00fea\u00f0 \u00fe\u00fa skalt <a href=\"https:\/\/biblian.is\/gudbrandsbiblia\/jesaja-54-kafli\/\"> [&#8230;]<\/a><\/p>\n","protected":false},"author":1,"featured_media":0,"parent":0,"menu_order":0,"comment_status":"open","ping_status":"open","template":"bibliukaflar.php","meta":{"footnotes":""},"class_list":["post-3427","page","type-page","status-publish","hentry"],"_links":{"self":[{"href":"https:\/\/biblian.is\/gudbrandsbiblia\/wp-json\/wp\/v2\/pages\/3427","targetHints":{"allow":["GET"]}}],"collection":[{"href":"https:\/\/biblian.is\/gudbrandsbiblia\/wp-json\/wp\/v2\/pages"}],"about":[{"href":"https:\/\/biblian.is\/gudbrandsbiblia\/wp-json\/wp\/v2\/types\/page"}],"author":[{"embeddable":true,"href":"https:\/\/biblian.is\/gudbrandsbiblia\/wp-json\/wp\/v2\/users\/1"}],"replies":[{"embeddable":true,"href":"https:\/\/biblian.is\/gudbrandsbiblia\/wp-json\/wp\/v2\/comments?post=3427"}],"version-history":[{"count":0,"href":"https:\/\/biblian.is\/gudbrandsbiblia\/wp-json\/wp\/v2\/pages\/3427\/revisions"}],"wp:attachment":[{"href":"https:\/\/biblian.is\/gudbrandsbiblia\/wp-json\/wp\/v2\/media?parent=3427"}],"curies":[{"name":"wp","href":"https:\/\/api.w.org\/{rel}","templated":true}]}}