{"id":3415,"date":"2017-12-18T18:33:36","date_gmt":"2017-12-18T18:33:36","guid":{"rendered":"http:\/\/biblian.is\/gudbrandsbiblia\/jesaja-42-kafli\/"},"modified":"2017-12-18T18:33:36","modified_gmt":"2017-12-18T18:33:36","slug":"jesaja-42-kafli","status":"publish","type":"page","link":"https:\/\/biblian.is\/gudbrandsbiblia\/jesaja-42-kafli\/","title":{"rendered":"Jesaja 42. kafli"},"content":{"rendered":"<p>XLII.<\/p>\n<p>Sj\u00e1 \u00fe\u00fa, \u00fea\u00f0 er minn \u00fej\u00f3n. <span class=\"athugasemd\" title=\"Matth. xy. \/ \u00dat af r\u00edkinu Christi\">[<\/span> Eg annast hann og minn s\u00e1 hinn \u00fatvaldi \u00e1 hverjum m\u00edn s\u00e1la hefur ge\u00f0\u00feekkni. Eg hefi honum minn anda gefi\u00f0, hann mun d\u00f3m \u00fatflytja \u00e1 me\u00f0al hei\u00f0inna \u00fej\u00f3\u00f0a. Hann mun hvorki kalla n\u00e9 hr\u00f3pa og hans traust mun ekki heyrast \u00e1 str\u00e6tunum. \u00deann br\u00e1ka\u00f0a reyrlegginn mun hann ekki \u00ed sundurmerja og \u00feann l\u00edttloganda l\u00ednkveikinn mun hann ekki \u00fatsl\u00f6kkva. Hann mun kenna a\u00f0 halda d\u00f3minn me\u00f0 sannleiknum. Hann mun ekki m\u00f6glunarsamur n\u00e9 hr\u00e6\u00f0ilegur vera so a\u00f0 hann \u00e1 j\u00f6r\u00f0u d\u00f3minn uppbyrji og eyjarnar munu eftir hans l\u00f6gm\u00e1li v\u00e6nta.<\/p>\n<p>\tSo segir Gu\u00f0 Drottinn s\u00e1 e\u00f0 himininn skapar og \u00fatbrei\u00f0ir, s\u00e1 e\u00f0 j\u00f6r\u00f0ina gj\u00f6rir og hennar \u00e1v\u00f6xt, s\u00e1 e\u00f0 f\u00f3lkinu \u00fev\u00ed sem \u00fear er upp \u00e1 andardr\u00e1tt gefur og andann \u00feeim sem \u00fear upp \u00e1 ganga: Eg Drottinn hefi kalla\u00f0 \u00feig me\u00f0 r\u00e9ttl\u00e6ti og hefi teki\u00f0 \u00feig vi\u00f0 \u00fe\u00edna h\u00f6nd og b\u00edvara\u00f0 \u00feig og hefi gefi\u00f0 \u00feig til s\u00e1ttm\u00e1la me\u00f0al f\u00f6lksins, til lj\u00f3sins hei\u00f0inna \u00fej\u00f3\u00f0a so a\u00f0 \u00fe\u00fa skalt opna augun blindra og hertekna \u00ed burt lei\u00f0a \u00far fangelsinu og \u00fe\u00e1 sem \u00fear sitja \u00ed myrkrunum \u00ed burt \u00far d\u00fdflissunni. <span class=\"athugasemd\" title=\"Sp\u00e1d\u00f3mur og fyrirs\u00f6gn \u00fat af Christo\">[<\/span> Eg Drottinn, \u00fea\u00f0 er mitt nafn og m\u00edna d\u00fdr\u00f0 vil eg \u00f6ngum \u00f6\u00f0rum gefa n\u00e9 mitt lof afgu\u00f0unum. Sj\u00e1 \u00fe\u00fa, hva\u00f0 eftirkomanda er mun eg kunngj\u00f6ra fyrirfram og hi\u00f0 n\u00fdja gj\u00f6ri eg vitanlegt, \u00e1\u00f0ur en \u00fea\u00f0 uppgengur \u00fe\u00e1 l\u00e6t eg y\u00f0ur \u00fea\u00f0 heyra.<\/p>\n<p>\tSyngi\u00f0 Drottni n\u00fdjan lofs\u00f6ng, hans lofst\u00edr er allt til veraldarinnar enda. \u00deeir \u00ed sj\u00f3num fara og hva\u00f0 \u00fear er inni, \u00fe\u00e6r eyjarnar og \u00feeir sem \u00fear inni b\u00faa. Kalli\u00f0 h\u00e1tt, \u00fe\u00e9r ey\u00f0imerkur og borgirnar \u00fear inni me\u00f0 \u00feorpunum \u00fear sem Kedar b\u00fdr. L\u00e1ti\u00f0 \u00fe\u00e1 lofsyngja sem \u00ed grj\u00f3thellunum byggja og kalla af h\u00e6\u00f0um fjallanna. L\u00e1ti\u00f0 \u00fe\u00e1 gefa Drottni d\u00fdr\u00f0ina og hans lof kunngj\u00f6ra \u00ed \u00feeim eyj\u00f6num.<\/p>\n<p>\tDrottinn mun \u00fatdraga sem ein hetja, hann mun vandl\u00e6ti\u00f0 uppvekja sem einn bardagama\u00f0ur, hann mun gle\u00f0jast og fagna, hann mun s\u00edna \u00f3vini yfirvinna. Eg \u00feegi um stund og em hlj\u00f3\u00f0ur og aftra m\u00e9r. N\u00fa vil eg svo h\u00e1tt hr\u00f3pa sem s\u00fa e\u00f0 barn f\u00e6\u00f0ir. Eg vil forey\u00f0a \u00feeim og uppsvelgja \u00fe\u00e1 alla. Eg vil ey\u00f0a fj\u00f6ll og h\u00e1lsa og allt \u00feeirra gras upp\u00feurrka og vil vatsf\u00f6llin a\u00f0 eyjum gj\u00f6ra og st\u00f6\u00f0uv\u00f6tnin upp\u00feurrka.<\/p>\n<p>\tEn \u00fe\u00e1 hinu blindu mun eg lei\u00f0a \u00e1 \u00feeim vegi sem \u00feeir vita ekki af, eg mun l\u00e1ta \u00fe\u00e1 ganga \u00feann f\u00f3tst\u00edginn sem \u00feeir \u00feekkja ekki, eg mun fyrir \u00feeim myrkrin a\u00f0 lj\u00f3si gj\u00f6ra og \u00fea\u00f0 jafna sem \u00f3sl\u00e9tt er. Svodan vil eg \u00feeim gj\u00f6ra og ekki yfirgefa \u00fe\u00e1. En \u00feeir sem treysta upp \u00e1 gu\u00f0ina og segja til \u00feeirra steyptra l\u00edkneskjanna: \u00de\u00e9r eru\u00f0 vorir gu\u00f0ir, \u00feeir s\u00f6mu skulu aftur til baka sn\u00faa og til skammar vera.<\/p>\n<p>\tHeyri, \u00fe\u00e9r hinir daufu, og l\u00edti\u00f0 hinga\u00f0, \u00fe\u00e9r hinir blindu, so a\u00f0 \u00fe\u00e9r sj\u00e1i\u00f0. <span class=\"athugasemd\" title=\"Hann straffar \u00fe\u00e1 blindu Gy\u00f0inga\">[<\/span> Hver er so blindur sem minn \u00fej\u00f3n? Hver er so daufur sem minn <span class=\"athugasemd\" title=\"a \/ Sendibo\u00f0i) \/ \u00dea\u00f0 er, \u00feeir kennimannah\u00f6f\u00f0ingjar sem \u00f6\u00f0rum \u00e1ttu a\u00f0 kenna en \u00feeir voru blindastir\">[<\/span> sendibo\u00f0i \u00feann eg sendi? Hver er so blindur sem s\u00e1 hinn fullkomni og so blindur sem \u00fej\u00f3n Drottins? \u00deeim er vel miki\u00f0 pr\u00e9dika\u00f0 en \u00feeir halda \u00fea\u00f0 ekki, \u00feeim er n\u00f3g sagt en \u00feeir vilja \u00fea\u00f0 ekki heyra. \u00de\u00f3 vill Drottinn \u00feeim vel fyrir hans r\u00e9ttl\u00e6tis sakir og \u00fea\u00f0 hann mikli og vegsamlegt gj\u00f6ri l\u00f6gm\u00e1li\u00f0. \u00dea\u00f0 sama er eitt r\u00e6nt og rutla\u00f0 f\u00f3lk, \u00feeir eru allir fj\u00f6trum vaf\u00f0ir \u00ed gr\u00f6finni og ni\u00f0urbyrg\u00f0ir \u00ed myrkvastofunni. \u00deeir eru a\u00f0 herfangi vor\u00f0nir og \u00fear er enginn s\u00e1 e\u00f0 \u00fe\u00e1 frelsar, \u00feeir eru \u00ed burt r\u00e6ntir og \u00fear er enginn s\u00e1 sem segir: Gefi\u00f0 \u00fe\u00e1 aftur.<\/p>\n<p>\tHver er s\u00e1 \u00e1 me\u00f0al y\u00f0ar sem s\u00e9r l\u00e1ti sl\u00edkt \u00ed eyrum lo\u00f0a, s\u00e1 e\u00f0 g\u00e6tir \u00fear a\u00f0 gefi og \u00fev\u00ed hl\u00fd\u00f0i hva\u00f0 h\u00e9r eftir \u00e1 mun koma? Hver hefur yfirgefi\u00f0 Jakob til gripdeilda og \u00cdsrael \u00feeim r\u00e1nsm\u00f6nnum? Hefur ekki Drottinn gj\u00f6rt \u00fea\u00f0 hi\u00f0 sama m\u00f3ti hverjum a\u00f0 v\u00e9r h\u00f6fum syndgast? Og \u00feeir vildu ekki \u00e1 hans vegum ganga og hl\u00fdddu ekki hans l\u00f6gm\u00e1li. \u00dear fyrir hefur hann \u00fathellt yfir \u00fe\u00e1 grimmd sinnar rei\u00f0i og \u00f6flugum herna\u00f0i og hefir so brennt \u00fe\u00e1 alla um kring en \u00feeir formerkja \u00fea\u00f0 ekki og kveikt eld um \u00fe\u00e1 en \u00feeir hugsa eigi eftir \u00fev\u00ed.<\/p>\n","protected":false},"excerpt":{"rendered":"<p>XLII. Sj\u00e1 \u00fe\u00fa, \u00fea\u00f0 er minn \u00fej\u00f3n. [ Eg annast hann og minn s\u00e1 hinn \u00fatvaldi \u00e1 hverjum m\u00edn s\u00e1la hefur ge\u00f0\u00feekkni. Eg hefi honum minn anda gefi\u00f0, hann mun d\u00f3m \u00fatflytja \u00e1 me\u00f0al hei\u00f0inna \u00fej\u00f3\u00f0a. Hann mun hvorki kalla n\u00e9 hr\u00f3pa og hans traust mun ekki heyrast \u00e1 str\u00e6tunum. \u00deann br\u00e1ka\u00f0a reyrlegginn mun hann ekki \u00ed sundurmerja og \u00feann l\u00edttloganda l\u00ednkveikinn mun hann ekki \u00fatsl\u00f6kkva. Hann mun kenna a\u00f0 halda d\u00f3minn me\u00f0 sannleiknum. Hann mun ekki m\u00f6glunarsamur n\u00e9 hr\u00e6\u00f0ilegur vera so a\u00f0 hann \u00e1 j\u00f6r\u00f0u d\u00f3minn uppbyrji og eyjarnar munu eftir hans l\u00f6gm\u00e1li v\u00e6nta. So segir Gu\u00f0 Drottinn s\u00e1 <a href=\"https:\/\/biblian.is\/gudbrandsbiblia\/jesaja-42-kafli\/\"> [&#8230;]<\/a><\/p>\n","protected":false},"author":1,"featured_media":0,"parent":0,"menu_order":0,"comment_status":"open","ping_status":"open","template":"bibliukaflar.php","meta":{"footnotes":""},"class_list":["post-3415","page","type-page","status-publish","hentry"],"_links":{"self":[{"href":"https:\/\/biblian.is\/gudbrandsbiblia\/wp-json\/wp\/v2\/pages\/3415","targetHints":{"allow":["GET"]}}],"collection":[{"href":"https:\/\/biblian.is\/gudbrandsbiblia\/wp-json\/wp\/v2\/pages"}],"about":[{"href":"https:\/\/biblian.is\/gudbrandsbiblia\/wp-json\/wp\/v2\/types\/page"}],"author":[{"embeddable":true,"href":"https:\/\/biblian.is\/gudbrandsbiblia\/wp-json\/wp\/v2\/users\/1"}],"replies":[{"embeddable":true,"href":"https:\/\/biblian.is\/gudbrandsbiblia\/wp-json\/wp\/v2\/comments?post=3415"}],"version-history":[{"count":0,"href":"https:\/\/biblian.is\/gudbrandsbiblia\/wp-json\/wp\/v2\/pages\/3415\/revisions"}],"wp:attachment":[{"href":"https:\/\/biblian.is\/gudbrandsbiblia\/wp-json\/wp\/v2\/media?parent=3415"}],"curies":[{"name":"wp","href":"https:\/\/api.w.org\/{rel}","templated":true}]}}