{"id":3413,"date":"2017-12-18T18:33:33","date_gmt":"2017-12-18T18:33:33","guid":{"rendered":"http:\/\/biblian.is\/gudbrandsbiblia\/jesaja-40-kafli\/"},"modified":"2017-12-18T18:33:33","modified_gmt":"2017-12-18T18:33:33","slug":"jesaja-40-kafli","status":"publish","type":"page","link":"https:\/\/biblian.is\/gudbrandsbiblia\/jesaja-40-kafli\/","title":{"rendered":"Jesaja 40. kafli"},"content":{"rendered":"<p>XL.<\/p>\n<p>Huggi\u00f0, huggi\u00f0 mitt f\u00f3lk, segir y\u00f0var Gu\u00f0. <span class=\"athugasemd\" title=\"Annar partur b\u00f3karinnar Esaias \/ Sp\u00e1d\u00f3mur \u00fat af r\u00edkinu Christi\">[<\/span> Tali\u00f0 vinsamlega vi\u00f0 Jer\u00fasalem og pr\u00e9diki\u00f0 henni \u00fea\u00f0 hennar <span class=\"athugasemd\" title=\"a \/ Riddaraskapur) \/ er Gu\u00f0s \u00fej\u00f3nustugj\u00f6r\u00f0 \u00ed Gamla Testamentinu\">[<\/span> riddaraskapur hafi einn enda. \u00dev\u00ed a\u00f0 hennar misgj\u00f6rningur er fyrirgefinn \u00fev\u00ed a\u00f0 h\u00fan hefur <span class=\"athugasemd\" title=\"b \/ Tvefalt) \/ sem er fyrirgefning synda og fr\u00ed og frelsi fr\u00e1 M\u00f3ses l\u00f6gm\u00e1li\">[<\/span> tvefaldlegt me\u00f0teki\u00f0 af hendi Drottins fyrir allar hennar syndir.<\/p>\n<p>\t\u00dear er raust eins pr\u00e9dikara \u00fat \u00ed ey\u00f0im\u00f6rkinni: <span class=\"athugasemd\" title=\"Math. iy. \/ Marc. i. \/ Luc. iy. \/ J\u00f3h. i.\">[<\/span> Tilrei\u00f0i \u00fe\u00e9r vegu Drottins og gj\u00f6ri\u00f0 \u00ed \u00f3bygg\u00f0inni sl\u00e9ttan veg vorum Gu\u00f0i. Allir dalir skulu upphefjast og \u00f6ll fj\u00f6ll og h\u00e1lsar skulu ni\u00f0url\u00e6g\u00f0 ver\u00f0a og hva\u00f0 \u00f3sl\u00e9tt er \u00fea\u00f0 skal sl\u00e9tt ver\u00f0a og hva\u00f0 \u00f3jafnt er \u00fea\u00f0 skal eggsl\u00e9tt ver\u00f0a. \u00dev\u00ed a\u00f0 d\u00fdr\u00f0in Drottins skal opinberu\u00f0 ver\u00f0a og allt hold eitt me\u00f0 \u00f6\u00f0ru mun sj\u00e1 \u00fea\u00f0 munnur Drottins talar.<\/p>\n<p>\t\u00dear segir ein raust: Pr\u00e9dika \u00fe\u00fa og eg sag\u00f0a: Hva\u00f0 skal eg pr\u00e9dika? Allt hold er hey og allur \u00feess g\u00f3\u00f0i er so sem akursins bl\u00f3mstur. Heyi\u00f0 \u00fea\u00f0 upp\u00feornar, bl\u00f3mstri\u00f0 visnar, \u00fev\u00ed a\u00f0 andi Drottins bl\u00e6s \u00fear \u00e1. J\u00e1 f\u00f3lki\u00f0 er heyi\u00f0, heyi\u00f0 \u00fea\u00f0 upp\u00feornar, bl\u00f3mstri\u00f0 visnar en or\u00f0i\u00f0 Gu\u00f0s vors bl\u00edfur eil\u00edflega.<\/p>\n<p>\tS\u00edon, \u00fe\u00fa sem pr\u00e9dikar, far \u00fe\u00fa upp \u00e1 h\u00e1tt fjall, Jer\u00fasalem, \u00fe\u00fa sem pr\u00e9dikar, hef \u00fe\u00edna raust upp me\u00f0 magt, hef \u00fe\u00fa upp og \u00f3ttast ei. Seg \u00fe\u00fa borgunum J\u00fada: Sj\u00e1i\u00f0, \u00fear er y\u00f0var Gu\u00f0! \u00dev\u00ed sj\u00e1i\u00f0, Drottinn Drottinn kemur volduglegana og hans armleggur mun drottna. Sj\u00e1i\u00f0, hans laun eru hj\u00e1 honum og hans b\u00edtalingur er fyrir honum. Hann mun f\u00f3\u00f0ra s\u00edna hj\u00f6r\u00f0 sem einn hir\u00f0ir, hann mun l\u00f6mbunum safna \u00e1 s\u00edna armleggi og \u00feau \u00ed sinni kj\u00f6ltu bera og lei\u00f0a lambam\u00e6\u00f0urnar. <span class=\"athugasemd\" title=\"J\u00f3h. x. \/ S\u00e1l. xxiy. \/ Ezech. xiiy.\">[<\/span> <\/p>\n<p>\tHver metur v\u00f6tnin me\u00f0 hnefanum, hver m\u00e6lir himininn me\u00f0 einni l\u00f3fav\u00eddd og spannar j\u00f6r\u00f0ina me\u00f0 \u00feriggja \u00feumlunga breidd og vegur \u00feau fj\u00f6llin me\u00f0 einni vigt og h\u00e1lsana me\u00f0 einni vog? Hver fr\u00e6\u00f0ir \u00feann anda Drottins og hver r\u00e1\u00f0gjafi undirv\u00edsar honum? Hvern spyr hann a\u00f0 r\u00e1\u00f0um s\u00e1 e\u00f0 honum skilninginn gefi og kunni honum \u00feann veginn r\u00e9ttd\u00e6misins og kenni honum \u00fe\u00e1 viskuna og undirv\u00edsi honum veginn skilningsins? <span class=\"athugasemd\" title=\"R\u00f3m. xi.\">[<\/span> Sj\u00e1 \u00fe\u00fa, a\u00f0 hinir hei\u00f0nu eru akta\u00f0ir sem s\u00e1 dropi hver a\u00f0 \u00ed skj\u00f3lunni bl\u00edfur eftir og svo sem ein l\u00edtil \u00f6gn er \u00ed metask\u00e1lunni bl\u00edfur eftir. Sj\u00e1 \u00fe\u00fa, a\u00f0 eyjarnar eru sem \u00feunnt jar\u00f0arduft og L\u00edbanon v\u00e6ri helst til l\u00edtils til eldkveikjunnar og hans villud\u00fdr n\u00e6gja ei til brennioffursins. Allar hei\u00f0nar \u00fej\u00f3\u00f0ir eru so sem ekki neitt fyrir honum og l\u00edka so reikna\u00f0ar sem h\u00e9g\u00f3mi og \u00fea\u00f0 sem ekki er pari\u00f0.<\/p>\n<p>\tHverjum vilji \u00fe\u00e9r \u00fe\u00e1 eftirmynda Gu\u00f0 e\u00f0a hverja l\u00edking vilji \u00fe\u00e9r honum gj\u00f6ra? Meistarinn steypir vel eina mynd og gullsmi\u00f0urinn yfirgyllir hana og gj\u00f6rir \u00fear silfurh\u00fa\u00f0ir a\u00f0. <span class=\"athugasemd\" title=\"\u00dea\u00f0 er, \u00feeir r\u00edku hafa af gulli en f\u00e1t\u00e6kir af tr\u00e9 \u00feeirra afgu\u00f0i\">[<\/span> So l\u00edka hver hann form\u00e1 f\u00e1t\u00e6kliegt f\u00f3rnunaroffur, s\u00e1 \u00fatvelur s\u00e9r \u00fea\u00f0 tr\u00e9 sem ekki f\u00fanar og s\u00e6kir kl\u00f3kan meistara \u00fear til sem gj\u00f6rir eitt l\u00edkneski \u00fea\u00f0 sta\u00f0fast s\u00e9. Viti \u00fe\u00e9r ekki? Heyri \u00fe\u00e9r ekki? var y\u00f0ur \u00fea\u00f0 ekki kunngj\u00f6rt fyrirfram? Hafi \u00fe\u00e9r ekki skili\u00f0 \u00fea\u00f0 \u00feegar \u00ed fr\u00e1 upphafi jar\u00f0arinnar? Hann situr upp yfir jar\u00f0arkringlunni og \u00feeir e\u00f0 \u00fear upp \u00e1 b\u00faa eru sem engisprettur, hann hver e\u00f0 \u00fat\u00feenur himininn sem anna\u00f0 \u00feunnt skinn og brei\u00f0ir hann \u00fat sem a\u00f0ra tjaldb\u00fa\u00f0 \u00fear inni er b\u00fai\u00f0, hver e\u00f0 h\u00f6f\u00f0ingjana gj\u00f6rir a\u00f0 \u00f6ngu og \u00fe\u00e1 yfird\u00f3marana \u00e1 j\u00f6r\u00f0unni gj\u00f6rir a\u00f0 h\u00e9g\u00f3ma so sem a\u00f0 hef\u00f0i \u00feeirra stofn hvorki plantan n\u00e9 s\u00e6\u00f0i n\u00e9 nokkra r\u00f3tfesti \u00ed j\u00f6r\u00f0unni so a\u00f0 \u00feeir, n\u00e6r e\u00f0 vindurinn bl\u00e6s \u00e1 milli \u00feeirra, upp\u00feorni og eitt stormvi\u00f0ri \u00feeim \u00ed burtfeyki sem \u00f6\u00f0ru grasstr\u00e1i. Hverjum vilji \u00fe\u00e9r \u00fe\u00e1 eftirmynda mig \u00feeim eg s\u00e9 l\u00edkur? segir s\u00e1 Hinn heilagi.<\/p>\n<p>\tUpphefji\u00f0 y\u00f0ar augu \u00ed h\u00e6\u00f0irnar og sj\u00e1i\u00f0: <span class=\"athugasemd\" title=\"S\u00e1l. cxlvy.\">[<\/span> Hver hefir svoddan hluti skapa\u00f0 og \u00fatlei\u00f0ir h\u00e9r \u00feeirra her me\u00f0 t\u00f6lu? Hann s\u00e1 sem \u00fe\u00e1 alla kallar me\u00f0 nafni. Hans m\u00e1ttur og \u00f6flugur kraftur er so mikill so \u00fea\u00f0 kann ekki \u00ed einu brestur a\u00f0 vera.<\/p>\n<p>\tHvar fyrir segir \u00fe\u00fa \u00fe\u00e1, Jakob, og talar so, \u00cdsrael: Minn vegur er f\u00f3lginn fyrir Drottni og minn d\u00f3mur hann gengur framhj\u00e1 Gu\u00f0i m\u00ednum? Veistu ekki? Hefur \u00fe\u00fa ekki heyrt a\u00f0 Drottinn s\u00e1 eil\u00edflegur Gu\u00f0 sem endim\u00f6rk jar\u00f0arinnar hefur skapa\u00f0 hann ver\u00f0i hvorki \u00fereyttur n\u00e9 m\u00f3\u00f0ur. Hans skilningur er \u00f3rannsakanlegur, hann gefur \u00fereyttum kraft og styrkleik n\u00f3ga \u00feeim vanm\u00e1ttuga. Hinir ungu ver\u00f0a m\u00f3\u00f0ir og m\u00e1llausir og \u00feeir \u00e6skumennirnir falla en \u00feeir sem vona upp \u00e1 Drottin \u00feeir f\u00e1 n\u00fdjan kraft so a\u00f0 \u00feeir uppflj\u00faga me\u00f0 v\u00e6ngjum sem ernir, so \u00feeir hlaupi og ver\u00f0i ekki l\u00fanir, so \u00feeir gangi og m\u00e6\u00f0ist ekki.<\/p>\n","protected":false},"excerpt":{"rendered":"<p>XL. Huggi\u00f0, huggi\u00f0 mitt f\u00f3lk, segir y\u00f0var Gu\u00f0. [ Tali\u00f0 vinsamlega vi\u00f0 Jer\u00fasalem og pr\u00e9diki\u00f0 henni \u00fea\u00f0 hennar [ riddaraskapur hafi einn enda. \u00dev\u00ed a\u00f0 hennar misgj\u00f6rningur er fyrirgefinn \u00fev\u00ed a\u00f0 h\u00fan hefur [ tvefaldlegt me\u00f0teki\u00f0 af hendi Drottins fyrir allar hennar syndir. \u00dear er raust eins pr\u00e9dikara \u00fat \u00ed ey\u00f0im\u00f6rkinni: [ Tilrei\u00f0i \u00fe\u00e9r vegu Drottins og gj\u00f6ri\u00f0 \u00ed \u00f3bygg\u00f0inni sl\u00e9ttan veg vorum Gu\u00f0i. Allir dalir skulu upphefjast og \u00f6ll fj\u00f6ll og h\u00e1lsar skulu ni\u00f0url\u00e6g\u00f0 ver\u00f0a og hva\u00f0 \u00f3sl\u00e9tt er \u00fea\u00f0 skal sl\u00e9tt ver\u00f0a og hva\u00f0 \u00f3jafnt er \u00fea\u00f0 skal eggsl\u00e9tt ver\u00f0a. \u00dev\u00ed a\u00f0 d\u00fdr\u00f0in Drottins skal opinberu\u00f0 ver\u00f0a og <a href=\"https:\/\/biblian.is\/gudbrandsbiblia\/jesaja-40-kafli\/\"> [&#8230;]<\/a><\/p>\n","protected":false},"author":1,"featured_media":0,"parent":0,"menu_order":0,"comment_status":"open","ping_status":"open","template":"bibliukaflar.php","meta":{"footnotes":""},"class_list":["post-3413","page","type-page","status-publish","hentry"],"_links":{"self":[{"href":"https:\/\/biblian.is\/gudbrandsbiblia\/wp-json\/wp\/v2\/pages\/3413","targetHints":{"allow":["GET"]}}],"collection":[{"href":"https:\/\/biblian.is\/gudbrandsbiblia\/wp-json\/wp\/v2\/pages"}],"about":[{"href":"https:\/\/biblian.is\/gudbrandsbiblia\/wp-json\/wp\/v2\/types\/page"}],"author":[{"embeddable":true,"href":"https:\/\/biblian.is\/gudbrandsbiblia\/wp-json\/wp\/v2\/users\/1"}],"replies":[{"embeddable":true,"href":"https:\/\/biblian.is\/gudbrandsbiblia\/wp-json\/wp\/v2\/comments?post=3413"}],"version-history":[{"count":0,"href":"https:\/\/biblian.is\/gudbrandsbiblia\/wp-json\/wp\/v2\/pages\/3413\/revisions"}],"wp:attachment":[{"href":"https:\/\/biblian.is\/gudbrandsbiblia\/wp-json\/wp\/v2\/media?parent=3413"}],"curies":[{"name":"wp","href":"https:\/\/api.w.org\/{rel}","templated":true}]}}