{"id":3396,"date":"2017-12-18T18:33:33","date_gmt":"2017-12-18T18:33:33","guid":{"rendered":"http:\/\/biblian.is\/gudbrandsbiblia\/jesaja-23-kafli\/"},"modified":"2017-12-18T18:33:33","modified_gmt":"2017-12-18T18:33:33","slug":"jesaja-23-kafli","status":"publish","type":"page","link":"https:\/\/biblian.is\/gudbrandsbiblia\/jesaja-23-kafli\/","title":{"rendered":"Jesaja 23. kafli"},"content":{"rendered":"<p>XXIII.<\/p>\n<p>\u00deessi er s\u00e1 \u00feunginn yfir Tyro. <span class=\"athugasemd\" title=\"Forey\u00f0sla Tyri \/ Jer. xlvy. \/ Esek. xxvi. xxvy. xxviy.\">[<\/span> \u00ddli, \u00fe\u00e9r skipin sj\u00e1varins, \u00fev\u00ed a\u00f0 h\u00fan er foreydd so a\u00f0 \u00fear er ekkert h\u00fas uppi n\u00e9 s\u00e1 nokkur sem \u00feanga\u00f0 fari, \u00fat af landi <span class=\"athugasemd\" title=\"a \/ Kit\u00edm) \u00fea\u00f0 hefur gj\u00f6rt Alexander hinn mikli af Macedonia. So l\u00f6ngum t\u00edma \u00e1\u00f0ur hefur Esaias \u00fea\u00f0 fyrirs\u00e9\u00f0\">[<\/span> Kit\u00edm munu \u00feeir \u00feess varir ver\u00f0a. \u00deeir innbyggjarar eyjanna eru n\u00fa spakl\u00e1tir vor\u00f0nir, \u00feeir kaupmenn \u00ed S\u00eddon sem yfir hafi\u00f0 f\u00f3ru \u00feeir uppfylltu \u00feig. Og hva\u00f0 fyrir aldini e\u00f0 vi\u00f0 S\u00edhor og \u00fea\u00f0 korni\u00f0 sem vi\u00f0 vatni\u00f0 v\u00f3x \u00fea\u00f0 fluttist inn til hennar yfir um mikil v\u00f6tn og \u00fe\u00fa vart vor\u00f0in kaupsta\u00f0ur hei\u00f0inna \u00fej\u00f3\u00f0a. \u00de\u00fa m\u00e1tt vel skelfast, S\u00eddon, \u00fea\u00f0 <span class=\"athugasemd\" title=\"b \/ Sj\u00e1varhaf) \u00feeir Tyrus\">[<\/span> sj\u00e1varhafi\u00f0, j\u00e1, s\u00fa hin allrasterkasta vi\u00f0 hafi\u00f0 h\u00fan segir: Eg em ei \u00feungu\u00f0, eg f\u00e6\u00f0i ekki, \u00fev\u00ed el eg einnin engin ungmenni upp og f\u00e6\u00f0i ei neinar meyjar upp. L\u00edka sem menn hr\u00e6ddust \u00fe\u00e1 \u00feeir heyr\u00f0u um Egyptaland so munu \u00feeir og hr\u00e6\u00f0ast \u00feegar \u00feeir heyra af Tyro. Fari\u00f0 \u00fat \u00e1 hafi\u00f0, \u00fdli, \u00fe\u00e9r innbyggjendur eyjanna.<\/p>\n<p>\tHvort er \u00fea\u00f0 y\u00f0var fagna\u00f0arborg sem s\u00e9r hr\u00f3sar s\u00edns aldurs vegna? Hennar f\u00e6tur munu langt \u00ed burtu flytja hana til a\u00f0 fer\u00f0ast. Hver hef\u00f0i \u00fea\u00f0 \u00feenkt a\u00f0 \u00fea\u00f0 skyldi Tyro hinni k\u00f3r\u00f3nu\u00f0u so ganga hverrar kaupmenn a\u00f0 \u00fe\u00f3 voru h\u00f6f\u00f0ingjar og hennar varningsmenn h\u00e9r t\u00edguglegustu \u00ed landinu! Drottinn Seba\u00f3t hefir \u00fea\u00f0 so fyrirhugsa\u00f0 upp \u00e1 \u00fea\u00f0 a\u00f0 hann minnka\u00f0i so allt dramb \u00feeirrar veglegrar borgar og fyrirl\u00edtanlega gj\u00f6ri alla tignarmenn \u00ed landinu. Renn \u00fe\u00fa \u00ed gegnum \u00feitt land l\u00edka sem \u00e1rstraumur, \u00fe\u00fa d\u00f3ttir sj\u00e1varhafsins, \u00fear er enginn <span class=\"athugasemd\" title=\"c \/ (Lindi) \/ \u00dea\u00f0 er, engin valdsst\u00e9tt n\u00e9 yfirvald\">[<\/span> beltislindi lengur. Hann \u00fatr\u00e9ttir s\u00edna h\u00f6nd yfir sj\u00e1varhafi\u00f0 og skelfir k\u00f3ngar\u00edkin. Drottinn hann b\u00fd\u00f0ur yfir Kanaan til a\u00f0 afm\u00e1 \u00feeirra hina voldugu og segir: \u00de\u00fa skalt ekki lengur gl\u00f6\u00f0 vera, \u00fe\u00fa hin skamma\u00f0a jungfr\u00fa, \u00fe\u00fa d\u00f3ttir S\u00eddon.<\/p>\n<p>\tHeyr, <span class=\"athugasemd\" title=\"d \/ \u00de\u00e1 Alexander haf\u00f0i ni\u00f0urbroti\u00f0 Tyrum hlaut hann a\u00f0 forey\u00f0a Bab\u00fdlon\">[<\/span> Kit\u00edm, vert til rei\u00f0u og far \u00e1lei\u00f0is \u00fev\u00ed a\u00f0 \u00fe\u00fa m\u00e1tt \u00fear ei bl\u00edfa heldur \u00ed Kaldealandi \u00fear e\u00f0 ekkert f\u00f3lk var, heldur hefur Ass\u00far \u00fear skipafer\u00f0ir byrja\u00f0 og turn \u00fear inni uppbyggt og hefur \u00fear herbergi uppsm\u00ed\u00f0a\u00f0 en h\u00fan er sett til \u00feess a\u00f0 h\u00fan a\u00f0 veldi ni\u00f0urbrj\u00f3tist. \u00ddli, \u00fe\u00e9r skipin sj\u00e1varins, \u00fev\u00ed a\u00f0 y\u00f0var veldismagt er ni\u00f0urbrotin.<\/p>\n<p>\tOg \u00e1 \u00feeim t\u00edma mun Tyrus forgleymd ver\u00f0a um sj\u00f6t\u00edgi \u00e1r so lengi sem einn k\u00f3ngur getur lifa\u00f0. En eftir sj\u00f6t\u00edgi \u00e1r li\u00f0in mun kve\u00f0i\u00f0 vera eitt h\u00f3rukv\u00e6\u00f0i um Tyro. Tak \u00fe\u00fa h\u00f6rpuna og gakk \u00ed kring \u00ed borginni, \u00fe\u00fa hin forgleymda h\u00f3ra, haf \u00fe\u00fa gott lag \u00e1 hlj\u00f3\u00f0strengjunum og kve\u00f0 vel h\u00e1tt so a\u00f0 \u00fe\u00edn ver\u00f0i minnst aftur! \u00dev\u00ed a\u00f0 eftir sj\u00f6t\u00edgi \u00e1r li\u00f0in mun Drottinn vitja Tyro so a\u00f0 h\u00fan komi aftur til sinna portl\u00edfis ver\u00f0launa og dr\u00fdgi h\u00f3ranir vi\u00f0 \u00f6ll k\u00f3ngar\u00edkin \u00e1 j\u00f6r\u00f0u. En hennar kaupskapur og portl\u00edfislaun mun Drottni helga\u00f0 vera, \u00fea\u00f0 mun ei samandregi\u00f0 vera \u00ed f\u00e9sj\u00f3\u00f0u og ekki ni\u00f0urbyrgt heldur munu \u00feeir sem fyrir Drottni byggja hennar kaupeyri hafa so a\u00f0 \u00feeir neyti og ver\u00f0i saddir og s\u00e9 vel kl\u00e6ddir.<\/p>\n","protected":false},"excerpt":{"rendered":"<p>XXIII. \u00deessi er s\u00e1 \u00feunginn yfir Tyro. [ \u00ddli, \u00fe\u00e9r skipin sj\u00e1varins, \u00fev\u00ed a\u00f0 h\u00fan er foreydd so a\u00f0 \u00fear er ekkert h\u00fas uppi n\u00e9 s\u00e1 nokkur sem \u00feanga\u00f0 fari, \u00fat af landi [ Kit\u00edm munu \u00feeir \u00feess varir ver\u00f0a. \u00deeir innbyggjarar eyjanna eru n\u00fa spakl\u00e1tir vor\u00f0nir, \u00feeir kaupmenn \u00ed S\u00eddon sem yfir hafi\u00f0 f\u00f3ru \u00feeir uppfylltu \u00feig. Og hva\u00f0 fyrir aldini e\u00f0 vi\u00f0 S\u00edhor og \u00fea\u00f0 korni\u00f0 sem vi\u00f0 vatni\u00f0 v\u00f3x \u00fea\u00f0 fluttist inn til hennar yfir um mikil v\u00f6tn og \u00fe\u00fa vart vor\u00f0in kaupsta\u00f0ur hei\u00f0inna \u00fej\u00f3\u00f0a. \u00de\u00fa m\u00e1tt vel skelfast, S\u00eddon, \u00fea\u00f0 [ sj\u00e1varhafi\u00f0, j\u00e1, s\u00fa hin allrasterkasta <a href=\"https:\/\/biblian.is\/gudbrandsbiblia\/jesaja-23-kafli\/\"> [&#8230;]<\/a><\/p>\n","protected":false},"author":1,"featured_media":0,"parent":0,"menu_order":0,"comment_status":"open","ping_status":"open","template":"bibliukaflar.php","meta":{"footnotes":""},"class_list":["post-3396","page","type-page","status-publish","hentry"],"_links":{"self":[{"href":"https:\/\/biblian.is\/gudbrandsbiblia\/wp-json\/wp\/v2\/pages\/3396","targetHints":{"allow":["GET"]}}],"collection":[{"href":"https:\/\/biblian.is\/gudbrandsbiblia\/wp-json\/wp\/v2\/pages"}],"about":[{"href":"https:\/\/biblian.is\/gudbrandsbiblia\/wp-json\/wp\/v2\/types\/page"}],"author":[{"embeddable":true,"href":"https:\/\/biblian.is\/gudbrandsbiblia\/wp-json\/wp\/v2\/users\/1"}],"replies":[{"embeddable":true,"href":"https:\/\/biblian.is\/gudbrandsbiblia\/wp-json\/wp\/v2\/comments?post=3396"}],"version-history":[{"count":0,"href":"https:\/\/biblian.is\/gudbrandsbiblia\/wp-json\/wp\/v2\/pages\/3396\/revisions"}],"wp:attachment":[{"href":"https:\/\/biblian.is\/gudbrandsbiblia\/wp-json\/wp\/v2\/media?parent=3396"}],"curies":[{"name":"wp","href":"https:\/\/api.w.org\/{rel}","templated":true}]}}