{"id":3393,"date":"2017-12-18T18:33:29","date_gmt":"2017-12-18T18:33:29","guid":{"rendered":"http:\/\/biblian.is\/gudbrandsbiblia\/jesaja-20-kafli\/"},"modified":"2017-12-18T18:33:29","modified_gmt":"2017-12-18T18:33:29","slug":"jesaja-20-kafli","status":"publish","type":"page","link":"https:\/\/biblian.is\/gudbrandsbiblia\/jesaja-20-kafli\/","title":{"rendered":"Jesaja 20. kafli"},"content":{"rendered":"<p>XX.<\/p>\n<p>\u00c1 \u00fev\u00ed \u00e1rino \u00fe\u00e1 e\u00f0 Tartan kom til Asd\u00f3d so sem \u00fea\u00f0 Sargon k\u00f3ngurinn Assyria haf\u00f0i hann \u00fatsent og hann bar\u00f0ist \u00ed m\u00f3ti Asd\u00f3d og yfirvann hana, \u00e1 \u00feeim sama t\u00edma tala\u00f0i Drottinn fyrir Esaiam son Amos og sag\u00f0i: <span class=\"athugasemd\" title=\"Tartan \/ Sargon\">[<\/span> Far \u00fe\u00fa og leys \u00feann <span class=\"athugasemd\" title=\"a \/ hversdaglegur, \u00f3vir\u00f0ulegur kl\u00e6\u00f0na\u00f0ur\">[<\/span> sekkinn af \u00fe\u00ednum lendum og drag \u00fe\u00edn sk\u00f3kl\u00e6\u00f0i burt af \u00fe\u00ednum f\u00f3tum.&#8220; Og hann gj\u00f6r\u00f0i so, gekk nakinn og berf\u00e6ttur. \u00de\u00e1 sag\u00f0i Drottinn:<\/p>\n<p>\t&#8222;L\u00edka so sem \u00fea\u00f0 minn \u00fej\u00f3n Esaias gengur nakinn og berf\u00e6ttur til merkis og st\u00f3rundra \u00feriggja \u00e1ra yfir Egyptum og Bl\u00e1land, eins so l\u00edka mun k\u00f3ngurinn \u00ed Assyria burt dr\u00edfa hina herteknu Egyptalands og burt dr\u00edfa b\u00e6\u00f0i unga og gamla, nakta og berf\u00e6tta af M\u00f3rlandi, me\u00f0 allsberum bakhlutum, Egyptalandi til skammar. <span class=\"athugasemd\" title=\"Egyptaland \/ Bl\u00e1land\">[<\/span> Og \u00feeir munu skelfast og skammast s\u00edn vegna Bl\u00e1lands upp \u00e1 hverja \u00feeir vonu\u00f0u og \u00fear \u00ed m\u00f3t Bl\u00e1land vegna Egyptalands \u00fat af hverju \u00feeir hr\u00f6su\u00f0u s\u00e9r. Og \u00feeir innbyggjarar \u00feessarar eyjar munu segja \u00e1 \u00feeim sama t\u00edma: Er \u00fea\u00f0 vort traust \u00feanga\u00f0 e\u00f0 v\u00e9r fl\u00fd\u00f0um til hj\u00e1lpar so a\u00f0 v\u00e9r frelsa\u00f0ir yr\u00f0um fyrir k\u00f3nginum \u00ed Assyria? Hversu f\u00ednlegana erum v\u00e9r undankomnir!&#8220;<\/p>\n","protected":false},"excerpt":{"rendered":"<p>XX. \u00c1 \u00fev\u00ed \u00e1rino \u00fe\u00e1 e\u00f0 Tartan kom til Asd\u00f3d so sem \u00fea\u00f0 Sargon k\u00f3ngurinn Assyria haf\u00f0i hann \u00fatsent og hann bar\u00f0ist \u00ed m\u00f3ti Asd\u00f3d og yfirvann hana, \u00e1 \u00feeim sama t\u00edma tala\u00f0i Drottinn fyrir Esaiam son Amos og sag\u00f0i: [ Far \u00fe\u00fa og leys \u00feann [ sekkinn af \u00fe\u00ednum lendum og drag \u00fe\u00edn sk\u00f3kl\u00e6\u00f0i burt af \u00fe\u00ednum f\u00f3tum.&#8220; Og hann gj\u00f6r\u00f0i so, gekk nakinn og berf\u00e6ttur. \u00de\u00e1 sag\u00f0i Drottinn: &#8222;L\u00edka so sem \u00fea\u00f0 minn \u00fej\u00f3n Esaias gengur nakinn og berf\u00e6ttur til merkis og st\u00f3rundra \u00feriggja \u00e1ra yfir Egyptum og Bl\u00e1land, eins so l\u00edka mun k\u00f3ngurinn \u00ed Assyria burt dr\u00edfa <a href=\"https:\/\/biblian.is\/gudbrandsbiblia\/jesaja-20-kafli\/\"> [&#8230;]<\/a><\/p>\n","protected":false},"author":1,"featured_media":0,"parent":0,"menu_order":0,"comment_status":"open","ping_status":"open","template":"bibliukaflar.php","meta":{"footnotes":""},"class_list":["post-3393","page","type-page","status-publish","hentry"],"_links":{"self":[{"href":"https:\/\/biblian.is\/gudbrandsbiblia\/wp-json\/wp\/v2\/pages\/3393","targetHints":{"allow":["GET"]}}],"collection":[{"href":"https:\/\/biblian.is\/gudbrandsbiblia\/wp-json\/wp\/v2\/pages"}],"about":[{"href":"https:\/\/biblian.is\/gudbrandsbiblia\/wp-json\/wp\/v2\/types\/page"}],"author":[{"embeddable":true,"href":"https:\/\/biblian.is\/gudbrandsbiblia\/wp-json\/wp\/v2\/users\/1"}],"replies":[{"embeddable":true,"href":"https:\/\/biblian.is\/gudbrandsbiblia\/wp-json\/wp\/v2\/comments?post=3393"}],"version-history":[{"count":0,"href":"https:\/\/biblian.is\/gudbrandsbiblia\/wp-json\/wp\/v2\/pages\/3393\/revisions"}],"wp:attachment":[{"href":"https:\/\/biblian.is\/gudbrandsbiblia\/wp-json\/wp\/v2\/media?parent=3393"}],"curies":[{"name":"wp","href":"https:\/\/api.w.org\/{rel}","templated":true}]}}