{"id":3389,"date":"2017-12-18T18:33:29","date_gmt":"2017-12-18T18:33:29","guid":{"rendered":"http:\/\/biblian.is\/gudbrandsbiblia\/jesaja-16-kafli\/"},"modified":"2017-12-18T18:33:29","modified_gmt":"2017-12-18T18:33:29","slug":"jesaja-16-kafli","status":"publish","type":"page","link":"https:\/\/biblian.is\/gudbrandsbiblia\/jesaja-16-kafli\/","title":{"rendered":"Jesaja 16. kafli"},"content":{"rendered":"<p>XVI.<\/p>\n<p>\u00deetta er byr\u00f0ar\u00feunginn yfir M\u00f3ab. <span class=\"athugasemd\" title=\"M\u00f3ab \/ Jerem. xlviy. \/ Esek. xlviy. \/ Sef. y.\">[<\/span> \u00c1 n\u00e1ttar\u00feeli kemur forey\u00f0sla yfir Ar \u00ed M\u00f3ab, h\u00fan er \u00ed burtu. \u00c1 n\u00e1ttart\u00edma kemur forey\u00f0ing yfir K\u00edr \u00ed M\u00f3ab, h\u00fan er \u00ed burtu. \u00deeir ganga upp til Ba\u00edt og D\u00edbon til \u00feeirra altaranna so a\u00f0 \u00feeir gr\u00e1ti og \u00fdli yfir Neb\u00f3 og Medba \u00ed M\u00f3ab. Allra h\u00f6fu\u00f0 er h\u00e1rlaust, allra skegg er \u00ed burt raka\u00f0. \u00c1 s\u00ednum gatnam\u00f3tum ganga \u00feeir me\u00f0ur h\u00e6rusekkjum vaf\u00f0ir, upp \u00e1 s\u00ednum r\u00e6frum og str\u00e6tum \u00fdla \u00feeir allir og ganga gr\u00e1tandi \u00fear ofan af. Hesbon og Eleale \u00e6pa so h\u00e1tt a\u00f0 \u00fea\u00f0 heyrist til Jahsa. \u00dear fyrir kveina hinir herkl\u00e6ddu \u00ed M\u00f3ab \u00fea\u00f0 \u00feeirra s\u00e1lum gengur illa.<\/p>\n<p>\tMitt hjarta kallar \u00e1 M\u00f3ab, \u00feeirra fl\u00f3ttamenn fl\u00fa\u00f0u fr\u00e1 \u00feeirri \u00ferevetri <span class=\"athugasemd\" title=\"a \/ K\u00fdrinni) M\u00f3ab kallar hann \u00ferevetra k\u00fa \u00fev\u00ed \u00fea\u00f0 land var gott og f\u00f3lkr\u00edkt land so sem ein ung k\u00fdr er \u00e1vaxtars\u00f6m og mj\u00f3lkar miki\u00f0\">[<\/span> k\u00fdrinni allt til S\u00f3ar \u00fev\u00ed \u00feeir ganga ofan til L\u00fa\u00edt og gr\u00e1ta og \u00e1 veginum til H\u00f3r\u00f3na\u00edm \u00fear upphefst ein aumleg kveinan \u00fev\u00ed a\u00f0 \u00feau v\u00f6tnin til Nimr\u00edm \u00feverra svo \u00fea\u00f0 heyi\u00f0 visnar og grasi\u00f0 upp\u00feornar og \u00f6ngvar gr\u00e6nar jurtrir vaxa \u00fear. \u00dev\u00ed a\u00f0 \u00feau au\u00f0\u00e6fin sem \u00feeir hafa til samans dregi\u00f0 og \u00fea\u00f0 f\u00f3lk sem \u00feeir hafa \u00fatb\u00fai\u00f0 flyst \u00ed burt yfir um \u00feann v\u00ed\u00f0irunnal\u00e6kinn. Eitt hrygg\u00f0arkall gengur um kring \u00ed lands\u00e1lfum M\u00f3ab, kveinan \u00feeirra tekur allt til Eggla\u00edm og \u00feeir gr\u00e1ta \u00ed hj\u00e1 brunninum El\u00edm \u00fea\u00f0 v\u00f6tnin til D\u00edmon eru full af bl\u00f3\u00f0i. \u00dear a\u00f0 auk vil eg enn meira koma l\u00e1ta yfir D\u00edmon, b\u00e6\u00f0i yfir \u00fe\u00e1 sem undan hafa komist fr\u00e1 M\u00f3abs le\u00f3num og yfir \u00fe\u00e1 sem eftir bl\u00edfa \u00ed landino.<\/p>\n<p>\tK\u00e6ri, \u00fatsendi \u00fe\u00e9r landsins herrar l\u00f6mbin af <span class=\"athugasemd\" title=\"b \/ sela) \u00fea\u00f0 er, sendi\u00f0 offur til Jer\u00fasalem ef \u00fea\u00f0 vildi nokku\u00f0 sto\u00f0a \/ \u00deetta eru kallsyr\u00f0i \u00fev\u00ed hann meinar h\u00e9r \u00fevert \u00e1 m\u00f3t\">[<\/span> Sela \u00far ey\u00f0im\u00f6rkinni til fjallsins d\u00f3tturinnar S\u00edon. En l\u00edka sem einn fugl fl\u00fdgur \u00ed burt s\u00e1 e\u00f0 af s\u00ednu hrei\u00f0ri ver\u00f0ur \u00ed burt drifinn, l\u00edka so munu ver\u00f0a \u00fe\u00e6r d\u00e6turnar M\u00f3ab n\u00e6r e\u00f0 \u00fe\u00e6r ganga fram hj\u00e1 Arnon. Safni\u00f0 r\u00e1\u00f0um, hafi\u00f0 \u00feingstefnur, gj\u00f6r \u00fe\u00e9r skugga um mi\u00f0degi l\u00edka sem n\u00f3tt. Fel \u00fe\u00fa \u00fe\u00e1 fl\u00f3ttamennina og legg ei til \u00feeirra sem fl\u00fai\u00f0 hafa. Leyf \u00fe\u00fa m\u00ednum fl\u00f3ttam\u00f6nnum \u00ed hj\u00e1 \u00fe\u00e9r a\u00f0 herbergja. K\u00e6ri M\u00f3ab, vert \u00feeirra verndarskj\u00f3l fyrir forey\u00f0aranum, \u00fe\u00e1 mun s\u00e1 kvalarinn einn enda hafa og s\u00e1 fordjarfarinn linna og s\u00e1 ni\u00f0ur\u00ferykkjarinn afl\u00e1ta \u00ed landino.<\/p>\n<p>\tOg \u00fear mun einn st\u00f3l tilreiddur ver\u00f0a fyrir miskunnsemina og \u00fear mun einn upp \u00e1 sitja \u00ed sannleikanum, \u00fat \u00ed tjaldb\u00fa\u00f0 Dav\u00ed\u00f0s, og d\u00e6ma og traktera eftir r\u00e9ttinum og framfylgja r\u00e9ttl\u00e6tinu.<\/p>\n<p>\tEn v\u00e9r h\u00f6fum heyrt \u00fat af drambsemi M\u00f3ab \u00fea\u00f0 h\u00fan s\u00e9 mikil, so \u00fea\u00f0 hennar drambsemi, st\u00e6ril\u00e6ti, rei\u00f0i er meiri en hennar magt. \u00dear fyrir mun hver M\u00f3ab\u00edti \u00e6pa yfir \u00f6\u00f0rum, allir saman munu \u00feeir \u00e6pa, yfir grundvellinum borgarinnar K\u00edr Hareset munu hinir lemstru\u00f0u s\u00fdta. <span class=\"athugasemd\" title=\"Jerem. xlviy.\">[<\/span> \u00dev\u00ed a\u00f0 Hesbon er ein ey\u00f0ij\u00f6r\u00f0 or\u00f0in, v\u00edngar\u00f0urinn til S\u00edbma er fordjarfa\u00f0ur. Herrarnir me\u00f0al hei\u00f0inna \u00fej\u00f3\u00f0a hafa hans e\u00f0la v\u00ednvi\u00f0arkvistu \u00ed sundurslegi\u00f0 og eru komnir allt til Jaeser og draga um kring \u00ed ey\u00f0im\u00f6rkinni, hennar e\u00f0la v\u00ednvi\u00f0ir eru \u00ed sundurdreif\u00f0ir og yfir um hafi\u00f0 \u00ed burt fluttir.<\/p>\n<p>\t\u00dear fyrir gr\u00e6t eg fyrir Jaeser og vegna \u00feess v\u00ednvi\u00f0arins til S\u00edbma og \u00fathelli m\u00f6rgum t\u00e1rum vegna Hes\u00edbon og Eleale. \u00dev\u00ed a\u00f0 \u00fear er eitt <span class=\"athugasemd\" title=\"c \/ S\u00f6ng) \u00d3vinaher\u00f3p \u00ed sta\u00f0inn gle\u00f0ilegs s\u00f6ngs\">[<\/span> s\u00f6nghlj\u00f3\u00f0 \u00ed \u00fe\u00edna sumarvinnu og haustyrkju innfalli\u00f0 so \u00fea\u00f0 gle\u00f0in og f\u00f6gnu\u00f0urinn er af akurl\u00f6ndunum \u00ed burt horfinn og \u00ed \u00feeim v\u00edng\u00f6r\u00f0unum kve\u00f0a \u00feeir ei n\u00e9 gle\u00f0ja sig. \u00dear mun ekkert v\u00edn \u00fat\u00ferykkjast af v\u00edn\u00fer\u00fagunum, \u00e1 s\u00f6ngnum hefi eg einn enda gj\u00f6rt, \u00fear fyrir hlj\u00f3\u00f0ar mitt hjarta yfir M\u00f3ab l\u00edka sem ein harpa og m\u00edn i\u00f0ur yfir K\u00edr Hares. \u00de\u00e1 mun \u00fea\u00f0 opinsk\u00e1rt ver\u00f0a hvernin \u00fea\u00f0 M\u00f3ab muni erfitt veita \u00ed hj\u00e1 \u00feeim \u00f6lt\u00f6r\u00f6num og hvernin \u00fea\u00f0 hann s\u00e9 genginn til sinnar kirkju a\u00f0 bi\u00f0jast fyrir og hafi \u00fe\u00f3 \u00f6ngu til sta\u00f0ar komi\u00f0. \u00deetta er \u00fea\u00f0 hva\u00f0 Drottinn hefur tala\u00f0 \u00ed gegn M\u00f3ab \u00ed \u00fea\u00f0 sama sinn en n\u00fa m\u00e6lir Drottinn og segir: \u00c1 \u00ferimur \u00e1rum l\u00edka sem \u00fea\u00f0 eins verkmanns \u00e1r eru \u00fe\u00e1 mun vegsemdin \u00ed M\u00f3ab l\u00edtil ver\u00f0a \u00ed \u00feeim mikla mannfj\u00f6lda so \u00fea\u00f0 mj\u00f6g f\u00e1ir eftir bl\u00edfa og eigi margir. <span class=\"athugasemd\" title=\"Daglaunarans\">[<\/span><\/p>\n","protected":false},"excerpt":{"rendered":"<p>XVI. \u00deetta er byr\u00f0ar\u00feunginn yfir M\u00f3ab. [ \u00c1 n\u00e1ttar\u00feeli kemur forey\u00f0sla yfir Ar \u00ed M\u00f3ab, h\u00fan er \u00ed burtu. \u00c1 n\u00e1ttart\u00edma kemur forey\u00f0ing yfir K\u00edr \u00ed M\u00f3ab, h\u00fan er \u00ed burtu. \u00deeir ganga upp til Ba\u00edt og D\u00edbon til \u00feeirra altaranna so a\u00f0 \u00feeir gr\u00e1ti og \u00fdli yfir Neb\u00f3 og Medba \u00ed M\u00f3ab. Allra h\u00f6fu\u00f0 er h\u00e1rlaust, allra skegg er \u00ed burt raka\u00f0. \u00c1 s\u00ednum gatnam\u00f3tum ganga \u00feeir me\u00f0ur h\u00e6rusekkjum vaf\u00f0ir, upp \u00e1 s\u00ednum r\u00e6frum og str\u00e6tum \u00fdla \u00feeir allir og ganga gr\u00e1tandi \u00fear ofan af. Hesbon og Eleale \u00e6pa so h\u00e1tt a\u00f0 \u00fea\u00f0 heyrist til Jahsa. \u00dear fyrir kveina <a href=\"https:\/\/biblian.is\/gudbrandsbiblia\/jesaja-16-kafli\/\"> [&#8230;]<\/a><\/p>\n","protected":false},"author":1,"featured_media":0,"parent":0,"menu_order":0,"comment_status":"open","ping_status":"open","template":"bibliukaflar.php","meta":{"footnotes":""},"class_list":["post-3389","page","type-page","status-publish","hentry"],"_links":{"self":[{"href":"https:\/\/biblian.is\/gudbrandsbiblia\/wp-json\/wp\/v2\/pages\/3389","targetHints":{"allow":["GET"]}}],"collection":[{"href":"https:\/\/biblian.is\/gudbrandsbiblia\/wp-json\/wp\/v2\/pages"}],"about":[{"href":"https:\/\/biblian.is\/gudbrandsbiblia\/wp-json\/wp\/v2\/types\/page"}],"author":[{"embeddable":true,"href":"https:\/\/biblian.is\/gudbrandsbiblia\/wp-json\/wp\/v2\/users\/1"}],"replies":[{"embeddable":true,"href":"https:\/\/biblian.is\/gudbrandsbiblia\/wp-json\/wp\/v2\/comments?post=3389"}],"version-history":[{"count":0,"href":"https:\/\/biblian.is\/gudbrandsbiblia\/wp-json\/wp\/v2\/pages\/3389\/revisions"}],"wp:attachment":[{"href":"https:\/\/biblian.is\/gudbrandsbiblia\/wp-json\/wp\/v2\/media?parent=3389"}],"curies":[{"name":"wp","href":"https:\/\/api.w.org\/{rel}","templated":true}]}}