{"id":3377,"date":"2017-12-18T18:33:29","date_gmt":"2017-12-18T18:33:29","guid":{"rendered":"http:\/\/biblian.is\/gudbrandsbiblia\/jesaja-4-kafli\/"},"modified":"2017-12-18T18:33:29","modified_gmt":"2017-12-18T18:33:29","slug":"jesaja-4-kafli","status":"publish","type":"page","link":"https:\/\/biblian.is\/gudbrandsbiblia\/jesaja-4-kafli\/","title":{"rendered":"Jesaja 4. kafli"},"content":{"rendered":"<p>IIII.<\/p>\n<p>\u00c1 \u00feeim t\u00edma mun s\u00e1 kvistur Drottins k\u00e6r og vir\u00f0uglegur vera og s\u00e1 \u00e1v\u00f6xtur jar\u00f0arinnar t\u00edgulegur og fagur hj\u00e1 \u00feeim sem hj\u00e1lplegir ver\u00f0a \u00ed \u00cdsrael. <span class=\"athugasemd\" title=\"Huggan \u00feeirra r\u00e9tttr\u00fau\u00f0u \u00e1 Christum\">[<\/span> Og hver \u00fe\u00e1 eftir ver\u00f0ur \u00ed S\u00edon og yfirbl\u00edfur til Jer\u00fasalem s\u00e1 mun heilagur kallast, hver s\u00e1 sem skrifa\u00f0ur er \u00e1 me\u00f0al \u00feeirra sem lifa til Jer\u00fasalem. \u00dev\u00ed a\u00f0 Drottinn mun af \u00fev\u00f3 saurindin d\u00e6tranna S\u00edon og \u00fe\u00e1 bl\u00f3\u00f0skuldina Jer\u00fasalem \u00ed burt taka fr\u00e1 henni fyrir andann s\u00e1 d\u00e6ma skal og einn eld upptendra.<\/p>\n<p>\tOg Drottinn mun skikka yfir alar byggingar fjallsins S\u00edon og hvar e\u00f0 h\u00fan er til samans s\u00f6fnu\u00f0 sk\u00fd og reyk um daga og \u00fe\u00e6r eldingar e\u00f0 brenna um n\u00e6tur. \u00dev\u00ed a\u00f0 \u00fear mun ein verndarhl\u00edf vera yfir \u00f6llu \u00fev\u00ed hva\u00f0 <span class=\"athugasemd\" title=\"a \/ D\u00fdr\u00f0arsamlegt) \u00dea\u00f0 heyrir Gu\u00f0i er d\u00fdr\u00f0legt, svo sem \u00feeir r\u00e9tttr\u00fau\u00f0u\">[<\/span> d\u00fdr\u00f0arsamlegt er og mun so ein tjaldb\u00fa\u00f0 vera til forskyggnis \u00e1 deginum fyrir hitanum og eitt h\u00e6li og skj\u00f3l fyrir stormvi\u00f0rinu og d\u00f6gginni.<\/p>\n","protected":false},"excerpt":{"rendered":"<p>IIII. \u00c1 \u00feeim t\u00edma mun s\u00e1 kvistur Drottins k\u00e6r og vir\u00f0uglegur vera og s\u00e1 \u00e1v\u00f6xtur jar\u00f0arinnar t\u00edgulegur og fagur hj\u00e1 \u00feeim sem hj\u00e1lplegir ver\u00f0a \u00ed \u00cdsrael. [ Og hver \u00fe\u00e1 eftir ver\u00f0ur \u00ed S\u00edon og yfirbl\u00edfur til Jer\u00fasalem s\u00e1 mun heilagur kallast, hver s\u00e1 sem skrifa\u00f0ur er \u00e1 me\u00f0al \u00feeirra sem lifa til Jer\u00fasalem. \u00dev\u00ed a\u00f0 Drottinn mun af \u00fev\u00f3 saurindin d\u00e6tranna S\u00edon og \u00fe\u00e1 bl\u00f3\u00f0skuldina Jer\u00fasalem \u00ed burt taka fr\u00e1 henni fyrir andann s\u00e1 d\u00e6ma skal og einn eld upptendra. Og Drottinn mun skikka yfir alar byggingar fjallsins S\u00edon og hvar e\u00f0 h\u00fan er til samans s\u00f6fnu\u00f0 sk\u00fd og <a href=\"https:\/\/biblian.is\/gudbrandsbiblia\/jesaja-4-kafli\/\"> [&#8230;]<\/a><\/p>\n","protected":false},"author":1,"featured_media":0,"parent":0,"menu_order":0,"comment_status":"open","ping_status":"open","template":"bibliukaflar.php","meta":{"footnotes":""},"class_list":["post-3377","page","type-page","status-publish","hentry"],"_links":{"self":[{"href":"https:\/\/biblian.is\/gudbrandsbiblia\/wp-json\/wp\/v2\/pages\/3377","targetHints":{"allow":["GET"]}}],"collection":[{"href":"https:\/\/biblian.is\/gudbrandsbiblia\/wp-json\/wp\/v2\/pages"}],"about":[{"href":"https:\/\/biblian.is\/gudbrandsbiblia\/wp-json\/wp\/v2\/types\/page"}],"author":[{"embeddable":true,"href":"https:\/\/biblian.is\/gudbrandsbiblia\/wp-json\/wp\/v2\/users\/1"}],"replies":[{"embeddable":true,"href":"https:\/\/biblian.is\/gudbrandsbiblia\/wp-json\/wp\/v2\/comments?post=3377"}],"version-history":[{"count":0,"href":"https:\/\/biblian.is\/gudbrandsbiblia\/wp-json\/wp\/v2\/pages\/3377\/revisions"}],"wp:attachment":[{"href":"https:\/\/biblian.is\/gudbrandsbiblia\/wp-json\/wp\/v2\/media?parent=3377"}],"curies":[{"name":"wp","href":"https:\/\/api.w.org\/{rel}","templated":true}]}}