{"id":3368,"date":"2017-12-18T18:33:26","date_gmt":"2017-12-18T18:33:26","guid":{"rendered":"http:\/\/biblian.is\/gudbrandsbiblia\/ljodaljodin-3-kafli\/"},"modified":"2017-12-18T18:33:26","modified_gmt":"2017-12-18T18:33:26","slug":"ljodaljodin-3-kafli","status":"publish","type":"page","link":"https:\/\/biblian.is\/gudbrandsbiblia\/ljodaljodin-3-kafli\/","title":{"rendered":"Lj\u00f3\u00f0alj\u00f3\u00f0in 3. kafli"},"content":{"rendered":"<p>III.<\/p>\n<p>Eg leita\u00f0i um n\u00f3ttina \u00ed minni s\u00e6ng eftir honum sem m\u00edn s\u00e1la elska\u00f0i, eg leita\u00f0i og fann hann ekki. Eg vil n\u00fa standa upp og ganga um kring \u00ed sta\u00f0num, \u00e1 g\u00f6tunum og \u00e1 str\u00e6tunum og leita eftir \u00feeim sem m\u00edn s\u00e1la elskar. Eg leita\u00f0i en eg fann hann ekki. Var\u00f0haldsmennirnir sem gengu \u00ed kringum sta\u00f0inn fundu mig. Hafi \u00fe\u00e9r ekki s\u00e9\u00f0 \u00feann sem m\u00edn s\u00e1la elskar? \u00de\u00e1 eg var skammt gengin fr\u00e1 \u00feeim \u00fe\u00e1 fann eg \u00feann sem m\u00edn s\u00e1l elskar. Eg h\u00e9lt honum og vildi ekki sleppa honum \u00fear til a\u00f0 eg leidda hann \u00ed minnar m\u00f3\u00f0ur h\u00fas og \u00ed minnar m\u00f3\u00f0ur herbergi.<\/p>\n<p>\tEg s\u00e6ri y\u00f0ur, \u00fe\u00e9r d\u00e6tur Jer\u00fasalem, vi\u00f0 geitur og hindur \u00e1 m\u00f6rkinni, a\u00f0 \u00fe\u00e9r hverki uppveki\u00f0 n\u00e9 \u00f3maki\u00f0 m\u00edna k\u00e6rustu \u00fear til hana sj\u00e1lfa lystir.<\/p>\n<p>\tHver \u00feann sem uppgengur af ey\u00f0im\u00f6rkunni sem einn reykst\u00f3lpi, svo sem ilmur af mirru, reykelsi og allra handa p\u00falveri jurtramakarans? Sj\u00e1, \u00ed kringum Salomonis s\u00e6ng standa sext\u00edgi sterkir af \u00feeim sterkum \u00ed \u00cdsrael. \u00deeir hafa allir sver\u00f0 og eru k\u00e6nir til bardaga, hver hefur sitt sver\u00f0 \u00e1 sinni s\u00ed\u00f0u s\u00f6kum n\u00e6tur\u00f3ttans.<\/p>\n<p>\tSal\u00f3mon k\u00f3ngur l\u00e9t gj\u00f6ra einn sal af Libanusvi\u00f0i og st\u00f3lparnir voru af silfri en rj\u00e1fri\u00f0 af gulli, s\u00e6ti\u00f0 af purpura, g\u00f3lfi\u00f0 \u00ed mi\u00f0junni var lagt me\u00f0 d\u00fdr\u00f0legum steinum fyrir sakir d\u00e6tra Jer\u00fasalem.<\/p>\n<p>\t\u00de\u00e9r d\u00e6tur S\u00edon, gangi\u00f0 \u00fat og sj\u00e1i\u00f0 Sal\u00f3mon k\u00f3ng me\u00f0 \u00feeirri k\u00f3r\u00f3nu sem hans m\u00f3\u00f0ir k\u00f3r\u00f3na\u00f0i hann, \u00e1 hans brullaupsdag og \u00e1 gla\u00f0v\u00e6r\u00f0ardegi hans hjarta.<\/p>\n","protected":false},"excerpt":{"rendered":"<p>III. Eg leita\u00f0i um n\u00f3ttina \u00ed minni s\u00e6ng eftir honum sem m\u00edn s\u00e1la elska\u00f0i, eg leita\u00f0i og fann hann ekki. Eg vil n\u00fa standa upp og ganga um kring \u00ed sta\u00f0num, \u00e1 g\u00f6tunum og \u00e1 str\u00e6tunum og leita eftir \u00feeim sem m\u00edn s\u00e1la elskar. Eg leita\u00f0i en eg fann hann ekki. Var\u00f0haldsmennirnir sem gengu \u00ed kringum sta\u00f0inn fundu mig. Hafi \u00fe\u00e9r ekki s\u00e9\u00f0 \u00feann sem m\u00edn s\u00e1la elskar? \u00de\u00e1 eg var skammt gengin fr\u00e1 \u00feeim \u00fe\u00e1 fann eg \u00feann sem m\u00edn s\u00e1l elskar. Eg h\u00e9lt honum og vildi ekki sleppa honum \u00fear til a\u00f0 eg leidda hann \u00ed minnar m\u00f3\u00f0ur <a href=\"https:\/\/biblian.is\/gudbrandsbiblia\/ljodaljodin-3-kafli\/\"> [&#8230;]<\/a><\/p>\n","protected":false},"author":1,"featured_media":0,"parent":0,"menu_order":0,"comment_status":"open","ping_status":"open","template":"bibliukaflar.php","meta":{"footnotes":""},"class_list":["post-3368","page","type-page","status-publish","hentry"],"_links":{"self":[{"href":"https:\/\/biblian.is\/gudbrandsbiblia\/wp-json\/wp\/v2\/pages\/3368","targetHints":{"allow":["GET"]}}],"collection":[{"href":"https:\/\/biblian.is\/gudbrandsbiblia\/wp-json\/wp\/v2\/pages"}],"about":[{"href":"https:\/\/biblian.is\/gudbrandsbiblia\/wp-json\/wp\/v2\/types\/page"}],"author":[{"embeddable":true,"href":"https:\/\/biblian.is\/gudbrandsbiblia\/wp-json\/wp\/v2\/users\/1"}],"replies":[{"embeddable":true,"href":"https:\/\/biblian.is\/gudbrandsbiblia\/wp-json\/wp\/v2\/comments?post=3368"}],"version-history":[{"count":0,"href":"https:\/\/biblian.is\/gudbrandsbiblia\/wp-json\/wp\/v2\/pages\/3368\/revisions"}],"wp:attachment":[{"href":"https:\/\/biblian.is\/gudbrandsbiblia\/wp-json\/wp\/v2\/media?parent=3368"}],"curies":[{"name":"wp","href":"https:\/\/api.w.org\/{rel}","templated":true}]}}