{"id":3366,"date":"2017-12-18T18:33:26","date_gmt":"2017-12-18T18:33:26","guid":{"rendered":"http:\/\/biblian.is\/gudbrandsbiblia\/ljodaljodin-1-kafli\/"},"modified":"2017-12-18T18:33:26","modified_gmt":"2017-12-18T18:33:26","slug":"ljodaljodin-1-kafli","status":"publish","type":"page","link":"https:\/\/biblian.is\/gudbrandsbiblia\/ljodaljodin-1-kafli\/","title":{"rendered":"Lj\u00f3\u00f0alj\u00f3\u00f0in 1. kafli"},"content":{"rendered":"<p>Lofkv\u00e6\u00f0i Salomonis<\/p>\n<p>I. <\/p>\n<p>Hann kyssi mig me\u00f0 kossi s\u00edns munns \u00fev\u00ed a\u00f0 \u00fe\u00edn brj\u00f3st eru lystilegri en v\u00edn, svo a\u00f0 menn lukti \u00feinn g\u00f3\u00f0a smyrslailm. \u00deitt nafn er sem \u00fatflj\u00f3tanda vi\u00f0smj\u00f6r, \u00fear fyrir elska \u00feig yngismeyjarnar.<\/p>\n<p>\tDrag mig eftir \u00fe\u00e9r, \u00fe\u00e1 hlaupum vi\u00f0. K\u00f3ngurinn f\u00e6r\u00f0i mig \u00ed sitt herbergi. V\u00e9r k\u00e6tunst og gle\u00f0jum oss yfir \u00fe\u00e9r, v\u00e9r \u00feenkjum meir til \u00feinna brj\u00f3sta heldur en til nokkurs v\u00edns, \u00feeir r\u00e9ttv\u00edsu elska \u00feig.<\/p>\n<p>\tEg er d\u00f6kk en \u00fe\u00f3 mj\u00f6g pr\u00fd\u00f0ileg, \u00fe\u00e9r d\u00e6tur Jer\u00fasalem, so sem tjaldb\u00fa\u00f0irnar Kedar og so sem vefna\u00f0artj\u00f6ld Salomonis. Sko\u00f0i\u00f0 mig ekki a\u00f0 eg er so d\u00f6kk \u00fev\u00ed a\u00f0 s\u00f3lin hefur brennt mig. Synir minnar m\u00f3\u00f0ur eru m\u00e9r rei\u00f0ir, menn hafa sett mig a\u00f0 eg skyldi vera geymslukona v\u00edngar\u00f0sins en eg geymda ekki minn v\u00edngar\u00f0 \u00feann eg haf\u00f0i.<\/p>\n<p>\tL\u00e1ttu mig vita hvern \u00fe\u00edn s\u00e1la elskar, hvar \u00fe\u00fa f\u00e6\u00f0ist, hvar \u00fe\u00fa hv\u00edlir um mi\u00f0daginn, so eg gangi ekki hinga\u00f0 og \u00feanga\u00f0, hj\u00e1 samf\u00e9lagi \u00feinna hjar\u00f0argeymslumanna.<\/p>\n<p>\t\u00deekkir \u00fe\u00fa \u00feig ekki, \u00fe\u00fa hin fegursta \u00e1 me\u00f0al kvennanna, so gakktu \u00e1 sau\u00f0anna f\u00f3tspor og f\u00e6\u00f0 \u00fe\u00edna kjarnhafra hj\u00e1 h\u00fasum hir\u00f0aranna.<\/p>\n<p>\tEg jafna \u00fe\u00e9r, m\u00edn k\u00e6rasta, vi\u00f0 mitt riddarali\u00f0 \u00ed pharaonis v\u00f6gnum. \u00de\u00edn kinnbein standa lystilega \u00ed milli spanganna og \u00feinn h\u00e1ls \u00ed milli ke\u00f0janna. V\u00e9r viljum gj\u00f6ra \u00fe\u00e9r gylltar spangir me\u00f0 silfurn\u00f6glum.<\/p>\n<p>\t\u00de\u00e1 k\u00f3ngurinn sneri s\u00e9r hinga\u00f0 gaf minn nardus sinn ilm. Minn vin er sem mirrubindini hangandi \u00e1 millum minna brj\u00f3sta. Minn vin er m\u00e9r sem ein copher\u00fer\u00faga \u00ed v\u00edngar\u00f0inum til Enged\u00ed. <\/p>\n<p>\tSj\u00e1, m\u00edn k\u00e6rasta, \u00fe\u00fa ert f\u00f6gur, j\u00e1 f\u00f6gur ertu, \u00fe\u00edn augu eru sem d\u00fafuaugu. Sj\u00e1, minn vin, \u00fe\u00fa ert fagur og pr\u00fd\u00f0ilegur. Vor s\u00e6ng er gr\u00e6n, vorir h\u00fasbitar eru af sedrustr\u00e9 og vorar sperrur af sypressusvi\u00f0i.<\/p>\n","protected":false},"excerpt":{"rendered":"<p>Lofkv\u00e6\u00f0i Salomonis I. Hann kyssi mig me\u00f0 kossi s\u00edns munns \u00fev\u00ed a\u00f0 \u00fe\u00edn brj\u00f3st eru lystilegri en v\u00edn, svo a\u00f0 menn lukti \u00feinn g\u00f3\u00f0a smyrslailm. \u00deitt nafn er sem \u00fatflj\u00f3tanda vi\u00f0smj\u00f6r, \u00fear fyrir elska \u00feig yngismeyjarnar. Drag mig eftir \u00fe\u00e9r, \u00fe\u00e1 hlaupum vi\u00f0. K\u00f3ngurinn f\u00e6r\u00f0i mig \u00ed sitt herbergi. V\u00e9r k\u00e6tunst og gle\u00f0jum oss yfir \u00fe\u00e9r, v\u00e9r \u00feenkjum meir til \u00feinna brj\u00f3sta heldur en til nokkurs v\u00edns, \u00feeir r\u00e9ttv\u00edsu elska \u00feig. Eg er d\u00f6kk en \u00fe\u00f3 mj\u00f6g pr\u00fd\u00f0ileg, \u00fe\u00e9r d\u00e6tur Jer\u00fasalem, so sem tjaldb\u00fa\u00f0irnar Kedar og so sem vefna\u00f0artj\u00f6ld Salomonis. Sko\u00f0i\u00f0 mig ekki a\u00f0 eg er so d\u00f6kk \u00fev\u00ed a\u00f0 <a href=\"https:\/\/biblian.is\/gudbrandsbiblia\/ljodaljodin-1-kafli\/\"> [&#8230;]<\/a><\/p>\n","protected":false},"author":1,"featured_media":0,"parent":0,"menu_order":0,"comment_status":"open","ping_status":"open","template":"bibliukaflar.php","meta":{"footnotes":""},"class_list":["post-3366","page","type-page","status-publish","hentry"],"_links":{"self":[{"href":"https:\/\/biblian.is\/gudbrandsbiblia\/wp-json\/wp\/v2\/pages\/3366","targetHints":{"allow":["GET"]}}],"collection":[{"href":"https:\/\/biblian.is\/gudbrandsbiblia\/wp-json\/wp\/v2\/pages"}],"about":[{"href":"https:\/\/biblian.is\/gudbrandsbiblia\/wp-json\/wp\/v2\/types\/page"}],"author":[{"embeddable":true,"href":"https:\/\/biblian.is\/gudbrandsbiblia\/wp-json\/wp\/v2\/users\/1"}],"replies":[{"embeddable":true,"href":"https:\/\/biblian.is\/gudbrandsbiblia\/wp-json\/wp\/v2\/comments?post=3366"}],"version-history":[{"count":0,"href":"https:\/\/biblian.is\/gudbrandsbiblia\/wp-json\/wp\/v2\/pages\/3366\/revisions"}],"wp:attachment":[{"href":"https:\/\/biblian.is\/gudbrandsbiblia\/wp-json\/wp\/v2\/media?parent=3366"}],"curies":[{"name":"wp","href":"https:\/\/api.w.org\/{rel}","templated":true}]}}