{"id":3353,"date":"2017-12-18T18:33:22","date_gmt":"2017-12-18T18:33:22","guid":{"rendered":"http:\/\/biblian.is\/gudbrandsbiblia\/ordskvidirnir-31-kafli\/"},"modified":"2017-12-18T18:33:22","modified_gmt":"2017-12-18T18:33:22","slug":"ordskvidirnir-31-kafli","status":"publish","type":"page","link":"https:\/\/biblian.is\/gudbrandsbiblia\/ordskvidirnir-31-kafli\/","title":{"rendered":"Or\u00f0skvi\u00f0irnir 31. kafli"},"content":{"rendered":"<p>XXXI.<\/p>\n<p>\t\u00deessi eru or\u00f0 Lam\u00fael k\u00f3ngs, s\u00fa kenning er m\u00f3\u00f0ir hans kenndi honum: <span class=\"athugasemd\" title=\"\u00deessu hefur einhver k\u00f3nganna og svo auki\u00f0 vi\u00f0 or\u00f0skvi\u00f0u Salomonis\">[<\/span> <\/p>\n<p>\tHeyr, minn hinn \u00fatvaldi, \u00fe\u00fa sonur m\u00edns kvi\u00f0ar, heyr, minn elskulegur sonur:<\/p>\n<p>\tF\u00e1 \u00fe\u00fa ekki konunum \u00feitt megn og gakk \u00fe\u00fa ekki \u00feann veg sem k\u00f3ngarnir fordjarfast \u00e1. Ekki k\u00f3nginum, Lam\u00fael, gef ekki k\u00f3nginum v\u00edn a\u00f0 drekka n\u00e9 sterkan drykk h\u00f6f\u00f0ingjunum so a\u00f0 \u00feeir drekki og gleymi r\u00e9ttindinum og sn\u00fai s\u00f6k aumra manna.<\/p>\n<p>\tGef \u00feeim sterkan drykk e\u00f0 fyrirfarast skulu og v\u00edn syrgjundum s\u00e1lum svo \u00feeir drekki og gleymi eymd sinni og hugsi ekki til sinnar \u00f3hamingju.<\/p>\n<p>\tL\u00fak upp \u00feinn munn fyrir m\u00e1llausa og fyrir allra \u00feeirra skuld sem fyrirl\u00e1tnir eru.<\/p>\n<p>\tUppl\u00fak \u00fe\u00ednum munni og d\u00e6m r\u00e9tt og hefn aumra og f\u00e1t\u00e6kra.<\/p>\n<p>\tHver hann f\u00e6r eina dygg\u00f0uga konu, h\u00fan er miki\u00f0 betri d\u00fdr\u00f0legum gimsteinum. <span class=\"athugasemd\" title=\"\u00c1 j\u00f6r\u00f0u er ekkert \u00e1st\u00fa\u00f0legra en sk\u00e6r hj\u00f3nabandselska\">[<\/span> Hjarta hennar manns m\u00e1 henni treysta og vi\u00f0v\u00e6ri mun hann ekki vanta. H\u00fan gj\u00f6rir h\u00f6num gott en ekki vont alla s\u00edna l\u00edfdaga.<\/p>\n<p>\tH\u00fan handt\u00e9rar ull og l\u00edn og erfi\u00f0ar gjarna me\u00f0 s\u00ednum h\u00f6ndum.<\/p>\n<p>\tH\u00fan er l\u00edka sem \u00fea\u00f0 kaupfar er flytur s\u00edn \u00fearfindi fr\u00e1 fjarl\u00e6gum l\u00f6ndum.<\/p>\n<p>\tH\u00fan stendur upp um n\u00e6tur og gefur s\u00ednum hj\u00faum f\u00e6\u00f0slu og s\u00ednum amb\u00e1ttum a\u00f0 eta.<\/p>\n<p>\tH\u00fan hugsar um nokkurn akur og kaupir hann og plantar einn v\u00edngar\u00f0 af s\u00ednum handa\u00e1vexti.<\/p>\n<p>\tH\u00fan <span class=\"athugasemd\" title=\"a \/ (Gyr\u00f0ir) \/ \u00dea\u00f0 er, h\u00fan er \u00ferifna\u00f0ars\u00f6m \u00ed s\u00ednu h\u00fasi og vara tekur fyrir ska\u00f0a og hva\u00f0 gagnlegt er\">[<\/span> gyr\u00f0ir s\u00ednar lendar og styrkir s\u00edna armleggi.<\/p>\n<p>\tH\u00fan vaktar hvernin a\u00f0 gagn gj\u00f6ri hennar s\u00fdslan. Hennar skri\u00f0lj\u00f3s slokknar ekki <span class=\"athugasemd\" title=\"b \/ (N\u00f3ttinni) \/ \u00dea\u00f0 er, \u00ed ney\u00f0inni hefur h\u00fan n\u00f3glega s\u00edna \u00fe\u00f6rf\">[<\/span> \u00e1 n\u00f3ttinni.<\/p>\n<p>\tH\u00fan r\u00e9ttir s\u00edna h\u00f6nd til spunans og fingur hennar fara me\u00f0 sn\u00e6lduna.<\/p>\n<p>\tH\u00fan \u00fatr\u00e9ttir s\u00edna h\u00f6nd f\u00e1t\u00e6kum og l\u00fdkur upp s\u00edna h\u00f6nd \u00feurftugum.<\/p>\n<p>\tH\u00fan er \u00f3hr\u00e6dd um sitt h\u00fas fyrir kuldanum \u00fev\u00ed \u00f6ll hennar hj\u00fa hafa tvenn kl\u00e6\u00f0i.<\/p>\n<p>\tH\u00fan gj\u00f6rir sj\u00e1lfri s\u00e9r \u00e1brei\u00f0slu, hv\u00edtt silki og purpuri eru hennar kl\u00e6\u00f0na\u00f0ur.<\/p>\n<p>\tNafnfr\u00e6gur er hennar ma\u00f0ur \u00ed borgarhli\u00f0\u00f6num \u00fe\u00e1 hann situr hj\u00e1 \u00f6ldungum landsins.<\/p>\n<p>\tH\u00fan gj\u00f6rir einn kyrtil og selur hann, kramaranum gefur h\u00fan smyrsl.<\/p>\n<p>\tHennar pr\u00fd\u00f0i er \u00fea\u00f0 a\u00f0 h\u00fan er hreinfer\u00f0ug og \u00e1stundunars\u00f6m, \u00fear eftir mun h\u00fan fagna.<\/p>\n<p>\tH\u00fan l\u00fdkur upp sinn <span class=\"athugasemd\" title=\"c \/ H\u00fan venur b\u00f6rn s\u00edn og hj\u00fa til Gu\u00f0s or\u00f0s\">[<\/span> munn me\u00f0 v\u00edsd\u00f3mi og \u00e1 hennar tungu er heiln\u00e6mur l\u00e6rd\u00f3mur.<\/p>\n<p>\tH\u00fan sko\u00f0ar hvernin a\u00f0 framfer \u00ed s\u00ednu h\u00fasi og etur ekki sitt brau\u00f0 me\u00f0 i\u00f0juleysi.<\/p>\n<p>\tSynir hennar vaxa upp og segja hana s\u00e6la vera og hennar ma\u00f0ur lofar hana:<\/p>\n<p>\t&#8222;Margar d\u00e6tur samansafna au\u00f0\u00e6fum en \u00fe\u00fa ert \u00feeim \u00f6llum framar.&#8220;<\/p>\n<p>\tFr\u00ed\u00f0leiki og fegur\u00f0 er ekki vert, eina gu\u00f0hr\u00e6dda konu skulu menn lofa.<\/p>\n<p>\tH\u00fan mun ver\u00f0a v\u00ed\u00f0fr\u00e6g af \u00e1vexti sinna handa og verk hennar munu lofa hana \u00ed borgarhli\u00f0unum.<\/p>\n<p>H\u00e9r endar or\u00f0skvi\u00f0u Salomonis<\/p>\n","protected":false},"excerpt":{"rendered":"<p>XXXI. \u00deessi eru or\u00f0 Lam\u00fael k\u00f3ngs, s\u00fa kenning er m\u00f3\u00f0ir hans kenndi honum: [ Heyr, minn hinn \u00fatvaldi, \u00fe\u00fa sonur m\u00edns kvi\u00f0ar, heyr, minn elskulegur sonur: F\u00e1 \u00fe\u00fa ekki konunum \u00feitt megn og gakk \u00fe\u00fa ekki \u00feann veg sem k\u00f3ngarnir fordjarfast \u00e1. Ekki k\u00f3nginum, Lam\u00fael, gef ekki k\u00f3nginum v\u00edn a\u00f0 drekka n\u00e9 sterkan drykk h\u00f6f\u00f0ingjunum so a\u00f0 \u00feeir drekki og gleymi r\u00e9ttindinum og sn\u00fai s\u00f6k aumra manna. Gef \u00feeim sterkan drykk e\u00f0 fyrirfarast skulu og v\u00edn syrgjundum s\u00e1lum svo \u00feeir drekki og gleymi eymd sinni og hugsi ekki til sinnar \u00f3hamingju. L\u00fak upp \u00feinn munn fyrir m\u00e1llausa og fyrir allra <a href=\"https:\/\/biblian.is\/gudbrandsbiblia\/ordskvidirnir-31-kafli\/\"> [&#8230;]<\/a><\/p>\n","protected":false},"author":1,"featured_media":0,"parent":0,"menu_order":0,"comment_status":"open","ping_status":"open","template":"bibliukaflar.php","meta":{"footnotes":""},"class_list":["post-3353","page","type-page","status-publish","hentry"],"_links":{"self":[{"href":"https:\/\/biblian.is\/gudbrandsbiblia\/wp-json\/wp\/v2\/pages\/3353","targetHints":{"allow":["GET"]}}],"collection":[{"href":"https:\/\/biblian.is\/gudbrandsbiblia\/wp-json\/wp\/v2\/pages"}],"about":[{"href":"https:\/\/biblian.is\/gudbrandsbiblia\/wp-json\/wp\/v2\/types\/page"}],"author":[{"embeddable":true,"href":"https:\/\/biblian.is\/gudbrandsbiblia\/wp-json\/wp\/v2\/users\/1"}],"replies":[{"embeddable":true,"href":"https:\/\/biblian.is\/gudbrandsbiblia\/wp-json\/wp\/v2\/comments?post=3353"}],"version-history":[{"count":0,"href":"https:\/\/biblian.is\/gudbrandsbiblia\/wp-json\/wp\/v2\/pages\/3353\/revisions"}],"wp:attachment":[{"href":"https:\/\/biblian.is\/gudbrandsbiblia\/wp-json\/wp\/v2\/media?parent=3353"}],"curies":[{"name":"wp","href":"https:\/\/api.w.org\/{rel}","templated":true}]}}