{"id":3346,"date":"2017-12-18T18:33:22","date_gmt":"2017-12-18T18:33:22","guid":{"rendered":"http:\/\/biblian.is\/gudbrandsbiblia\/ordskvidirnir-24-kafli\/"},"modified":"2017-12-18T18:33:22","modified_gmt":"2017-12-18T18:33:22","slug":"ordskvidirnir-24-kafli","status":"publish","type":"page","link":"https:\/\/biblian.is\/gudbrandsbiblia\/ordskvidirnir-24-kafli\/","title":{"rendered":"Or\u00f0skvi\u00f0irnir 24. kafli"},"content":{"rendered":"<p>XXIIII.<\/p>\n<p><span class=\"athugasemd\" title=\"a \/ (Eftirfylg) \/ \u00dea\u00f0 er, l\u00e1ttu \u00fe\u00e9r ekki lei\u00f0ast \u00feitt auma l\u00edf og f\u00e1t\u00e6kt svo \u00fe\u00fa viljir vondum m\u00f6nnum, sakir \u00feeirra velgengni, eftirfylgja\">[<\/span> Eftirfylg ekki vondum m\u00f6nnum og girnst ekki me\u00f0 \u00feeim a\u00f0 vera \u00fev\u00ed a\u00f0 hjarta \u00feeirra hugsar a\u00f0 gj\u00f6ra ska\u00f0a og varir \u00feeirra tala fl\u00e6r\u00f0.<\/p>\n<p>\tMe\u00f0 visku uppbyggist h\u00fasi\u00f0 og sta\u00f0festist me\u00f0 skynsemd.<\/p>\n<p>\tAf skikkanlegri heimilisforst\u00f6\u00f0u uppfyllast geymsluh\u00fasin me\u00f0 alls kyns d\u00fdrlegum fegurstum au\u00f0\u00e6fum.<\/p>\n<p>\tVitur ma\u00f0ur er styrkur og skynsamur ma\u00f0ur er mikillra krafta<\/p>\n<p>\t\u00fev\u00ed a\u00f0 me\u00f0 r\u00e1\u00f0i hl\u00fdtur bardaganum framfylgt a\u00f0 ver\u00f0a og hvar e\u00f0 margir r\u00e1\u00f0gjafar eru \u00fear er sigur.<\/p>\n<p>\tF\u00e1v\u00edsum manni er viskan of h\u00e1, hann \u00feorir ei s\u00ednum munni \u00ed borgarhli\u00f0inu upp a\u00f0 l\u00faka.<\/p>\n<p>\tHver e\u00f0 sj\u00e1lfum s\u00e9r ska\u00f0a gj\u00f6rir s\u00e1 m\u00e1 me\u00f0 r\u00e9ttu kallast <span class=\"athugasemd\" title=\"b \/ (H\u00f6fu\u00f0str\u00e1kur) \/ Nokkrir menn eru so illgjarnir a\u00f0 \u00feeir gj\u00f6ra f\u00fasir sj\u00e1lfum s\u00e9r ska\u00f0a so a\u00f0 \u00feeirra n\u00e1ungi megi f\u00e1 meira ska\u00f0a. Svo sem a\u00f0 gj\u00f6r\u00f0i s\u00e1 sem l\u00e9t \u00fatstinga sitt anna\u00f0 auga svo a\u00f0 hans n\u00e1ungi skyldi missa s\u00edn b\u00e6\u00f0i augu\">[<\/span> h\u00f6fu\u00f0str\u00e1kur.<\/p>\n<p>\tAfglapans upps\u00e1tur er synd og h\u00e1\u00f0gjarn ma\u00f0ur er fyri m\u00f6nnum sv\u00edvir\u00f0ilegur.<\/p>\n<p>\tFrelsa \u00fe\u00e1 sem til <span class=\"athugasemd\" title=\"c \/ (Dau\u00f0a) \/ L\u00edka sem menn dr\u00e1pu kristna for\u00f0um og enn n\u00fa, segjandi, eg hl\u00fdt fram a\u00f0 fylgja m\u00edns herra skipun og hl\u00fd\u00f0inn a\u00f0 vera\">[<\/span> dau\u00f0a ver\u00f0a leiddir og gj\u00f6r \u00feig ei fr\u00e1hverfan \u00feeim sem l\u00edfl\u00e1tast skulu.<\/p>\n<p>\tEf \u00fe\u00fa segir: &#8222;V\u00e9r h\u00f6fum \u00fear ekki skyn \u00e1&#8220; \u00feenkir \u00fe\u00fa s\u00e1 sem rannsakar hj\u00f6rtun merki \u00fea\u00f0 ekki og s\u00e1 sem geymir s\u00e1lar \u00feinnar viti \u00fea\u00f0 ekki og gjaldi manninum eftir s\u00ednum verkum?<\/p>\n<p>\tNeyttu <span class=\"athugasemd\" title=\"b \/ (Hunang) \/ \u00dea\u00f0 er a\u00f0 skilja, neyttu \u00feeirra au\u00f0\u00e6fa sem Gu\u00f0 hefur \u00fe\u00e9r gefi\u00f0 og spara \u00feau ekki \u00fe\u00e9r til ska\u00f0a\">[<\/span> hunangsins, minn son, \u00fev\u00ed a\u00f0 \u00fea\u00f0 er gott og hunangsseimurinn er s\u00e6tur \u00fe\u00ednum h\u00e1lsi.<\/p>\n<p>\tSvo og l\u00e6r \u00fe\u00fa visku fyrir \u00fe\u00edna s\u00e1l, n\u00e6r \u00fe\u00fa finnur hana, \u00fear eftir mun \u00fe\u00e9r vel vegna og von \u00fe\u00edn mun ekki a\u00f0 \u00f6ngu ver\u00f0a.<\/p>\n<p>\tUmsit ekki svo sem \u00f3mildur ma\u00f0ur h\u00fas hins r\u00e9ttfer\u00f0uga og spill ekki hans <span class=\"athugasemd\" title=\"e \/ (Hv\u00edld) \/ Sem \u00feeir gj\u00f6ra er f\u00e1t\u00e6kra manna jar\u00f0ir e\u00f0ur eignir til s\u00edn draga\">[<\/span> hv\u00edld<\/p>\n<p>\t\u00fev\u00ed <span class=\"athugasemd\" title=\"f \/ (Sj\u00f6 sinnum) \/ Gu\u00f0 hj\u00e1lpar jafnlega r\u00e9ttl\u00e1tum manni upp aftur, hversu oft sem hann fordrifinn og burtrekinn ver\u00f0ur\">[<\/span> sj\u00f6 sinnum \u00e1 deginum fellur r\u00e9ttl\u00e1tur og r\u00eds upp aftur en \u00f3gu\u00f0r\u00e6kir menn ni\u00f0urs\u00f6kkva \u00ed \u00f3lukku.<\/p>\n<p>\tFagna ekki yfir falli \u00f3vinar \u00fe\u00edns og l\u00e1t \u00feitt hjarta ekki hlakka yfir hans \u00f3f\u00f6rum<\/p>\n<p>\ta\u00f0 Drottinn sj\u00e1i \u00fea\u00f0 og l\u00edki honum illa og v\u00edki rei\u00f0i sinni fr\u00e1 honum.<\/p>\n<p>\tRei\u00f0st ekki vegna vondra manna og \u00f6funda ekki \u00feann \u00f3milda<\/p>\n<p>\t\u00fev\u00ed s\u00e1 vondi hefur ekki upp \u00e1 neitt a\u00f0 vona og skri\u00f0lj\u00f3s \u00f3mildra slokknar. <span class=\"athugasemd\" title=\"S\u00e1l. 37 \/ Sup. 23. 24.\">[<\/span> <\/p>\n<p>\tSon minn, \u00f3ttast \u00fe\u00fa Gu\u00f0 og k\u00f3nginn og samlaga \u00feig ekki vi\u00f0 upphlaupsama<\/p>\n<p>\t\u00fev\u00ed a\u00f0 \u00feeirra glatan mun voveiflega a\u00f0 koma og hver veit n\u00e6r kemur \u00feeirra \u00f3lukka? <span class=\"athugasemd\" title=\"Eccl. 8\">[<\/span> <\/p>\n<p>\t\u00dea\u00f0 votta og vitrir menn a\u00f0 manngreinar\u00e1lit \u00ed d\u00f3mi er ekki gott.<\/p>\n<p>\tHver svo segir til hins \u00f3milda: &#8222;\u00de\u00fa ert r\u00e9ttv\u00eds&#8220; \u00feeim b\u00f6lvar l\u00fd\u00f0urinn og \u00feann hatar f\u00f3lki\u00f0. En \u00feeir sem straffa hann \u00feeir \u00fe\u00f3knast vel og r\u00edkugleg blessan kemur yfir \u00fe\u00e1. <span class=\"athugasemd\" title=\"Levit. 19 \/ Deut. 1 \/ Jakob. 2\">[<\/span> <\/p>\n<p>\tR\u00e9ttv\u00edslegt andsvar er svo sem k\u00e6rleikskoss.<\/p>\n<p>\tFramkv\u00e6m \u00ed fyrstu utanstokks \u00fatvegu \u00fe\u00edna og erja \u00feinn akur, \u00fear n\u00e6st uppbygg\u00f0u \u00feitt h\u00fas.<\/p>\n<p>\tBer \u00fe\u00fa ekki a\u00f0 \u00fearflausu vitni \u00ed m\u00f3ti n\u00e1unga \u00fe\u00ednum og sv\u00edk \u00f6ngvan me\u00f0 \u00fe\u00ednum munni. <span class=\"athugasemd\" title=\"Deut. 19 \/ Infra 25\">[<\/span> <\/p>\n<p>\tSeg \u00fe\u00fa ekki: &#8222;L\u00edka svo sem vi\u00f0 mig er gj\u00f6rt vil eg gj\u00f6ra vi\u00f0 a\u00f0ra og s\u00e9rhverjum gjalda eftir s\u00ednu verki.&#8220; <span class=\"athugasemd\" title=\"R\u00f3m. 12 \/ I. P\u00e9t. 3 \/ I. Thess. 5\">[<\/span>  <\/p>\n<p>\tEg gekk hj\u00e1 akri hins lata og framhj\u00e1 v\u00edngar\u00f0i hins f\u00e1v\u00edsa og sj\u00e1, a\u00f0 \u00fear var fullt me\u00f0 \u00feisla og huli\u00f0 me\u00f0 \u00feyrna og gar\u00f0ar ni\u00f0urfallnir. \u00deegar eg \u00fea\u00f0 s\u00e1 hugsa\u00f0i eg \u00fear eftir, eg athuga\u00f0i og l\u00e6r\u00f0i \u00fear af.<\/p>\n<p>\t<span class=\"athugasemd\" title=\"g \/ Svo undandraga \u00feeir l\u00f6tu \u00fea\u00f0 \u00feeir eiga a\u00f0 gj\u00f6ra: \u00c1 morgun, morgun, n\u00f3gur er t\u00edminn, \u00fea\u00f0 er snart gj\u00f6rt\">[<\/span> Vilt \u00fe\u00fa enn sofa stundarkorn og halla \u00fe\u00e9r litla hr\u00ed\u00f0 og saman leggja litla stund hendur \u00fe\u00ednar a\u00f0 \u00fe\u00fa hv\u00edlir \u00feig? En \u00fe\u00edn arm\u00f3\u00f0 mun a\u00f0 \u00fe\u00e9r koma sem einn vegfarandi og \u00fe\u00edn f\u00e1t\u00e6kt sem einn herkl\u00e6ddur ma\u00f0ur.<\/p>\n","protected":false},"excerpt":{"rendered":"<p>XXIIII. [ Eftirfylg ekki vondum m\u00f6nnum og girnst ekki me\u00f0 \u00feeim a\u00f0 vera \u00fev\u00ed a\u00f0 hjarta \u00feeirra hugsar a\u00f0 gj\u00f6ra ska\u00f0a og varir \u00feeirra tala fl\u00e6r\u00f0. Me\u00f0 visku uppbyggist h\u00fasi\u00f0 og sta\u00f0festist me\u00f0 skynsemd. Af skikkanlegri heimilisforst\u00f6\u00f0u uppfyllast geymsluh\u00fasin me\u00f0 alls kyns d\u00fdrlegum fegurstum au\u00f0\u00e6fum. Vitur ma\u00f0ur er styrkur og skynsamur ma\u00f0ur er mikillra krafta \u00fev\u00ed a\u00f0 me\u00f0 r\u00e1\u00f0i hl\u00fdtur bardaganum framfylgt a\u00f0 ver\u00f0a og hvar e\u00f0 margir r\u00e1\u00f0gjafar eru \u00fear er sigur. F\u00e1v\u00edsum manni er viskan of h\u00e1, hann \u00feorir ei s\u00ednum munni \u00ed borgarhli\u00f0inu upp a\u00f0 l\u00faka. Hver e\u00f0 sj\u00e1lfum s\u00e9r ska\u00f0a gj\u00f6rir s\u00e1 m\u00e1 me\u00f0 r\u00e9ttu kallast <a href=\"https:\/\/biblian.is\/gudbrandsbiblia\/ordskvidirnir-24-kafli\/\"> [&#8230;]<\/a><\/p>\n","protected":false},"author":1,"featured_media":0,"parent":0,"menu_order":0,"comment_status":"open","ping_status":"open","template":"bibliukaflar.php","meta":{"footnotes":""},"class_list":["post-3346","page","type-page","status-publish","hentry"],"_links":{"self":[{"href":"https:\/\/biblian.is\/gudbrandsbiblia\/wp-json\/wp\/v2\/pages\/3346","targetHints":{"allow":["GET"]}}],"collection":[{"href":"https:\/\/biblian.is\/gudbrandsbiblia\/wp-json\/wp\/v2\/pages"}],"about":[{"href":"https:\/\/biblian.is\/gudbrandsbiblia\/wp-json\/wp\/v2\/types\/page"}],"author":[{"embeddable":true,"href":"https:\/\/biblian.is\/gudbrandsbiblia\/wp-json\/wp\/v2\/users\/1"}],"replies":[{"embeddable":true,"href":"https:\/\/biblian.is\/gudbrandsbiblia\/wp-json\/wp\/v2\/comments?post=3346"}],"version-history":[{"count":0,"href":"https:\/\/biblian.is\/gudbrandsbiblia\/wp-json\/wp\/v2\/pages\/3346\/revisions"}],"wp:attachment":[{"href":"https:\/\/biblian.is\/gudbrandsbiblia\/wp-json\/wp\/v2\/media?parent=3346"}],"curies":[{"name":"wp","href":"https:\/\/api.w.org\/{rel}","templated":true}]}}