{"id":3337,"date":"2017-12-18T18:33:22","date_gmt":"2017-12-18T18:33:22","guid":{"rendered":"http:\/\/biblian.is\/gudbrandsbiblia\/ordskvidirnir-15-kafli\/"},"modified":"2017-12-18T18:33:22","modified_gmt":"2017-12-18T18:33:22","slug":"ordskvidirnir-15-kafli","status":"publish","type":"page","link":"https:\/\/biblian.is\/gudbrandsbiblia\/ordskvidirnir-15-kafli\/","title":{"rendered":"Or\u00f0skvi\u00f0irnir 15. kafli"},"content":{"rendered":"<p>XV.<\/p>\n<p>\tBl\u00edtt <span class=\"athugasemd\" title=\"a \/ Gott or\u00f0 og gegnlegt finnur g\u00f3\u00f0an samasta\u00f0\">[<\/span> andsvar heftir rei\u00f0i en h\u00f6r\u00f0 r\u00e6\u00f0a uppvekur grimmd.<\/p>\n<p>\tTunga vitra manna gj\u00f6rir l\u00e6rd\u00f3minn lj\u00faflegan en munnur f\u00e1v\u00edsra spyr einnisman heimskunni.<\/p>\n<p>\tAugu Drottins sj\u00e1 um allar \u00e1ttir, b\u00e6\u00f0i illa menn og g\u00f3\u00f0a.<\/p>\n<p>\tHeiln\u00e6m tunga er l\u00edfsins tr\u00e9 en lygigj\u00f6rn hryggir hugskoti\u00f0. <span class=\"athugasemd\" title=\"Sup. 12 \/ Inf. 16. Inf. 19\">[<\/span> <\/p>\n<p>\tEinn d\u00e1ri lastar s\u00edns f\u00f6\u00f0urs kenning en s\u00e1 sem umv\u00f6ndunina l\u00ed\u00f0ur mun forsj\u00e1ll ver\u00f0a.<\/p>\n<p>\t\u00cd h\u00fasi hins r\u00e9ttl\u00e1ta er gn\u00e6g\u00f0 au\u00f0\u00e6fa en \u00ed inntektum hins \u00f3milda er fordj\u00f6rfun. <span class=\"athugasemd\" title=\"S\u00e1l. 111\">[<\/span> <\/p>\n<p>\tMunnur v\u00edsra manna gefur \u00fat g\u00f3\u00f0 r\u00e1\u00f0 en hjarta f\u00e1v\u00edsra er fast \u00f3l\u00edkt.<\/p>\n<p>\tOffur hins \u00f3gu\u00f0r\u00e6kra er Gu\u00f0i andstyggilegt en b\u00e6n r\u00e9ttl\u00e1tra er honum \u00fe\u00e6gileg. <span class=\"athugasemd\" title=\"S\u00edr. 23\">[<\/span> <\/p>\n<p>\tVegur hins \u00f3milda er Drottni sv\u00edvir\u00f0ing en hver r\u00e9ttl\u00e6tinu eftirfylgir s\u00e1 ver\u00f0ur af honum elska\u00f0ur.<\/p>\n<p>\t\u00dea\u00f0 er ill kunn\u00e1tta a\u00f0 yfirgefa veginn og s\u00e1 sem hatar hirtingina hl\u00fdtur a\u00f0 deyja. <span class=\"athugasemd\" title=\"Inf. 19\">[<\/span> <\/p>\n<p>\tH\u00e1\u00f0gjarn ma\u00f0ur <span class=\"athugasemd\" title=\"sword Hann l\u00e6tur s\u00e9r ekki segjast\">[<\/span> elskar ekki \u00feann sem hann \u00e1v\u00edtar og gengur ekki til hyggins manns.<\/p>\n<p>\tGlatt hjarta gj\u00f6rir gle\u00f0ilegt yfirbrag\u00f0 en \u00feegar hjarta\u00f0 er hryggt \u00fe\u00e1 bilar hugurinn.<\/p>\n<p>\tHyggi\u00f0 hjarta gj\u00f6rir forsj\u00e1llega en djarfir d\u00e1rar stj\u00f3rna heimskulega. <span class=\"athugasemd\" title=\"Inf. 17.\">[<\/span> <\/p>\n<p>\tS\u00e1 sem hryggur er hefur aldrei g\u00f3\u00f0an nokkun dag en gott ge\u00f0 er daglegt s\u00e6lg\u00e6ti.<\/p>\n<p>\tBetra er l\u00edti\u00f0 me\u00f0 \u00f3tta Drottins hellur en mikill f\u00e9sj\u00f3\u00f0ur me\u00f0 \u00f6ngvum n\u00e1\u00f0um. <span class=\"athugasemd\" title=\"Inf. 16. 17.\">[<\/span> <\/p>\n<p>\tBetri er r\u00e9ttur af k\u00e1li me\u00f0 k\u00e6rleika heldur en alinn uxi me\u00f0 hatri.<\/p>\n<p>\tRei\u00f0ur ma\u00f0ur vekur upp \u00fer\u00e6tur en \u00feolinm\u00f3\u00f0ur ni\u00f0ursetur k\u00edf.<\/p>\n<p>\tVegur hins lata er klungra\u00f0ur en vegur hins r\u00e9ttl\u00e1ta er vel sl\u00e9ttur.<\/p>\n<p>\tEinn vitur sonur gle\u00f0ur f\u00f6\u00f0urinn en heimskur ma\u00f0ur er sinni m\u00f3\u00f0ur sk\u00f6mm. <span class=\"athugasemd\" title=\"Sup. 10 \/ Infra 17\">[<\/span><\/p>\n<p>\tHeimskum manni er heimskan f\u00f6gnu\u00f0ur en forsj\u00e1ll ma\u00f0ur sta\u00f0n\u00e6mist \u00e1 r\u00e9ttum vegi.<\/p>\n<p>\t\u00dea\u00f0 \u00e1form ver\u00f0ur a\u00f0 \u00f6ngvu sem ei er me\u00f0 r\u00e1\u00f0i en hvar a\u00f0 eru margir r\u00e1\u00f0gjafar \u00fear styrkist \u00fea\u00f0.<\/p>\n<p>\t\u00dea\u00f0 er einum manni gle\u00f0i \u00fear menn svara honum r\u00e9tt og eitt or\u00f0 \u00ed h\u00e6filegan t\u00edma er mj\u00f6g lj\u00faft.<\/p>\n<p>\tVegur l\u00edfsins liggur upp eftir a\u00f0 gj\u00f6ra menn forsj\u00e1la so \u00feeir for\u00f0ist helv\u00edti ni\u00f0ri undir.<\/p>\n<p>\tDrottinn mun drambl\u00e1tra h\u00fas ni\u00f0urbrj\u00f3ta en sta\u00f0f\u00f6st gj\u00f6ra ekkjunnar endim\u00f6rk. <span class=\"athugasemd\" title=\"Sup. 14. Inf. 16\">[<\/span> <\/p>\n<p>\tUpps\u00e1tur hins arga er fyrir Drottni andstyggilegt en hreinfer\u00f0ugir menn tala tr\u00falega.<\/p>\n<p>\tS\u00e1 hinn \u00e1gjarni ruglar s\u00ednu eigin h\u00fasi en s\u00e1 sem hatar g\u00e6fur mun lifa. <span class=\"athugasemd\" title=\"Inf. 19\">[<\/span><\/p>\n<p>\tHjarta hins r\u00e9ttl\u00e1ta hugsar hverju svarandi er en munnur hinna \u00f3gu\u00f0r\u00e6ku sk\u00famar af illu.<\/p>\n<p>\tDrottinn er langt \u00ed burt fr\u00e1 \u00feeim \u00f3mildu en b\u00e6n r\u00e9ttl\u00e1tra heyrir hann.<\/p>\n<p>\tVinsamlegt tillit gle\u00f0ur hjarta\u00f0, eitt rykti gj\u00f6rir beinin feit.<\/p>\n<p>\t\u00dea\u00f0 eyra sem l\u00edfsins umvandan heyrir mun b\u00faa \u00e1 me\u00f0al hygginna manna. <span class=\"athugasemd\" title=\"Inf. 19\">[<\/span><\/p>\n<p>\tHver hirtingina forsm\u00e1r hann gj\u00f6rir sig sj\u00e1lfan til <span class=\"athugasemd\" title=\"a \/ (Einskis) \/ \u00dea\u00f0 er, hann kemur s\u00e9r \u00ed g\u00e1lgann um s\u00ed\u00f0ir\">[<\/span> einskis en hver hann hl\u00fd\u00f0ir hirtingunni ver\u00f0ur hygginn.<\/p>\n<p>\t\u00d3tti Drottins er tyktan til viskunnar og \u00e1\u00f0ur en \u00fea\u00f0 mann kemur til hei\u00f0urs \u00fe\u00e1 hl\u00fdtur hann a\u00f0 l\u00ed\u00f0a.<\/p>\n","protected":false},"excerpt":{"rendered":"<p>XV. Bl\u00edtt [ andsvar heftir rei\u00f0i en h\u00f6r\u00f0 r\u00e6\u00f0a uppvekur grimmd. Tunga vitra manna gj\u00f6rir l\u00e6rd\u00f3minn lj\u00faflegan en munnur f\u00e1v\u00edsra spyr einnisman heimskunni. Augu Drottins sj\u00e1 um allar \u00e1ttir, b\u00e6\u00f0i illa menn og g\u00f3\u00f0a. Heiln\u00e6m tunga er l\u00edfsins tr\u00e9 en lygigj\u00f6rn hryggir hugskoti\u00f0. [ Einn d\u00e1ri lastar s\u00edns f\u00f6\u00f0urs kenning en s\u00e1 sem umv\u00f6ndunina l\u00ed\u00f0ur mun forsj\u00e1ll ver\u00f0a. \u00cd h\u00fasi hins r\u00e9ttl\u00e1ta er gn\u00e6g\u00f0 au\u00f0\u00e6fa en \u00ed inntektum hins \u00f3milda er fordj\u00f6rfun. [ Munnur v\u00edsra manna gefur \u00fat g\u00f3\u00f0 r\u00e1\u00f0 en hjarta f\u00e1v\u00edsra er fast \u00f3l\u00edkt. Offur hins \u00f3gu\u00f0r\u00e6kra er Gu\u00f0i andstyggilegt en b\u00e6n r\u00e9ttl\u00e1tra er honum \u00fe\u00e6gileg. [ Vegur <a href=\"https:\/\/biblian.is\/gudbrandsbiblia\/ordskvidirnir-15-kafli\/\"> [&#8230;]<\/a><\/p>\n","protected":false},"author":1,"featured_media":0,"parent":0,"menu_order":0,"comment_status":"open","ping_status":"open","template":"bibliukaflar.php","meta":{"footnotes":""},"class_list":["post-3337","page","type-page","status-publish","hentry"],"_links":{"self":[{"href":"https:\/\/biblian.is\/gudbrandsbiblia\/wp-json\/wp\/v2\/pages\/3337","targetHints":{"allow":["GET"]}}],"collection":[{"href":"https:\/\/biblian.is\/gudbrandsbiblia\/wp-json\/wp\/v2\/pages"}],"about":[{"href":"https:\/\/biblian.is\/gudbrandsbiblia\/wp-json\/wp\/v2\/types\/page"}],"author":[{"embeddable":true,"href":"https:\/\/biblian.is\/gudbrandsbiblia\/wp-json\/wp\/v2\/users\/1"}],"replies":[{"embeddable":true,"href":"https:\/\/biblian.is\/gudbrandsbiblia\/wp-json\/wp\/v2\/comments?post=3337"}],"version-history":[{"count":0,"href":"https:\/\/biblian.is\/gudbrandsbiblia\/wp-json\/wp\/v2\/pages\/3337\/revisions"}],"wp:attachment":[{"href":"https:\/\/biblian.is\/gudbrandsbiblia\/wp-json\/wp\/v2\/media?parent=3337"}],"curies":[{"name":"wp","href":"https:\/\/api.w.org\/{rel}","templated":true}]}}