{"id":3328,"date":"2017-12-18T18:33:19","date_gmt":"2017-12-18T18:33:19","guid":{"rendered":"http:\/\/biblian.is\/gudbrandsbiblia\/ordskvidirnir-6-kafli\/"},"modified":"2017-12-18T18:33:19","modified_gmt":"2017-12-18T18:33:19","slug":"ordskvidirnir-6-kafli","status":"publish","type":"page","link":"https:\/\/biblian.is\/gudbrandsbiblia\/ordskvidirnir-6-kafli\/","title":{"rendered":"Or\u00f0skvi\u00f0irnir 6. kafli"},"content":{"rendered":"<p>VI.<\/p>\n<p>Son minn, ef \u00fe\u00fa gengur \u00ed borgun fyrir n\u00e1ung \u00feinn \u00fe\u00e1 forbindur \u00fe\u00fa \u00fe\u00ednar hendur hj\u00e1 framandi manni, \u00fe\u00fa ert forbundinn me\u00f0 or\u00f0um munns \u00fe\u00edns og fanginn me\u00f0 \u00feinni eigin r\u00e6\u00f0u. <span class=\"athugasemd\" title=\"Infra. 11. 17.\">[<\/span> Svo gj\u00f6r \u00fe\u00fa svo sem eg segi \u00fe\u00e9r, son minn: Leystu \u00feig \u00fev\u00ed a\u00f0 \u00fe\u00fa ert kominn \u00ed hendur \u00fe\u00ednum n\u00e1unga, skunda \u00fe\u00fa, \u00fereng og ney\u00f0 \u00fe\u00ednum n\u00e1unga, l\u00e1t \u00fe\u00edn augu ekki sofa n\u00e9 augabr\u00e1r \u00fe\u00ednar syfja, frelsa \u00feig svo sem einn hj\u00f6rtur fr\u00e1 hendinni og so sem einn fugl af fuglafangarans hendi.<\/p>\n<p>\t\u00de\u00fa hinn lati, far \u00fe\u00fa til maursins og umskyggn hans vegu so \u00fe\u00fa ver\u00f0ir hygginn. \u00de\u00f3 hverki hafi hann h\u00f6f\u00f0ingja, yfirbo\u00f0a n\u00e9 herra tilrei\u00f0ir hann \u00fe\u00f3 s\u00e9r f\u00e6\u00f0slu \u00e1 sumart\u00edma og safnar \u00fev\u00ed \u00e1 kornskur\u00f0art\u00edma sem h\u00fan skal neyta. \u00de\u00fa hinn lati, hversu lengi viltu liggja? <span class=\"athugasemd\" title=\"Infra 24. 18. 19.\">[<\/span>  Hven\u00e6r viltu standa upp af \u00fe\u00ednum svefni? J\u00e1, sof\u00f0u en nokku\u00f0 l\u00edti\u00f0, legg saman augun litla stund og \u00fe\u00ednar hendur a\u00f0 \u00fe\u00fa enn nokku\u00f0 l\u00edti\u00f0 sofir! So mun f\u00e1t\u00e6ktin yfirkalla \u00feig sem annar vegfarandi ma\u00f0ur og eymdin sem einn alvopna\u00f0ur ma\u00f0ur.<\/p>\n<p>\tEinn sk\u00e1lkur er ska\u00f0samlegur, hann gengur me\u00f0 <span class=\"athugasemd\" title=\"a \/ Er \u00f3sta\u00f0fastur \u00ed or\u00f0um, l\u00fdtur ekki r\u00e9ttum angum til neins\">[<\/span> rangsn\u00fanum munni, bendir me\u00f0 augunum, teiknar me\u00f0 f\u00f3tunum, v\u00edsar me\u00f0 fingrunum, stundar \u00e1vallt nokku\u00f0 illt og fr\u00e1leitt \u00ed s\u00ednu hjarta og kemur upp um \u00fer\u00e6tur. \u00dear fyrir mun hans \u00f3hamingja a\u00f0 honum \u00f3v\u00f6rum koma, hann mun hastarlega sundurmarinn ver\u00f0a svo \u00fear ver\u00f0ur engin hj\u00e1lp.<\/p>\n<p>\t\u00deessa sex hluti hatar Drottinn og hinn sj\u00f6undi er fyrir honum andstyggilegur: <span class=\"athugasemd\" title=\"I. II. III. IIII. V. VI. VII.\">[<\/span>  Drambs\u00f6m augu, falska tungu, hendur \u00fe\u00e6r e\u00f0 \u00fathella saklausu bl\u00f3\u00f0i, hjarta \u00fea\u00f0 sem umgengur me\u00f0 vondum hrekkjum, f\u00e6tur \u00fe\u00e1 sem flj\u00f3tir eru til ska\u00f0r\u00e6\u00f0is, falsvott \u00feann sem djarflega framber lygi og hann sem er br\u00e6\u00f0ra \u00e1 me\u00f0al reisir sundur\u00feykki.<\/p>\n<p>\tSon minn, geym \u00fe\u00fa bo\u00f0or\u00f0 f\u00f6\u00f0ur \u00fe\u00edns og forl\u00e1t ekki \u00feinnar m\u00f3\u00f0ur l\u00f6gm\u00e1l, bittu \u00feau saman \u00ed hjarta \u00fe\u00e9r og heng \u00feau um h\u00e1ls \u00fe\u00e9r so a\u00f0 \u00feau lei\u00f0i \u00feig \u00fe\u00e1 \u00fe\u00fa gengur og g\u00e6ti \u00fe\u00edn \u00fe\u00e1 \u00fe\u00fa sefur og skrafir um \u00feau \u00fe\u00e1 \u00fe\u00fa vaknar. \u00dev\u00ed bo\u00f0or\u00f0i\u00f0 er skri\u00f0lj\u00f3s og l\u00f6gm\u00e1li\u00f0 er eitt lj\u00f3s og hirting og tyttan er l\u00edfsins vegur, upp \u00e1 \u00fea\u00f0 \u00fe\u00fa ver\u00f0ir var\u00f0veittur fr\u00e1 illri konu og fyrir mj\u00fakri tungu \u00feeirrar inu annarlegu.<\/p>\n<p>\tGirnstu ekki hennar fegur\u00f0 \u00ed \u00fe\u00ednu hjarta og forgr\u00edp \u00feig ekki \u00e1 hennar augnabr\u00e1m \u00fev\u00ed a\u00f0 sk\u00e6kjan sv\u00edkur af einu brau\u00f0i en eiginkona hertekur mannsins d\u00fdrm\u00e6tt l\u00edf.<\/p>\n<p>\tKann og nokkur a\u00f0 halda eldi \u00ed skauti s\u00ednu svo hann brenni ei s\u00edn kl\u00e6\u00f0i? Hvernin skal ma\u00f0ur nokkur ganga \u00e1 eldsgl\u00f3\u00f0um svo hans f\u00e6tur brenni ekki? Svo gengur og \u00feeim sem til s\u00edns n\u00e1ungs konu gengur, s\u00e1 er enginn saklaus sem hana snertur.<\/p>\n<p>\t\u00dea\u00f0 er einum \u00fej\u00f3f ekki svo mikil sk\u00f6mm n\u00e6r hann stelur til a\u00f0 se\u00f0ja s\u00edna \u00f6nd ef hann er hungra\u00f0ur. Og \u00fe\u00e1 hann ver\u00f0ur uppv\u00eds geldur hann \u00fea\u00f0 sj\u00f6falt aftur og gefur \u00fat s\u00e9r til frelsis allt \u00fea\u00f0 hann \u00e1 \u00ed s\u00ednu h\u00fasi. En s\u00e1 sem dr\u00fdgir h\u00f3rd\u00f3m me\u00f0 nokkri konu, hanne r heimskur, hann f\u00e6rir sitt l\u00edf \u00ed gl\u00f6tun, \u00fear me\u00f0 kemur \u00e1 hann sk\u00f6mm og l\u00fdti og hans br\u00edgsli mun ei afm\u00e1\u00f0 ver\u00f0a. \u00dev\u00ed a\u00f0 mannsins grimmd vandl\u00e6tir og \u00feyrmir ekki \u00e1 hefndart\u00edmanum og \u00e1l\u00edtur \u00f6ngvar pers\u00f3nur \u00fe\u00e6r e\u00f0 forl\u00edka og me\u00f0tekur eigi \u00fe\u00f3tt \u00fe\u00fa allt til rei\u00f0u vildir miki\u00f0 gefa.<\/p>\n","protected":false},"excerpt":{"rendered":"<p>VI. Son minn, ef \u00fe\u00fa gengur \u00ed borgun fyrir n\u00e1ung \u00feinn \u00fe\u00e1 forbindur \u00fe\u00fa \u00fe\u00ednar hendur hj\u00e1 framandi manni, \u00fe\u00fa ert forbundinn me\u00f0 or\u00f0um munns \u00fe\u00edns og fanginn me\u00f0 \u00feinni eigin r\u00e6\u00f0u. [ Svo gj\u00f6r \u00fe\u00fa svo sem eg segi \u00fe\u00e9r, son minn: Leystu \u00feig \u00fev\u00ed a\u00f0 \u00fe\u00fa ert kominn \u00ed hendur \u00fe\u00ednum n\u00e1unga, skunda \u00fe\u00fa, \u00fereng og ney\u00f0 \u00fe\u00ednum n\u00e1unga, l\u00e1t \u00fe\u00edn augu ekki sofa n\u00e9 augabr\u00e1r \u00fe\u00ednar syfja, frelsa \u00feig svo sem einn hj\u00f6rtur fr\u00e1 hendinni og so sem einn fugl af fuglafangarans hendi. \u00de\u00fa hinn lati, far \u00fe\u00fa til maursins og umskyggn hans vegu so \u00fe\u00fa ver\u00f0ir <a href=\"https:\/\/biblian.is\/gudbrandsbiblia\/ordskvidirnir-6-kafli\/\"> [&#8230;]<\/a><\/p>\n","protected":false},"author":1,"featured_media":0,"parent":0,"menu_order":0,"comment_status":"open","ping_status":"open","template":"bibliukaflar.php","meta":{"footnotes":""},"class_list":["post-3328","page","type-page","status-publish","hentry"],"_links":{"self":[{"href":"https:\/\/biblian.is\/gudbrandsbiblia\/wp-json\/wp\/v2\/pages\/3328","targetHints":{"allow":["GET"]}}],"collection":[{"href":"https:\/\/biblian.is\/gudbrandsbiblia\/wp-json\/wp\/v2\/pages"}],"about":[{"href":"https:\/\/biblian.is\/gudbrandsbiblia\/wp-json\/wp\/v2\/types\/page"}],"author":[{"embeddable":true,"href":"https:\/\/biblian.is\/gudbrandsbiblia\/wp-json\/wp\/v2\/users\/1"}],"replies":[{"embeddable":true,"href":"https:\/\/biblian.is\/gudbrandsbiblia\/wp-json\/wp\/v2\/comments?post=3328"}],"version-history":[{"count":0,"href":"https:\/\/biblian.is\/gudbrandsbiblia\/wp-json\/wp\/v2\/pages\/3328\/revisions"}],"wp:attachment":[{"href":"https:\/\/biblian.is\/gudbrandsbiblia\/wp-json\/wp\/v2\/media?parent=3328"}],"curies":[{"name":"wp","href":"https:\/\/api.w.org\/{rel}","templated":true}]}}