{"id":3324,"date":"2017-12-18T18:33:19","date_gmt":"2017-12-18T18:33:19","guid":{"rendered":"http:\/\/biblian.is\/gudbrandsbiblia\/ordskvidirnir-2-kafli\/"},"modified":"2017-12-18T18:33:19","modified_gmt":"2017-12-18T18:33:19","slug":"ordskvidirnir-2-kafli","status":"publish","type":"page","link":"https:\/\/biblian.is\/gudbrandsbiblia\/ordskvidirnir-2-kafli\/","title":{"rendered":"Or\u00f0skvi\u00f0irnir 2. kafli"},"content":{"rendered":"<p>II.<\/p>\n<p>Son minn, viljir \u00fe\u00fa m\u00edna r\u00e6\u00f0u me\u00f0taka og m\u00edn bo\u00f0or\u00f0 hj\u00e1 \u00fe\u00e9r geyma, \u00fe\u00e1 l\u00e1t \u00fe\u00fa eyra \u00feitt a\u00f0 v\u00edsd\u00f3mi gaumgjafa og hneig \u00fe\u00fa me\u00f0 athuga hjarta \u00feitt \u00fear til. \u00dev\u00ed a\u00f0 ef \u00fe\u00fa me\u00f0 g\u00e1ti \u00fear eftir kallar og \u00fear um bi\u00f0ur og ef \u00fe\u00fa leitar a\u00f0 viskunni svo sem silfri og grennslast \u00fear eftir svo sem eftir f\u00e9sj\u00f3\u00f0 \u00fe\u00e1 muntu skilja \u00f3tta Drottins og vi\u00f0urkenning Gu\u00f0s finna.<\/p>\n<p>\t\u00dev\u00ed a\u00f0 Drottinn gefur visku og \u00fat af hans munni kemur speki og skilningur. Hann l\u00e6tur vel vegna r\u00e9ttfer\u00f0ugum og verndar r\u00e9ttl\u00e1ta og geymir \u00feeirra sem r\u00e9tt gj\u00f6ra og var\u00f0veitir vegu sinna heilagra. \u00de\u00e1 muntu skilja r\u00e9ttl\u00e6ti, d\u00f3m, jafna\u00f0argirni og allan g\u00f3\u00f0an veg.<\/p>\n<p>\tEf a\u00f0 viskan er \u00fe\u00e9r hjartn\u00e6m og s\u00e1la \u00fe\u00edn hefur \u00fe\u00f3knan \u00e1 spekinni \u00fe\u00e1 mun hi\u00f0 g\u00f3\u00f0a r\u00e1\u00f0i\u00f0 geyma \u00feig og skynsemdin var\u00f0veita \u00feig so \u00fe\u00fa ver\u00f0ir frelstur fr\u00e1 vegi vondra manna og \u00e1 me\u00f0al vondra tungna sem a\u00f0 fyrirl\u00edta r\u00e9tta braut og ganga myrkva vegu, hverjir e\u00f0 gle\u00f0jast illt a\u00f0 gj\u00f6ra og fagna sinni fr\u00e1leitri vondri breytni, hverjir e\u00f0 s\u00ednum vegum umbreyta og ganga hj\u00e1stiguna.<\/p>\n<p>\tH\u00fan (spekin) mun frelsa \u00feig fr\u00e1 eiginkonu annars manns sem ekki er \u00fe\u00edn, hver e\u00f0 gefur f\u00f6gur or\u00f0 og fyrirl\u00e6tur <span class=\"athugasemd\" title=\"b \/ (Herra) \/ \u00dea\u00f0 er, s\u00e1 sem hana f\u00e9kk \u00e1 ungum aldri\">[<\/span> herra s\u00edns ungd\u00f3ms og gleymir s\u00e1ttm\u00e1la s\u00edns Gu\u00f0s. \u00dev\u00ed a\u00f0 hennar h\u00fas hneigir sig til dau\u00f0ans og hennar gangur til tapa\u00f0ra. Allir \u00feeir sem til hennar innganga koma aldrei aftur og h\u00f6ndla ekki l\u00edfsins veg;<\/p>\n<p>\tsvo a\u00f0 \u00fe\u00fa gangir \u00e1 g\u00f3\u00f0um vegi og bl\u00edfir \u00e1 \u00fej\u00f3\u00f0braut r\u00e9ttl\u00e1tra. \u00dev\u00ed a\u00f0 r\u00e9ttl\u00e1tir munu \u00ed landinu b\u00faa og fr\u00f3mir \u00fear inni bl\u00edfa en \u00f3gu\u00f0hr\u00e6ddir munu af landinu uppr\u00e6tast og \u00feeir foraktarar (Gu\u00f0s) ver\u00f0a afm\u00e1\u00f0ir. <span class=\"athugasemd\" title=\"S\u00e1l. 37 \/ Math. 5\">[<\/span><\/p>\n","protected":false},"excerpt":{"rendered":"<p>II. Son minn, viljir \u00fe\u00fa m\u00edna r\u00e6\u00f0u me\u00f0taka og m\u00edn bo\u00f0or\u00f0 hj\u00e1 \u00fe\u00e9r geyma, \u00fe\u00e1 l\u00e1t \u00fe\u00fa eyra \u00feitt a\u00f0 v\u00edsd\u00f3mi gaumgjafa og hneig \u00fe\u00fa me\u00f0 athuga hjarta \u00feitt \u00fear til. \u00dev\u00ed a\u00f0 ef \u00fe\u00fa me\u00f0 g\u00e1ti \u00fear eftir kallar og \u00fear um bi\u00f0ur og ef \u00fe\u00fa leitar a\u00f0 viskunni svo sem silfri og grennslast \u00fear eftir svo sem eftir f\u00e9sj\u00f3\u00f0 \u00fe\u00e1 muntu skilja \u00f3tta Drottins og vi\u00f0urkenning Gu\u00f0s finna. \u00dev\u00ed a\u00f0 Drottinn gefur visku og \u00fat af hans munni kemur speki og skilningur. Hann l\u00e6tur vel vegna r\u00e9ttfer\u00f0ugum og verndar r\u00e9ttl\u00e1ta og geymir \u00feeirra sem r\u00e9tt gj\u00f6ra og var\u00f0veitir <a href=\"https:\/\/biblian.is\/gudbrandsbiblia\/ordskvidirnir-2-kafli\/\"> [&#8230;]<\/a><\/p>\n","protected":false},"author":1,"featured_media":0,"parent":0,"menu_order":0,"comment_status":"open","ping_status":"open","template":"bibliukaflar.php","meta":{"footnotes":""},"class_list":["post-3324","page","type-page","status-publish","hentry"],"_links":{"self":[{"href":"https:\/\/biblian.is\/gudbrandsbiblia\/wp-json\/wp\/v2\/pages\/3324","targetHints":{"allow":["GET"]}}],"collection":[{"href":"https:\/\/biblian.is\/gudbrandsbiblia\/wp-json\/wp\/v2\/pages"}],"about":[{"href":"https:\/\/biblian.is\/gudbrandsbiblia\/wp-json\/wp\/v2\/types\/page"}],"author":[{"embeddable":true,"href":"https:\/\/biblian.is\/gudbrandsbiblia\/wp-json\/wp\/v2\/users\/1"}],"replies":[{"embeddable":true,"href":"https:\/\/biblian.is\/gudbrandsbiblia\/wp-json\/wp\/v2\/comments?post=3324"}],"version-history":[{"count":0,"href":"https:\/\/biblian.is\/gudbrandsbiblia\/wp-json\/wp\/v2\/pages\/3324\/revisions"}],"wp:attachment":[{"href":"https:\/\/biblian.is\/gudbrandsbiblia\/wp-json\/wp\/v2\/media?parent=3324"}],"curies":[{"name":"wp","href":"https:\/\/api.w.org\/{rel}","templated":true}]}}