{"id":3322,"date":"2017-12-18T18:33:19","date_gmt":"2017-12-18T18:33:19","guid":{"rendered":"http:\/\/biblian.is\/gudbrandsbiblia\/salmarnir-150-kafli\/"},"modified":"2017-12-18T18:33:19","modified_gmt":"2017-12-18T18:33:19","slug":"salmarnir-150-kafli","status":"publish","type":"page","link":"https:\/\/biblian.is\/gudbrandsbiblia\/salmarnir-150-kafli\/","title":{"rendered":"S\u00e1lmarnir 150. kafli"},"content":{"rendered":"<p>CL.<\/p>\n<p>Halel\u00faja.<\/p>\n<p>Lofi\u00f0 Drottin \u00ed hans helgid\u00f3mi, lofi\u00f0 hann \u00fat \u00ed festunginni hans magtarveldis.<\/p>\n<p>\tLofi\u00f0 hann \u00ed s\u00ednum kraftaverkum, lofi\u00f0 hann \u00fat \u00ed sinni mikilli d\u00fdr\u00f0.<\/p>\n<p>\tLofi\u00f0 hann me\u00f0ur l\u00fa\u00f0rum, lofi\u00f0 hann me\u00f0ur psalterio og h\u00f6rpum,<\/p>\n<p>\tlofi\u00f0 hann me\u00f0ur bumbum og dansleikum, lofi\u00f0 hann me\u00f0ur strengjaleik og organss\u00f6ng,<\/p>\n<p>\tlofi\u00f0 hann me\u00f0ur hlj\u00f3mf\u00f6grum bj\u00f6llum, lofi\u00f0 hann me\u00f0ur vel hlj\u00f3\u00f0andi s\u00f6ngbj\u00f6llum.<\/p>\n<p>\tAllt hva\u00f0 andardr\u00e1tt hefur lofi Drottin. Halel\u00faja.<\/p>\n<p>Endir Saltarans.<\/p>\n","protected":false},"excerpt":{"rendered":"<p>CL. Halel\u00faja. Lofi\u00f0 Drottin \u00ed hans helgid\u00f3mi, lofi\u00f0 hann \u00fat \u00ed festunginni hans magtarveldis. Lofi\u00f0 hann \u00ed s\u00ednum kraftaverkum, lofi\u00f0 hann \u00fat \u00ed sinni mikilli d\u00fdr\u00f0. Lofi\u00f0 hann me\u00f0ur l\u00fa\u00f0rum, lofi\u00f0 hann me\u00f0ur psalterio og h\u00f6rpum, lofi\u00f0 hann me\u00f0ur bumbum og dansleikum, lofi\u00f0 hann me\u00f0ur strengjaleik og organss\u00f6ng, lofi\u00f0 hann me\u00f0ur hlj\u00f3mf\u00f6grum bj\u00f6llum, lofi\u00f0 hann me\u00f0ur vel hlj\u00f3\u00f0andi s\u00f6ngbj\u00f6llum. Allt hva\u00f0 andardr\u00e1tt hefur lofi Drottin. Halel\u00faja. Endir Saltarans.<\/p>\n","protected":false},"author":1,"featured_media":0,"parent":0,"menu_order":0,"comment_status":"open","ping_status":"open","template":"bibliukaflar.php","meta":{"footnotes":""},"class_list":["post-3322","page","type-page","status-publish","hentry"],"_links":{"self":[{"href":"https:\/\/biblian.is\/gudbrandsbiblia\/wp-json\/wp\/v2\/pages\/3322","targetHints":{"allow":["GET"]}}],"collection":[{"href":"https:\/\/biblian.is\/gudbrandsbiblia\/wp-json\/wp\/v2\/pages"}],"about":[{"href":"https:\/\/biblian.is\/gudbrandsbiblia\/wp-json\/wp\/v2\/types\/page"}],"author":[{"embeddable":true,"href":"https:\/\/biblian.is\/gudbrandsbiblia\/wp-json\/wp\/v2\/users\/1"}],"replies":[{"embeddable":true,"href":"https:\/\/biblian.is\/gudbrandsbiblia\/wp-json\/wp\/v2\/comments?post=3322"}],"version-history":[{"count":0,"href":"https:\/\/biblian.is\/gudbrandsbiblia\/wp-json\/wp\/v2\/pages\/3322\/revisions"}],"wp:attachment":[{"href":"https:\/\/biblian.is\/gudbrandsbiblia\/wp-json\/wp\/v2\/media?parent=3322"}],"curies":[{"name":"wp","href":"https:\/\/api.w.org\/{rel}","templated":true}]}}