{"id":3320,"date":"2017-12-18T18:33:19","date_gmt":"2017-12-18T18:33:19","guid":{"rendered":"http:\/\/biblian.is\/gudbrandsbiblia\/salmarnir-148-kafli\/"},"modified":"2017-12-18T18:33:19","modified_gmt":"2017-12-18T18:33:19","slug":"salmarnir-148-kafli","status":"publish","type":"page","link":"https:\/\/biblian.is\/gudbrandsbiblia\/salmarnir-148-kafli\/","title":{"rendered":"S\u00e1lmarnir 148. kafli"},"content":{"rendered":"<p>CXLVIII.<\/p>\n<p>Halel\u00faja.<\/p>\n<p>Lofi \u00fe\u00e9r, himnarnir, Drottin, lofi\u00f0 hann \u00ed upph\u00e6\u00f0unum,<\/p>\n<p>\tlofi\u00f0 hann, allir hans englar, lofi\u00f0 hann, allur hans her,<\/p>\n<p>\tlofi\u00f0 hann, s\u00f3l og tungl, lofi\u00f0 hann, allar l\u00fdsandi stj\u00f6rnur,<\/p>\n<p>\tlofi\u00f0 hann, \u00fe\u00e9r himnarnir alla vegna og v\u00f6tnin \u00feau sem uppi eru yfir himninum. <span class=\"athugasemd\" title=\"Dan. 3\">[<\/span> <\/p>\n<p>\tLofi \u00feau nafni\u00f0 Drottins \u00fev\u00ed \u00fe\u00e1 e\u00f0 hann b\u00fd\u00f0ur ver\u00f0ur \u00fea\u00f0 skapa\u00f0.<\/p>\n<p>\tHann r\u00e6\u00f0ur \u00feeim um aldur og a\u00f0 eil\u00edfu, hann setur \u00feeim takmark so a\u00f0 \u00feau hlj\u00f3ta ekki anna\u00f0 a\u00f0 ganga.<\/p>\n<p>\tLofi\u00f0 Drottin \u00e1 j\u00f6r\u00f0u, \u00fe\u00e9r hvalfiskar og \u00f6ll undirdj\u00fapin,<\/p>\n<p>\teldur, hagl, snj\u00f3r og \u00fa\u00f0i, stormvindar, \u00fe\u00e9r sem hans or\u00f0um til <span class=\"athugasemd\" title=\"sword Hva\u00f0 hann vill og skipar\">[<\/span> vegar komi\u00f0,<\/p>\n<p>\tfj\u00f6llin og allir h\u00e1lsar, frj\u00f3fs\u00f6m tr\u00e9 og alls kyns sedrusvi\u00f0ir,<\/p>\n<p>\tsk\u00f3gd\u00fdrin og alls kyns f\u00e9na\u00f0ur, skri\u00f0kvikindin og flj\u00fagandi fuglar,<\/p>\n<p>\t\u00fe\u00e9r k\u00f3ngar jar\u00f0arinnar og allt f\u00f3lki\u00f0, h\u00f6f\u00f0ingjarnir og allir d\u00f3mendur \u00e1 j\u00f6r\u00f0u,<\/p>\n<p>\tyngismennirnir og meyjarnir, gamlir menn me\u00f0 \u00feeim ungu<\/p>\n<p>\tskulu lofa nafni\u00f0 Drottins \u00fev\u00ed a\u00f0 hans nafn alleinasta er h\u00e1leitt, hans lof brei\u00f0ist so v\u00edtt \u00fat sem himinn og j\u00f6r\u00f0 er.<\/p>\n<p>\tOg hann upphefur horni\u00f0 s\u00edns f\u00f3lks, allir hans heilagir eiga hann a\u00f0 lofa, \u00cdsraelssynir, \u00fea\u00f0 f\u00f3lki\u00f0 er honum \u00fej\u00f3nar. Halel\u00faja.<\/p>\n","protected":false},"excerpt":{"rendered":"<p>CXLVIII. Halel\u00faja. Lofi \u00fe\u00e9r, himnarnir, Drottin, lofi\u00f0 hann \u00ed upph\u00e6\u00f0unum, lofi\u00f0 hann, allir hans englar, lofi\u00f0 hann, allur hans her, lofi\u00f0 hann, s\u00f3l og tungl, lofi\u00f0 hann, allar l\u00fdsandi stj\u00f6rnur, lofi\u00f0 hann, \u00fe\u00e9r himnarnir alla vegna og v\u00f6tnin \u00feau sem uppi eru yfir himninum. [ Lofi \u00feau nafni\u00f0 Drottins \u00fev\u00ed \u00fe\u00e1 e\u00f0 hann b\u00fd\u00f0ur ver\u00f0ur \u00fea\u00f0 skapa\u00f0. Hann r\u00e6\u00f0ur \u00feeim um aldur og a\u00f0 eil\u00edfu, hann setur \u00feeim takmark so a\u00f0 \u00feau hlj\u00f3ta ekki anna\u00f0 a\u00f0 ganga. Lofi\u00f0 Drottin \u00e1 j\u00f6r\u00f0u, \u00fe\u00e9r hvalfiskar og \u00f6ll undirdj\u00fapin, eldur, hagl, snj\u00f3r og \u00fa\u00f0i, stormvindar, \u00fe\u00e9r sem hans or\u00f0um til [ vegar komi\u00f0, <a href=\"https:\/\/biblian.is\/gudbrandsbiblia\/salmarnir-148-kafli\/\"> [&#8230;]<\/a><\/p>\n","protected":false},"author":1,"featured_media":0,"parent":0,"menu_order":0,"comment_status":"open","ping_status":"open","template":"bibliukaflar.php","meta":{"footnotes":""},"class_list":["post-3320","page","type-page","status-publish","hentry"],"_links":{"self":[{"href":"https:\/\/biblian.is\/gudbrandsbiblia\/wp-json\/wp\/v2\/pages\/3320","targetHints":{"allow":["GET"]}}],"collection":[{"href":"https:\/\/biblian.is\/gudbrandsbiblia\/wp-json\/wp\/v2\/pages"}],"about":[{"href":"https:\/\/biblian.is\/gudbrandsbiblia\/wp-json\/wp\/v2\/types\/page"}],"author":[{"embeddable":true,"href":"https:\/\/biblian.is\/gudbrandsbiblia\/wp-json\/wp\/v2\/users\/1"}],"replies":[{"embeddable":true,"href":"https:\/\/biblian.is\/gudbrandsbiblia\/wp-json\/wp\/v2\/comments?post=3320"}],"version-history":[{"count":0,"href":"https:\/\/biblian.is\/gudbrandsbiblia\/wp-json\/wp\/v2\/pages\/3320\/revisions"}],"wp:attachment":[{"href":"https:\/\/biblian.is\/gudbrandsbiblia\/wp-json\/wp\/v2\/media?parent=3320"}],"curies":[{"name":"wp","href":"https:\/\/api.w.org\/{rel}","templated":true}]}}