{"id":3317,"date":"2017-12-18T18:33:19","date_gmt":"2017-12-18T18:33:19","guid":{"rendered":"http:\/\/biblian.is\/gudbrandsbiblia\/salmarnir-145-kafli\/"},"modified":"2017-12-18T18:33:19","modified_gmt":"2017-12-18T18:33:19","slug":"salmarnir-145-kafli","status":"publish","type":"page","link":"https:\/\/biblian.is\/gudbrandsbiblia\/salmarnir-145-kafli\/","title":{"rendered":"S\u00e1lmarnir 145. kafli"},"content":{"rendered":"<p>CXLV.<\/p>\n<p>Lofs\u00f6ngur Dav\u00ed\u00f0s.<\/p>\n<p>Eg vil \u00feig upphefja, minn Gu\u00f0, \u00fe\u00fa konungur, og lofa \u00feitt nafn um aldur og \u00e6vi a\u00f0 eil\u00edfu.<\/p>\n<p>\tDaglegana vil eg lofa \u00feig og pr\u00edsa \u00feitt nafn um aldir alda eil\u00edflegana.<\/p>\n<p>\tMikill er Drottinn og mj\u00f6g loflegur og hans mikilleiki er \u00f3umr\u00e6\u00f0ilegur.<\/p>\n<p>\tHver kynsl\u00f3\u00f0 eftir a\u00f0ra lofar \u00fe\u00edn verk og segir \u00fat af \u00fe\u00ednu magtarvaldi.<\/p>\n<p>\tEg vil tala um \u00fe\u00e1 \u00e1g\u00e6tisd\u00fdr\u00f0 \u00feinnar vegsemdar og r\u00e6\u00f0a um \u00fe\u00ednar d\u00e1semdir<\/p>\n<p>\tsvo \u00fea\u00f0 menn megi segja \u00fat af \u00fe\u00ednum d\u00fdr\u00f0legum kraftaverkum og a\u00f0 menn framtelji mikilleik \u00feinna d\u00e1semda,<\/p>\n<p>\tsvo \u00fea\u00f0 menn megi pr\u00edsa \u00fe\u00edna hina miklu miskunn og hr\u00f3sa \u00fe\u00ednu r\u00e9ttl\u00e6ti.<\/p>\n<p>\tN\u00e1\u00f0ugur og miskunnsamur er Drottinn, \u00feolinm\u00f3\u00f0ur og mj\u00f6g l\u00edknsamur. <span class=\"athugasemd\" title=\"Exod. 34 \/ S\u00e1l. 86. 103\">[<\/span> <\/p>\n<p>\tDrottinn er \u00f6llum n\u00e1\u00f0igur og hans miskunnsemi er yfir \u00f6llum hans verkum.<\/p>\n<p>\t\u00d6ll \u00fe\u00edn verk, Drottinn, eiga \u00fe\u00e9r a\u00f0 \u00feakka og \u00fe\u00ednir heilagir \u00feig a\u00f0 lofa<\/p>\n<p>\tog a\u00f0 v\u00ed\u00f0fr\u00e6gja d\u00fdr\u00f0ina \u00fe\u00edns r\u00edkis og af \u00fe\u00ednu magtarveldi segja,<\/p>\n<p>\tsvo \u00fea\u00f0 mannanna sonum ver\u00f0i \u00feitt magtarveldi kunnigt og s\u00fa hin mikla vegsemdard\u00fdr\u00f0 \u00fe\u00edns r\u00edkis.<\/p>\n<p>\t\u00deitt r\u00edki er eitt eil\u00edft r\u00edki og \u00fe\u00edn r\u00edkisstj\u00f3rnan varir um aldur og \u00e6vi.<\/p>\n<p>\tDrottinn hann sty\u00f0ur alla \u00fe\u00e1 sem vi\u00f0 falli er b\u00fai\u00f0 og reisir upp alla \u00fe\u00e1 sem ni\u00f0ur eru slegnir.<\/p>\n<p>\tAllra augu vona \u00e1 \u00feig og \u00fe\u00fa gefur \u00feeim f\u00e6\u00f0slu \u00ed h\u00e6filegan t\u00edma. <span class=\"athugasemd\" title=\"S\u00e1l. 104. 136\">[<\/span> <\/p>\n<p>\t\u00de\u00fa upplykur \u00feinni hendi og se\u00f0ur allar lifandi skepnur me\u00f0 \u00feinni <span class=\"athugasemd\" title=\"a \/ N\u00f3glega, r\u00edflega, svoa \u00f0 \u00feeim m\u00e1 \u00fe\u00f3knast en \u00fe\u00f3 hinn \u00e1gjarni vilji hafa meira\">[<\/span> <span class=\"athugasemd\" title=\"sword Blessan\">[<\/span> \u00fe\u00f3knan.<\/p>\n<p>\tDrottinn er r\u00e9ttfer\u00f0ugur \u00ed \u00f6llum s\u00ednum vegum og heilagur \u00ed \u00f6llum s\u00ednum verkum.<\/p>\n<p>\tDrottinn er \u00f6llum n\u00e1l\u00e6gur \u00feeim hann \u00e1kalla, \u00f6llum \u00feeim sem hann me\u00f0 alv\u00f6ru \u00e1kalla.<\/p>\n<p>\tHann gj\u00f6rir \u00fea\u00f0 hva\u00f0 hinir gu\u00f0hr\u00e6ddu girnast og heyrir \u00feeirra \u00e1kall og hj\u00e1lpar \u00feeim.<\/p>\n<p>\tDrottinn var\u00f0veitir alla sem hann elska og afm\u00e1ir alla \u00f3gu\u00f0lega.<\/p>\n<p>\tMinn munnur skal Drottins lof m\u00e6la og allt hold lofi hans heilaga nafn um aldir og eil\u00edflegana.<\/p>\n","protected":false},"excerpt":{"rendered":"<p>CXLV. Lofs\u00f6ngur Dav\u00ed\u00f0s. Eg vil \u00feig upphefja, minn Gu\u00f0, \u00fe\u00fa konungur, og lofa \u00feitt nafn um aldur og \u00e6vi a\u00f0 eil\u00edfu. Daglegana vil eg lofa \u00feig og pr\u00edsa \u00feitt nafn um aldir alda eil\u00edflegana. Mikill er Drottinn og mj\u00f6g loflegur og hans mikilleiki er \u00f3umr\u00e6\u00f0ilegur. Hver kynsl\u00f3\u00f0 eftir a\u00f0ra lofar \u00fe\u00edn verk og segir \u00fat af \u00fe\u00ednu magtarvaldi. Eg vil tala um \u00fe\u00e1 \u00e1g\u00e6tisd\u00fdr\u00f0 \u00feinnar vegsemdar og r\u00e6\u00f0a um \u00fe\u00ednar d\u00e1semdir svo \u00fea\u00f0 menn megi segja \u00fat af \u00fe\u00ednum d\u00fdr\u00f0legum kraftaverkum og a\u00f0 menn framtelji mikilleik \u00feinna d\u00e1semda, svo \u00fea\u00f0 menn megi pr\u00edsa \u00fe\u00edna hina miklu miskunn og hr\u00f3sa \u00fe\u00ednu <a href=\"https:\/\/biblian.is\/gudbrandsbiblia\/salmarnir-145-kafli\/\"> [&#8230;]<\/a><\/p>\n","protected":false},"author":1,"featured_media":0,"parent":0,"menu_order":0,"comment_status":"open","ping_status":"open","template":"bibliukaflar.php","meta":{"footnotes":""},"class_list":["post-3317","page","type-page","status-publish","hentry"],"_links":{"self":[{"href":"https:\/\/biblian.is\/gudbrandsbiblia\/wp-json\/wp\/v2\/pages\/3317","targetHints":{"allow":["GET"]}}],"collection":[{"href":"https:\/\/biblian.is\/gudbrandsbiblia\/wp-json\/wp\/v2\/pages"}],"about":[{"href":"https:\/\/biblian.is\/gudbrandsbiblia\/wp-json\/wp\/v2\/types\/page"}],"author":[{"embeddable":true,"href":"https:\/\/biblian.is\/gudbrandsbiblia\/wp-json\/wp\/v2\/users\/1"}],"replies":[{"embeddable":true,"href":"https:\/\/biblian.is\/gudbrandsbiblia\/wp-json\/wp\/v2\/comments?post=3317"}],"version-history":[{"count":0,"href":"https:\/\/biblian.is\/gudbrandsbiblia\/wp-json\/wp\/v2\/pages\/3317\/revisions"}],"wp:attachment":[{"href":"https:\/\/biblian.is\/gudbrandsbiblia\/wp-json\/wp\/v2\/media?parent=3317"}],"curies":[{"name":"wp","href":"https:\/\/api.w.org\/{rel}","templated":true}]}}