{"id":3307,"date":"2017-12-18T18:33:15","date_gmt":"2017-12-18T18:33:15","guid":{"rendered":"http:\/\/biblian.is\/gudbrandsbiblia\/salmarnir-135-kafli\/"},"modified":"2017-12-18T18:33:15","modified_gmt":"2017-12-18T18:33:15","slug":"salmarnir-135-kafli","status":"publish","type":"page","link":"https:\/\/biblian.is\/gudbrandsbiblia\/salmarnir-135-kafli\/","title":{"rendered":"S\u00e1lmarnir 135. kafli"},"content":{"rendered":"<p>CXXXV.<\/p>\n<p>Halel\u00faja.<\/p>\n<p>Lofi\u00f0 nafni\u00f0 Drottins, lofi, \u00fe\u00e9r \u00fej\u00f3nustumenn, Drottin,<\/p>\n<p>\t\u00fe\u00e9r sem standi\u00f0 \u00ed h\u00fasi Drottins, \u00fat \u00ed fordyrum h\u00fassins Gu\u00f0s vors,<\/p>\n<p>\tlofi\u00f0 Drottin \u00fev\u00ed Drottinn er g\u00f3\u00f0gjarn, lofsyngi\u00f0 hans nafni \u00fev\u00ed a\u00f0 hann er s\u00e6tur.<\/p>\n<p>\t\u00dev\u00ed a\u00f0 Drottinn \u00fatvaldi s\u00e9r Jakob, \u00cdsrael s\u00e9r til eigind\u00f3ms.<\/p>\n<p>\t\u00dev\u00ed a\u00f0 eg veit \u00fea\u00f0 Drottinn er mikils m\u00e1ttar og vor Drottinn hann er yfir \u00f6llum gu\u00f0um.<\/p>\n<p>\tAllt hva\u00f0 hann vill \u00fea\u00f0 gj\u00f6rir hann, \u00e1 himnum, \u00e1 j\u00f6r\u00f0u, \u00ed sj\u00f3num og undirdj\u00fapinu, <span class=\"athugasemd\" title=\"Jere. 10\">[<\/span> <\/p>\n<p>\thann sem sk\u00fdin l\u00e6tur uppganga af ysta takmarki jar\u00f0arinnar, hver e\u00f0 eldingarnar gj\u00f6rir me\u00f0 regninu, s\u00e1 e\u00f0 vindinn l\u00e6tur framkoma \u00far leynilegum fylsnum,<\/p>\n<p>\thann hver e\u00f0 sl\u00f3 alla frumgetninga \u00e1 Egyptalandi, b\u00e6\u00f0i mannanna og so f\u00e9na\u00f0arins, <span class=\"athugasemd\" title=\"Exod. 12\">[<\/span> <\/p>\n<p>\tog l\u00e9t s\u00edn teikn og st\u00f3rmerki koma yfir \u00feig, Egyptaland, yfir fara\u00f3 og alla hans \u00fej\u00f3nustumenn,<\/p>\n<p>\thann s\u00e1 e\u00f0 miklar \u00fej\u00f3\u00f0ir undirlag\u00f0i og volduga konunga \u00ed hel sl\u00f3, <span class=\"athugasemd\" title=\"Num. 21\">[<\/span> <\/p>\n<p>\tS\u00edhon k\u00f3nginn Ammoritarum og \u00d3g konunginn Basan og \u00f6ll k\u00f3ngar\u00edkin Kanaansjar\u00f0ar<\/p>\n<p>\tog gaf \u00feeirra land til arfleif\u00f0ar, til arfleif\u00f0ar s\u00ednu f\u00f3lki \u00cdsrael. <span class=\"athugasemd\" title=\"Infra 12\">[<\/span> <\/p>\n<p>\t\u00deitt nafn, Drottinn, varir eil\u00edflegana, Drottinn, \u00fe\u00edn minning h\u00fan varir um aldur og \u00e6vi.<\/p>\n<p>\t\u00dev\u00ed a\u00f0 Drottinn mun d\u00e6ma sitt f\u00f3lk og s\u00ednum \u00fej\u00f3nustum\u00f6nnum mun hann miskunnsamur vera.<\/p>\n<p>\tSk\u00fargo\u00f0in hei\u00f0inna \u00fej\u00f3\u00f0a eru silfur og gull, af mannanna h\u00f6ndum gj\u00f6r\u00f0. <span class=\"athugasemd\" title=\"S\u00e1l. 115 \/ Sap. 15\">[<\/span> <\/p>\n<p>\t\u00deau hafa munn og m\u00e6la ekki, \u00feau hafa augu og sj\u00e1 ekki,<\/p>\n<p>\t\u00feau hafa eyru og heyra ekki, enginn andardr\u00e1ttur er \u00ed \u00feeirra munni.<\/p>\n<p>\t\u00deeir e\u00f0 \u00feau gj\u00f6ra eru eins l\u00edka og allir \u00feeir sem treysta \u00e1 \u00feau.<\/p>\n<p>\tH\u00fasi\u00f0 \u00cdsraels lofi Drottin, lofi\u00f0 Drottin, \u00fe\u00e9r af h\u00fasi Aron&#8222;<\/p>\n<p>\t\u00fe\u00e9r \u00fat af h\u00fasi Lev\u00ed, lofi\u00f0 Drottin, \u00fe\u00e9r sem \u00f3ttist Drottin, lofi\u00f0 Drottin.<\/p>\n<p>\tLofa\u00f0ur s\u00e9 Drottinn \u00fat af S\u00edon, s\u00e1 e\u00f0 til Jer\u00fasalem byggir. Halel\u00faja.<\/p>\n","protected":false},"excerpt":{"rendered":"<p>CXXXV. Halel\u00faja. Lofi\u00f0 nafni\u00f0 Drottins, lofi, \u00fe\u00e9r \u00fej\u00f3nustumenn, Drottin, \u00fe\u00e9r sem standi\u00f0 \u00ed h\u00fasi Drottins, \u00fat \u00ed fordyrum h\u00fassins Gu\u00f0s vors, lofi\u00f0 Drottin \u00fev\u00ed Drottinn er g\u00f3\u00f0gjarn, lofsyngi\u00f0 hans nafni \u00fev\u00ed a\u00f0 hann er s\u00e6tur. \u00dev\u00ed a\u00f0 Drottinn \u00fatvaldi s\u00e9r Jakob, \u00cdsrael s\u00e9r til eigind\u00f3ms. \u00dev\u00ed a\u00f0 eg veit \u00fea\u00f0 Drottinn er mikils m\u00e1ttar og vor Drottinn hann er yfir \u00f6llum gu\u00f0um. Allt hva\u00f0 hann vill \u00fea\u00f0 gj\u00f6rir hann, \u00e1 himnum, \u00e1 j\u00f6r\u00f0u, \u00ed sj\u00f3num og undirdj\u00fapinu, [ hann sem sk\u00fdin l\u00e6tur uppganga af ysta takmarki jar\u00f0arinnar, hver e\u00f0 eldingarnar gj\u00f6rir me\u00f0 regninu, s\u00e1 e\u00f0 vindinn l\u00e6tur framkoma \u00far leynilegum <a href=\"https:\/\/biblian.is\/gudbrandsbiblia\/salmarnir-135-kafli\/\"> [&#8230;]<\/a><\/p>\n","protected":false},"author":1,"featured_media":0,"parent":0,"menu_order":0,"comment_status":"open","ping_status":"open","template":"bibliukaflar.php","meta":{"footnotes":""},"class_list":["post-3307","page","type-page","status-publish","hentry"],"_links":{"self":[{"href":"https:\/\/biblian.is\/gudbrandsbiblia\/wp-json\/wp\/v2\/pages\/3307","targetHints":{"allow":["GET"]}}],"collection":[{"href":"https:\/\/biblian.is\/gudbrandsbiblia\/wp-json\/wp\/v2\/pages"}],"about":[{"href":"https:\/\/biblian.is\/gudbrandsbiblia\/wp-json\/wp\/v2\/types\/page"}],"author":[{"embeddable":true,"href":"https:\/\/biblian.is\/gudbrandsbiblia\/wp-json\/wp\/v2\/users\/1"}],"replies":[{"embeddable":true,"href":"https:\/\/biblian.is\/gudbrandsbiblia\/wp-json\/wp\/v2\/comments?post=3307"}],"version-history":[{"count":0,"href":"https:\/\/biblian.is\/gudbrandsbiblia\/wp-json\/wp\/v2\/pages\/3307\/revisions"}],"wp:attachment":[{"href":"https:\/\/biblian.is\/gudbrandsbiblia\/wp-json\/wp\/v2\/media?parent=3307"}],"curies":[{"name":"wp","href":"https:\/\/api.w.org\/{rel}","templated":true}]}}