{"id":3293,"date":"2017-12-18T18:33:11","date_gmt":"2017-12-18T18:33:11","guid":{"rendered":"http:\/\/biblian.is\/gudbrandsbiblia\/salmarnir-121-kafli\/"},"modified":"2017-12-18T18:33:11","modified_gmt":"2017-12-18T18:33:11","slug":"salmarnir-121-kafli","status":"publish","type":"page","link":"https:\/\/biblian.is\/gudbrandsbiblia\/salmarnir-121-kafli\/","title":{"rendered":"S\u00e1lmarnir 121. kafli"},"content":{"rendered":"<p>CXXI.<\/p>\n<p>Lofs\u00f6ngur \u00ed h\u00e1kornum.<\/p>\n<p>M\u00edn augu hef eg up til fjallanna hva\u00f0an \u00fea\u00f0 m\u00e9r kemur hj\u00e1lpin.<\/p>\n<p>\tMitt fullting kemur af Drottni, \u00feeim sem gj\u00f6rt hefur himin og j\u00f6r\u00f0.<\/p>\n<p>\t\u00deinn f\u00f3t mun hann ei skeika l\u00e1ta og s\u00e1 e\u00f0 \u00feig var\u00f0veitir hann sefur ekki.<\/p>\n<p>\tSj\u00e1 \u00fe\u00fa, s\u00e1 hver e\u00f0 var\u00f0veitir \u00cdsrael hann sefur ekki og ei syfjar hann.<\/p>\n<p>\tDrottinn hann var\u00f0veitir \u00feig, Drottinn er \u00feinn skuggi yfir \u00feinni h\u00e6gri hendi<\/p>\n<p>\tsvo \u00fea\u00f0 s\u00f3lin brenni \u00feig ekki \u00e1 daginn, eigi heldur tungli\u00f0 \u00e1 n\u00e1ttar\u00feelinu.<\/p>\n<p>\tDrottinn hann var\u00f0veiti \u00feig \u00ed fr\u00e1 \u00f6llu illu, hann var\u00f0veiti \u00fe\u00edna s\u00e1lu.<\/p>\n<p>\tDrottinn hann var\u00f0veiti \u00fe\u00edna \u00fatg\u00f6ngu og inng\u00f6ngu n\u00fa h\u00e9\u00f0an \u00ed fr\u00e1 og a\u00f0 eil\u00edfu.<\/p>\n","protected":false},"excerpt":{"rendered":"<p>CXXI. Lofs\u00f6ngur \u00ed h\u00e1kornum. M\u00edn augu hef eg up til fjallanna hva\u00f0an \u00fea\u00f0 m\u00e9r kemur hj\u00e1lpin. Mitt fullting kemur af Drottni, \u00feeim sem gj\u00f6rt hefur himin og j\u00f6r\u00f0. \u00deinn f\u00f3t mun hann ei skeika l\u00e1ta og s\u00e1 e\u00f0 \u00feig var\u00f0veitir hann sefur ekki. Sj\u00e1 \u00fe\u00fa, s\u00e1 hver e\u00f0 var\u00f0veitir \u00cdsrael hann sefur ekki og ei syfjar hann. Drottinn hann var\u00f0veitir \u00feig, Drottinn er \u00feinn skuggi yfir \u00feinni h\u00e6gri hendi svo \u00fea\u00f0 s\u00f3lin brenni \u00feig ekki \u00e1 daginn, eigi heldur tungli\u00f0 \u00e1 n\u00e1ttar\u00feelinu. Drottinn hann var\u00f0veiti \u00feig \u00ed fr\u00e1 \u00f6llu illu, hann var\u00f0veiti \u00fe\u00edna s\u00e1lu. Drottinn hann var\u00f0veiti \u00fe\u00edna \u00fatg\u00f6ngu og <a href=\"https:\/\/biblian.is\/gudbrandsbiblia\/salmarnir-121-kafli\/\"> [&#8230;]<\/a><\/p>\n","protected":false},"author":1,"featured_media":0,"parent":0,"menu_order":0,"comment_status":"open","ping_status":"open","template":"bibliukaflar.php","meta":{"footnotes":""},"class_list":["post-3293","page","type-page","status-publish","hentry"],"_links":{"self":[{"href":"https:\/\/biblian.is\/gudbrandsbiblia\/wp-json\/wp\/v2\/pages\/3293","targetHints":{"allow":["GET"]}}],"collection":[{"href":"https:\/\/biblian.is\/gudbrandsbiblia\/wp-json\/wp\/v2\/pages"}],"about":[{"href":"https:\/\/biblian.is\/gudbrandsbiblia\/wp-json\/wp\/v2\/types\/page"}],"author":[{"embeddable":true,"href":"https:\/\/biblian.is\/gudbrandsbiblia\/wp-json\/wp\/v2\/users\/1"}],"replies":[{"embeddable":true,"href":"https:\/\/biblian.is\/gudbrandsbiblia\/wp-json\/wp\/v2\/comments?post=3293"}],"version-history":[{"count":0,"href":"https:\/\/biblian.is\/gudbrandsbiblia\/wp-json\/wp\/v2\/pages\/3293\/revisions"}],"wp:attachment":[{"href":"https:\/\/biblian.is\/gudbrandsbiblia\/wp-json\/wp\/v2\/media?parent=3293"}],"curies":[{"name":"wp","href":"https:\/\/api.w.org\/{rel}","templated":true}]}}