{"id":3286,"date":"2017-12-18T18:33:11","date_gmt":"2017-12-18T18:33:11","guid":{"rendered":"http:\/\/biblian.is\/gudbrandsbiblia\/salmarnir-114-kafli\/"},"modified":"2017-12-18T18:33:11","modified_gmt":"2017-12-18T18:33:11","slug":"salmarnir-114-kafli","status":"publish","type":"page","link":"https:\/\/biblian.is\/gudbrandsbiblia\/salmarnir-114-kafli\/","title":{"rendered":"S\u00e1lmarnir 114. kafli"},"content":{"rendered":"<p>CXIIII.<\/p>\n<p>\u00de\u00e1 \u00cdsrael \u00fatf\u00f3r af Egyptalandi, h\u00fasi\u00f0 Jakob \u00ed burt fr\u00e1 \u00fev\u00ed framanda f\u00f3lki <span class=\"athugasemd\" title=\"Exod. 13\">[<\/span> <\/p>\n<p>\t\u00fe\u00e1 var\u00f0 J\u00fada hans helgid\u00f3mur, \u00cdsrael hans megtarveldi.<\/p>\n<p>\tSj\u00e1varhafi\u00f0 s\u00e1 \u00fea\u00f0 og fl\u00fd\u00f0i, J\u00f3rdan h\u00fan sneri \u00e1 bak aftur.<\/p>\n<p>\tFj\u00f6llin stukku upp sem sau\u00f0ir og h\u00e1lsarnir svo sem l\u00f6mbin sau\u00f0anna.<\/p>\n<p>\tHva\u00f0 var \u00fe\u00e9r, \u00fe\u00fa sj\u00e1varhaf, a\u00f0 \u00fe\u00fa so \u00ed burt fl\u00fd\u00f0ir og \u00fe\u00e9r, J\u00f3rdan, \u00fea\u00f0 \u00fe\u00fa snerist so bak \u00fe\u00e9r aftur,<\/p>\n<p>\ty\u00f0ur fj\u00f6llum, a\u00f0 \u00fe\u00e9r stukku\u00f0 upp sem sau\u00f0ir og \u00fe\u00e9r h\u00e1lsarnir so sem l\u00f6mbin sau\u00f0anna?<\/p>\n<p>\tFyri Drottni \u00fe\u00e1 hristist j\u00f6r\u00f0in, fyrir augliti Gu\u00f0s Jakob<\/p>\n<p>\thver e\u00f0 hellubjarginu umsn\u00fdr \u00ed st\u00f6\u00f0uv\u00f6tn og steinbj\u00f6rgunum \u00ed vatsbrunna.<\/p>\n","protected":false},"excerpt":{"rendered":"<p>CXIIII. \u00de\u00e1 \u00cdsrael \u00fatf\u00f3r af Egyptalandi, h\u00fasi\u00f0 Jakob \u00ed burt fr\u00e1 \u00fev\u00ed framanda f\u00f3lki [ \u00fe\u00e1 var\u00f0 J\u00fada hans helgid\u00f3mur, \u00cdsrael hans megtarveldi. Sj\u00e1varhafi\u00f0 s\u00e1 \u00fea\u00f0 og fl\u00fd\u00f0i, J\u00f3rdan h\u00fan sneri \u00e1 bak aftur. Fj\u00f6llin stukku upp sem sau\u00f0ir og h\u00e1lsarnir svo sem l\u00f6mbin sau\u00f0anna. Hva\u00f0 var \u00fe\u00e9r, \u00fe\u00fa sj\u00e1varhaf, a\u00f0 \u00fe\u00fa so \u00ed burt fl\u00fd\u00f0ir og \u00fe\u00e9r, J\u00f3rdan, \u00fea\u00f0 \u00fe\u00fa snerist so bak \u00fe\u00e9r aftur, y\u00f0ur fj\u00f6llum, a\u00f0 \u00fe\u00e9r stukku\u00f0 upp sem sau\u00f0ir og \u00fe\u00e9r h\u00e1lsarnir so sem l\u00f6mbin sau\u00f0anna? Fyri Drottni \u00fe\u00e1 hristist j\u00f6r\u00f0in, fyrir augliti Gu\u00f0s Jakob hver e\u00f0 hellubjarginu umsn\u00fdr \u00ed st\u00f6\u00f0uv\u00f6tn og steinbj\u00f6rgunum \u00ed vatsbrunna.<\/p>\n","protected":false},"author":1,"featured_media":0,"parent":0,"menu_order":0,"comment_status":"open","ping_status":"open","template":"bibliukaflar.php","meta":{"footnotes":""},"class_list":["post-3286","page","type-page","status-publish","hentry"],"_links":{"self":[{"href":"https:\/\/biblian.is\/gudbrandsbiblia\/wp-json\/wp\/v2\/pages\/3286","targetHints":{"allow":["GET"]}}],"collection":[{"href":"https:\/\/biblian.is\/gudbrandsbiblia\/wp-json\/wp\/v2\/pages"}],"about":[{"href":"https:\/\/biblian.is\/gudbrandsbiblia\/wp-json\/wp\/v2\/types\/page"}],"author":[{"embeddable":true,"href":"https:\/\/biblian.is\/gudbrandsbiblia\/wp-json\/wp\/v2\/users\/1"}],"replies":[{"embeddable":true,"href":"https:\/\/biblian.is\/gudbrandsbiblia\/wp-json\/wp\/v2\/comments?post=3286"}],"version-history":[{"count":0,"href":"https:\/\/biblian.is\/gudbrandsbiblia\/wp-json\/wp\/v2\/pages\/3286\/revisions"}],"wp:attachment":[{"href":"https:\/\/biblian.is\/gudbrandsbiblia\/wp-json\/wp\/v2\/media?parent=3286"}],"curies":[{"name":"wp","href":"https:\/\/api.w.org\/{rel}","templated":true}]}}