{"id":3284,"date":"2017-12-18T18:33:11","date_gmt":"2017-12-18T18:33:11","guid":{"rendered":"http:\/\/biblian.is\/gudbrandsbiblia\/salmarnir-112-kafli\/"},"modified":"2017-12-18T18:33:11","modified_gmt":"2017-12-18T18:33:11","slug":"salmarnir-112-kafli","status":"publish","type":"page","link":"https:\/\/biblian.is\/gudbrandsbiblia\/salmarnir-112-kafli\/","title":{"rendered":"S\u00e1lmarnir 112. kafli"},"content":{"rendered":"<p>CXII.<\/p>\n<p>Halel\u00faja.<\/p>\n<p>S\u00e6ll er s\u00e1 ma\u00f0ur sem \u00f3ttast Drottin, hver e\u00f0 hefur mikla \u00fe\u00f3knan til hans bo\u00f0or\u00f0a.<\/p>\n<p>\tHans s\u00e6\u00f0i mun ver\u00f0a voldugt \u00e1 j\u00f6r\u00f0u, afkv\u00e6mi hinna r\u00e9ttl\u00e1tu \u00fea\u00f0 mun blessa\u00f0 ver\u00f0a.<\/p>\n<p>\tR\u00edkd\u00f3mur og n\u00e6gtir munu vera \u00ed \u00feeirra h\u00fasi og \u00feeirra r\u00e9ttv\u00edsi bl\u00edfur eil\u00edflegana.<\/p>\n<p>\tR\u00e9ttfer\u00f0ugum \u00feeim upprennur <span class=\"athugasemd\" title=\"a \/ Lukka og hj\u00e1lpr\u00e6\u00f0i mitt \u00ed ney\u00f0inni \/ S\u00e1l. 37\">[<\/span> lj\u00f3si\u00f0 \u00ed myrkrunum, af \u00feeim hinum n\u00e1\u00f0arsamlega, miskunnsama og r\u00e9ttl\u00e1ta.<\/p>\n<p>\tS\u00e6ll er s\u00e1 ma\u00f0ur sem hann er miskunnsamur og l\u00e1nar sitt gjarna og \u00fatr\u00e9ttir s\u00edn erindi so \u00fea\u00f0 hann gj\u00f6rir \u00f6ngvum nein rangindi. <\/p>\n<p>\t\u00dev\u00ed a\u00f0 hann mun \u00e6vinlega bl\u00edfa og minning hins r\u00e9ttl\u00e1ta mun aldrei dv\u00edna.<\/p>\n<p>\tN\u00e6r e\u00f0 einhver pl\u00e1ga \u00e1 yfir a\u00f0 koma \u00fe\u00e1 hr\u00e6\u00f0ist hann ei, hans hjarta vonar eftlaust upp \u00e1 Drottin.<\/p>\n<p>\tHans hjarta er \u00f6ruggt og hr\u00e6\u00f0ist ekki \u00feanga\u00f0 til hann s\u00e9r s\u00edna vild \u00e1 s\u00ednum \u00f3vinum.<\/p>\n<p>\tHann skiptir \u00fat og gefur f\u00e1t\u00e6kum, hans r\u00e9ttl\u00e6ti bl\u00edfur um aldur og \u00e6vi, hans horn mun upphafi\u00f0 ver\u00f0a me\u00f0 vegsemd.<\/p>\n<p>\tHinn \u00f3gu\u00f0hr\u00e6ddi mun \u00fea\u00f0 sj\u00e1 og fyrir \u00ed \u00feykja, s\u00ednum t\u00f6nnum mun hann saman b\u00edta og upp\u00feorna, \u00fev\u00ed hva\u00f0 s\u00e1 hinn \u00f3gu\u00f0hr\u00e6ddi gjarna vildi \u00fea\u00f0 mun a\u00f0 \u00f6ngu ver\u00f0a.<\/p>\n","protected":false},"excerpt":{"rendered":"<p>CXII. Halel\u00faja. S\u00e6ll er s\u00e1 ma\u00f0ur sem \u00f3ttast Drottin, hver e\u00f0 hefur mikla \u00fe\u00f3knan til hans bo\u00f0or\u00f0a. Hans s\u00e6\u00f0i mun ver\u00f0a voldugt \u00e1 j\u00f6r\u00f0u, afkv\u00e6mi hinna r\u00e9ttl\u00e1tu \u00fea\u00f0 mun blessa\u00f0 ver\u00f0a. R\u00edkd\u00f3mur og n\u00e6gtir munu vera \u00ed \u00feeirra h\u00fasi og \u00feeirra r\u00e9ttv\u00edsi bl\u00edfur eil\u00edflegana. R\u00e9ttfer\u00f0ugum \u00feeim upprennur [ lj\u00f3si\u00f0 \u00ed myrkrunum, af \u00feeim hinum n\u00e1\u00f0arsamlega, miskunnsama og r\u00e9ttl\u00e1ta. S\u00e6ll er s\u00e1 ma\u00f0ur sem hann er miskunnsamur og l\u00e1nar sitt gjarna og \u00fatr\u00e9ttir s\u00edn erindi so \u00fea\u00f0 hann gj\u00f6rir \u00f6ngvum nein rangindi. \u00dev\u00ed a\u00f0 hann mun \u00e6vinlega bl\u00edfa og minning hins r\u00e9ttl\u00e1ta mun aldrei dv\u00edna. N\u00e6r e\u00f0 einhver pl\u00e1ga \u00e1 yfir <a href=\"https:\/\/biblian.is\/gudbrandsbiblia\/salmarnir-112-kafli\/\"> [&#8230;]<\/a><\/p>\n","protected":false},"author":1,"featured_media":0,"parent":0,"menu_order":0,"comment_status":"open","ping_status":"open","template":"bibliukaflar.php","meta":{"footnotes":""},"class_list":["post-3284","page","type-page","status-publish","hentry"],"_links":{"self":[{"href":"https:\/\/biblian.is\/gudbrandsbiblia\/wp-json\/wp\/v2\/pages\/3284","targetHints":{"allow":["GET"]}}],"collection":[{"href":"https:\/\/biblian.is\/gudbrandsbiblia\/wp-json\/wp\/v2\/pages"}],"about":[{"href":"https:\/\/biblian.is\/gudbrandsbiblia\/wp-json\/wp\/v2\/types\/page"}],"author":[{"embeddable":true,"href":"https:\/\/biblian.is\/gudbrandsbiblia\/wp-json\/wp\/v2\/users\/1"}],"replies":[{"embeddable":true,"href":"https:\/\/biblian.is\/gudbrandsbiblia\/wp-json\/wp\/v2\/comments?post=3284"}],"version-history":[{"count":0,"href":"https:\/\/biblian.is\/gudbrandsbiblia\/wp-json\/wp\/v2\/pages\/3284\/revisions"}],"wp:attachment":[{"href":"https:\/\/biblian.is\/gudbrandsbiblia\/wp-json\/wp\/v2\/media?parent=3284"}],"curies":[{"name":"wp","href":"https:\/\/api.w.org\/{rel}","templated":true}]}}