{"id":3282,"date":"2017-12-18T18:33:11","date_gmt":"2017-12-18T18:33:11","guid":{"rendered":"http:\/\/biblian.is\/gudbrandsbiblia\/salmarnir-110-kafli\/"},"modified":"2017-12-18T18:33:11","modified_gmt":"2017-12-18T18:33:11","slug":"salmarnir-110-kafli","status":"publish","type":"page","link":"https:\/\/biblian.is\/gudbrandsbiblia\/salmarnir-110-kafli\/","title":{"rendered":"S\u00e1lmarnir 110. kafli"},"content":{"rendered":"<p>CX.<\/p>\n<p>S\u00e1lmur Dav\u00ed\u00f0s.<\/p>\n<p>Drottinn sag\u00f0i m\u00ednum Drottni: <span class=\"athugasemd\" title=\"Christus \/ Math. 22 \/ Act. 2 \/ 1. Kor. 15. \/ Ebre. 1\">[<\/span> &#8222;Set \u00fe\u00fa \u00feig til minnar h\u00e6gri handar \u00feanga\u00f0 til a\u00f0 eg legg \u00fe\u00edna \u00f3vini til skarar f\u00f3ta \u00feinna.&#8220;<\/p>\n<p>\tDrottinn mun \u00fatsenda sp\u00edru \u00fe\u00edns r\u00edkis af S\u00edon, drottna \u00fe\u00fa \u00e1 me\u00f0al \u00feinna \u00f3vina.<\/p>\n<p>\tEftir \u00fe\u00edna sigurvinning mun \u00feitt f\u00f3lk viljuglegana offra \u00fe\u00e9r, \u00fat heil\u00f6gum skr\u00fa\u00f0a, \u00fe\u00e9r munu \u00fe\u00edn b\u00f6rn f\u00e6\u00f0ast so sem d\u00f6ggfall \u00fat af morgunro\u00f0anum.<\/p>\n<p>\tDrottinn hann hefur svari\u00f0 og \u00feess i\u00f0rast hann ekki: <span class=\"athugasemd\" title=\"Ebre. 5. 7. J\u00f3h. 12\">[<\/span> &#8222;\u00de\u00fa ert einn kennima\u00f0ur eil\u00edflegana eftir skikkan Melk\u00edsedek.&#8220;<\/p>\n<p>\tDrottinn til \u00feinnar h\u00e6gri handar, hann mun sundursl\u00e1 konungana \u00e1 t\u00edma sinnar rei\u00f0i.<\/p>\n<p>\tHann mun d\u00e6ma me\u00f0al hei\u00f0inna \u00fej\u00f3\u00f0a, hann mun marga vi\u00f0 velli leggja, hann mun sundursl\u00e1 h\u00f6fu\u00f0in yfir m\u00f6rgum l\u00f6ndum. <span class=\"athugasemd\" title=\"Num. 23\">[<\/span> <\/p>\n<p>\t\u00dat af <span class=\"athugasemd\" title=\"a \/ (L\u00e6knum) \/ Hann mun l\u00ed\u00f0a og uppr\u00edsa\">[<\/span> l\u00e6knum \u00e1 veginum mun hann drekka, \u00fear fyrir mun hann h\u00f6fu\u00f0i\u00f0 upphefja.<\/p>\n","protected":false},"excerpt":{"rendered":"<p>CX. S\u00e1lmur Dav\u00ed\u00f0s. Drottinn sag\u00f0i m\u00ednum Drottni: [ &#8222;Set \u00fe\u00fa \u00feig til minnar h\u00e6gri handar \u00feanga\u00f0 til a\u00f0 eg legg \u00fe\u00edna \u00f3vini til skarar f\u00f3ta \u00feinna.&#8220; Drottinn mun \u00fatsenda sp\u00edru \u00fe\u00edns r\u00edkis af S\u00edon, drottna \u00fe\u00fa \u00e1 me\u00f0al \u00feinna \u00f3vina. Eftir \u00fe\u00edna sigurvinning mun \u00feitt f\u00f3lk viljuglegana offra \u00fe\u00e9r, \u00fat heil\u00f6gum skr\u00fa\u00f0a, \u00fe\u00e9r munu \u00fe\u00edn b\u00f6rn f\u00e6\u00f0ast so sem d\u00f6ggfall \u00fat af morgunro\u00f0anum. Drottinn hann hefur svari\u00f0 og \u00feess i\u00f0rast hann ekki: [ &#8222;\u00de\u00fa ert einn kennima\u00f0ur eil\u00edflegana eftir skikkan Melk\u00edsedek.&#8220; Drottinn til \u00feinnar h\u00e6gri handar, hann mun sundursl\u00e1 konungana \u00e1 t\u00edma sinnar rei\u00f0i. Hann mun d\u00e6ma me\u00f0al hei\u00f0inna \u00fej\u00f3\u00f0a, <a href=\"https:\/\/biblian.is\/gudbrandsbiblia\/salmarnir-110-kafli\/\"> [&#8230;]<\/a><\/p>\n","protected":false},"author":1,"featured_media":0,"parent":0,"menu_order":0,"comment_status":"open","ping_status":"open","template":"bibliukaflar.php","meta":{"footnotes":""},"class_list":["post-3282","page","type-page","status-publish","hentry"],"_links":{"self":[{"href":"https:\/\/biblian.is\/gudbrandsbiblia\/wp-json\/wp\/v2\/pages\/3282","targetHints":{"allow":["GET"]}}],"collection":[{"href":"https:\/\/biblian.is\/gudbrandsbiblia\/wp-json\/wp\/v2\/pages"}],"about":[{"href":"https:\/\/biblian.is\/gudbrandsbiblia\/wp-json\/wp\/v2\/types\/page"}],"author":[{"embeddable":true,"href":"https:\/\/biblian.is\/gudbrandsbiblia\/wp-json\/wp\/v2\/users\/1"}],"replies":[{"embeddable":true,"href":"https:\/\/biblian.is\/gudbrandsbiblia\/wp-json\/wp\/v2\/comments?post=3282"}],"version-history":[{"count":0,"href":"https:\/\/biblian.is\/gudbrandsbiblia\/wp-json\/wp\/v2\/pages\/3282\/revisions"}],"wp:attachment":[{"href":"https:\/\/biblian.is\/gudbrandsbiblia\/wp-json\/wp\/v2\/media?parent=3282"}],"curies":[{"name":"wp","href":"https:\/\/api.w.org\/{rel}","templated":true}]}}